{"id":1086,"date":"2012-11-25T17:56:27","date_gmt":"2012-11-25T15:56:27","guid":{"rendered":"http:\/\/www.pfarregersthof.at\/komm\/?page_id=1086"},"modified":"2025-09-18T14:31:00","modified_gmt":"2025-09-18T12:31:00","slug":"kleinkindertreffen","status":"publish","type":"page","link":"https:\/\/www.pfarregersthof.at\/komm\/pfarre-von-a-z\/gruppen-initiativen\/kleinkindertreffen\/","title":{"rendered":"Kleinkindertreffen"},"content":{"rendered":"<h3>Aufgabe\/Ziel\/Beschreibung<\/h3>\n<p>F\u00fcr Babys und Kleinkinder in der Pfarrgemeinde findet regelm\u00e4\u00dfig jeden Dienstag (au\u00dfer feiertags und w\u00e4hrend der Schulferien) von 9.30 \u2013 11.30 Uhr ein Treffen im Gemeindezentrum (Bastiengasse 18) statt.<br \/>\nWir laden herzlich alle M\u00fctter, V\u00e4ter, Omas, Opas, Tanten, Onkel und BetreuerInnen mit ihren Kindern ein, gemeinsam den Vormittag zu verbringen. Es gibt unz\u00e4hlige Spielsachen zum freien Spielen, viel Platz zum Herumflitzen, eine Wickelecke und Platz zum Zeichnen und kreativ sein. Kaffee, Tee und Saft werden zur Verf\u00fcgung gestellt. Den Rest organisieren wir uns selbst. Wenn jeder eine Kleinigkeit mitbringt, ist der Gabentisch voll und reicht locker f\u00fcr alle. Was nicht gegessen wird, packt man wieder ein oder teilt es auf.<\/p>\n<p>Wir freuen uns auf bekannte und neue Gesichter!<\/p>\n<h3>Wie kann man mitmachen?<\/h3>\n<p>Einfach vorbeikommen, wir freuen uns auf euch!<\/p>\n<h3>Regelm\u00e4\u00dfige Treffen<\/h3>\n<p>An jedem Dienstag (au\u00dfer feiertags und w\u00e4hrend der Schulferien) von 9.30 \u2013 11.30 Uhr im Gemeindezentrum (Bastiengasse 18)<\/p>\n<h3>Ansprechperson<\/h3>\n<ul>\n<li>Valentin Eisendle &#8211; zur Kontaktaufnahme bitte <a href=\"mailto:sekretariat@pfarregersthof.at\">Pfarrsekretariat an-emailen<\/a>.<\/li>\n<\/ul>\n<p>&nbsp;<\/p>\n<p>&nbsp;<\/p>\n","protected":false},"excerpt":{"rendered":"<p>Aufgabe\/Ziel\/Beschreibung F\u00fcr Babys und Kleinkinder in der Pfarrgemeinde findet regelm\u00e4\u00dfig jeden Dienstag (au\u00dfer feiertags und w\u00e4hrend der Schulferien) von 9.30 \u2013 11.30 Uhr ein Treffen im Gemeindezentrum (Bastiengasse 18) statt. Wir laden herzlich alle M\u00fctter, V\u00e4ter, Omas, Opas, Tanten, Onkel und BetreuerInnen mit ihren Kindern ein, gemeinsam den Vormittag zu verbringen. Es gibt unz\u00e4hlige Spielsachen [&hellip;]<\/p>\n","protected":false},"author":2,"featured_media":0,"parent":1071,"menu_order":0,"comment_status":"open","ping_status":"open","template":"","meta":{"ngg_post_thumbnail":0,"footnotes":""},"class_list":["post-1086","page","type-page","status-publish"],"publishpress_future_action":{"enabled":false,"date":"2026-04-21 13:53:23","action":"change-status","newStatus":"draft","terms":[],"taxonomy":"category","extraData":[]},"publishpress_future_workflow_manual_trigger":{"enabledWorkflows":[]},"_links":{"self":[{"href":"https:\/\/www.pfarregersthof.at\/komm\/wp-json\/wp\/v2\/pages\/1086","targetHints":{"allow":["GET"]}}],"collection":[{"href":"https:\/\/www.pfarregersthof.at\/komm\/wp-json\/wp\/v2\/pages"}],"about":[{"href":"https:\/\/www.pfarregersthof.at\/komm\/wp-json\/wp\/v2\/types\/page"}],"author":[{"embeddable":true,"href":"https:\/\/www.pfarregersthof.at\/komm\/wp-json\/wp\/v2\/users\/2"}],"replies":[{"embeddable":true,"href":"https:\/\/www.pfarregersthof.at\/komm\/wp-json\/wp\/v2\/comments?post=1086"}],"version-history":[{"count":17,"href":"https:\/\/www.pfarregersthof.at\/komm\/wp-json\/wp\/v2\/pages\/1086\/revisions"}],"predecessor-version":[{"id":18991,"href":"https:\/\/www.pfarregersthof.at\/komm\/wp-json\/wp\/v2\/pages\/1086\/revisions\/18991"}],"up":[{"embeddable":true,"href":"https:\/\/www.pfarregersthof.at\/komm\/wp-json\/wp\/v2\/pages\/1071"}],"wp:attachment":[{"href":"https:\/\/www.pfarregersthof.at\/komm\/wp-json\/wp\/v2\/media?parent=1086"}],"curies":[{"name":"wp","href":"https:\/\/api.w.org\/{rel}","templated":true}]}}