{"id":1227,"date":"2012-12-09T17:07:31","date_gmt":"2012-12-09T15:07:31","guid":{"rendered":"http:\/\/www.pfarregersthof.at\/komm\/?page_id=1227"},"modified":"2024-11-24T18:20:17","modified_gmt":"2024-11-24T16:20:17","slug":"dreikonigsaktion-sternsinger","status":"publish","type":"page","link":"https:\/\/www.pfarregersthof.at\/komm\/pfarre-von-a-z\/information\/dreikonigsaktion-sternsinger\/","title":{"rendered":"Dreik\u00f6nigsaktion &#8211; Sternsinger"},"content":{"rendered":"<h3>Aufgabe\/Ziel\/Beschreibung<\/h3>\n<p>Die Dreik\u00f6nigsaktion als Hilfswerk der Katholischen Jungschar \u00d6sterreichs unterst\u00fctzt \u00fcber 500 Projekte in Afrika, Asien und Lateinamerika. Im Rahmen der Sternsingeraktion in Gersthof verkleiden sich am Jahresbeginn Kinder und Jugendliche als &#8222;Heilige Drei K\u00f6nige&#8220;. Mit erwachsenen Begleitpersonen besuchen sie die Gersthofer*innen, bringen ihnen Segensw\u00fcnsche und bitten um Spenden. Mithilfe dieser Spenden k\u00f6nnen \u00fcber eine Million Menschen in den Projektl\u00e4ndern ihr Leben zum Besseren wenden. Jede und jeder ist bei der Sternsingeraktion willkommen, um die Welt gemeinsam ein St\u00fcck gerechter zu machen!<\/p>\n<h3>Wie kann man mitmachen?<\/h3>\n<p>Durch Beteiligung an der j\u00e4hrlichen Sternsingeraktion. Die Vorbereitung beginnt im Dezember, die Hausbesuche finden um den 6. J\u00e4nner statt. Wie die heurige Sternsinger-Aktion l\u00e4uft, ist <a href=\"\/komm\/2024\/11\/sternsingeraktion-startet-bitte-mitmachen-3\/\">in diesem Beitrag nachzulesen<\/a>.<\/p>\n<h3>Ansprechpersonen<\/h3>\n<p>Anna Geiger, Christina Dorninger, Flo Wenig und Monika Gamillscheg<br>E-Mail: <a href=\"mailto:sternsingeraktion@pfarregersthof.at\">sternsingeraktion@pfarregersthof.at<\/a><\/p>\n\n","protected":false},"excerpt":{"rendered":"<p>Aufgabe\/Ziel\/Beschreibung Die Dreik\u00f6nigsaktion als Hilfswerk der Katholischen Jungschar \u00d6sterreichs unterst\u00fctzt \u00fcber 500 Projekte in Afrika, Asien und Lateinamerika. Im Rahmen der Sternsingeraktion in Gersthof verkleiden sich am Jahresbeginn Kinder und Jugendliche als &#8222;Heilige Drei K\u00f6nige&#8220;. Mit erwachsenen Begleitpersonen besuchen sie die Gersthofer*innen, bringen ihnen Segensw\u00fcnsche und bitten um Spenden. Mithilfe dieser Spenden k\u00f6nnen \u00fcber eine [&hellip;]<\/p>\n","protected":false},"author":2,"featured_media":0,"parent":619,"menu_order":0,"comment_status":"open","ping_status":"open","template":"","meta":{"ngg_post_thumbnail":0,"footnotes":""},"class_list":["post-1227","page","type-page","status-publish"],"publishpress_future_action":{"enabled":false,"date":"2026-04-29 13:32:35","action":"change-status","newStatus":"draft","terms":[],"taxonomy":"category","extraData":[]},"publishpress_future_workflow_manual_trigger":{"enabledWorkflows":[]},"_links":{"self":[{"href":"https:\/\/www.pfarregersthof.at\/komm\/wp-json\/wp\/v2\/pages\/1227","targetHints":{"allow":["GET"]}}],"collection":[{"href":"https:\/\/www.pfarregersthof.at\/komm\/wp-json\/wp\/v2\/pages"}],"about":[{"href":"https:\/\/www.pfarregersthof.at\/komm\/wp-json\/wp\/v2\/types\/page"}],"author":[{"embeddable":true,"href":"https:\/\/www.pfarregersthof.at\/komm\/wp-json\/wp\/v2\/users\/2"}],"replies":[{"embeddable":true,"href":"https:\/\/www.pfarregersthof.at\/komm\/wp-json\/wp\/v2\/comments?post=1227"}],"version-history":[{"count":16,"href":"https:\/\/www.pfarregersthof.at\/komm\/wp-json\/wp\/v2\/pages\/1227\/revisions"}],"predecessor-version":[{"id":17709,"href":"https:\/\/www.pfarregersthof.at\/komm\/wp-json\/wp\/v2\/pages\/1227\/revisions\/17709"}],"up":[{"embeddable":true,"href":"https:\/\/www.pfarregersthof.at\/komm\/wp-json\/wp\/v2\/pages\/619"}],"wp:attachment":[{"href":"https:\/\/www.pfarregersthof.at\/komm\/wp-json\/wp\/v2\/media?parent=1227"}],"curies":[{"name":"wp","href":"https:\/\/api.w.org\/{rel}","templated":true}]}}