{"id":1340,"date":"2013-01-09T23:16:49","date_gmt":"2013-01-09T21:16:49","guid":{"rendered":"http:\/\/www.pfarregersthof.at\/komm\/?page_id=1340"},"modified":"2013-01-10T10:05:19","modified_gmt":"2013-01-10T08:05:19","slug":"osterkapelle-neugestaltung","status":"publish","type":"page","link":"https:\/\/www.pfarregersthof.at\/komm\/pfarre-von-a-z\/information\/osterkapelle-neugestaltung\/","title":{"rendered":"Osterkapelle &#8211; Neugestaltung"},"content":{"rendered":"<h2>Ein Raum f\u00fcr die Verk\u00fcndigung und Liturgie<\/h2>\n<p>Seit gut 30 Jahren ist die Osterkapelle in der Pfarrkirche Gersthof-St. Leopold ein Ort der Verk\u00fcndigung und Liturgie. Von Tauffeiern \u00fcber Gottesdienste, Stundengebete, Kinderkirche bis zum spirituellen Aufbruch im Gebet reicht der Bogen dessen, was dieser Raum f\u00fcr Verk\u00fcndigung und Glaubensvertiefung bietet.<\/p>\n<p><a href=\"https:\/\/www.pfarregersthof.at\/komm\/2012\/09\/segnung-der-renovierten-osterkapelle-30-9\/dsci0200\/\" rel=\"attachment wp-att-874\"><img loading=\"lazy\" decoding=\"async\" class=\"alignleft size-medium wp-image-874\" alt=\"Segnung der Osterkapelle\" src=\"https:\/\/www.pfarregersthof.at\/komm\/wp-content\/uploads\/2012\/09\/DSCI0200-300x225.jpg\" width=\"300\" height=\"225\" srcset=\"https:\/\/www.pfarregersthof.at\/komm\/wp-content\/uploads\/2012\/09\/DSCI0200-300x225.jpg 300w, https:\/\/www.pfarregersthof.at\/komm\/wp-content\/uploads\/2012\/09\/DSCI0200-150x113.jpg 150w, https:\/\/www.pfarregersthof.at\/komm\/wp-content\/uploads\/2012\/09\/DSCI0200-800x600.jpg 800w, https:\/\/www.pfarregersthof.at\/komm\/wp-content\/uploads\/2012\/09\/DSCI0200-768x576.jpg 768w, https:\/\/www.pfarregersthof.at\/komm\/wp-content\/uploads\/2012\/09\/DSCI0200.jpg 1000w\" sizes=\"auto, (max-width: 300px) 100vw, 300px\" \/><\/a>In den Jahren 2011 und 2012 wurde die Osterkapelle auf Grundlage eines Konzepts von Architekt DI Peter Tersch grundlegend saniert und eingerichtet: die neuen Einrichtungsgegenst\u00e4nde greifen das Quadrat als gemeinsamen Nenner f\u00fcr die Raumgestaltung auf \u2013 sei es in der quadratischen Form des Altars als W\u00fcrfel, den sichtbaren quadratischen Holzverbindungen des Altares oder bis hin zur Form der abgeh\u00e4ngten Deckenbeleuchtung. F\u00fcr diese Neugestaltung wurde ein Betrag von 30.000 EUR aufgewendet, der gr\u00f6\u00dftenteils aus Mitteln der Pfarre mit Zusch\u00fcssen der Erzdi\u00f6zese Wien aufgebracht werden konnte. Am Sonntag, 30. September 2012, wurde die Kapelle in Form einer Segnung durch Pfarrer Dr. Norbert Rodt wieder der Nutzung \u00fcbergeben. Die k\u00fcnstlerische Ausgestaltung, die aus Kostengr\u00fcnden noch nicht realisiert wurde und nun durch Spenden aufgebracht werden soll, setzt ein zus\u00e4tzliches Zeichen: die Osterkapelle wird zur Pfingstkapelle \u2013 als spiritueller Ort mit Vergangenheit, fokussiert auf die Glaubensverk\u00fcndigung von heute.<\/p>\n<p>&nbsp;<\/p>\n<h2>Im Dialog zwischen Alt und Neu<\/h2>\n<p>Die k\u00fcnstlerische Ausgestaltung integriert sich einzigartig in das Gesamtkonzept der neuen Osterkapelle und demonstriert eindrucksvoll den Aufbruch von Ostern nach Pfingsten.<\/p>\n<p>Sichtbare \u201eZeitzeugen\u201c werden in die Neugestaltung integriert: sechs Fenster mit Heiligendarstellungen in Bleiverglasung und das Mosaik \u201eNoli me tangere\u201c.<\/p>\n<h2><a href=\"https:\/\/www.pfarregersthof.at\/komm\/pfarre-von-a-z\/information\/osterkapelle-neugestaltung\/raum-10-b1000\/\" rel=\"attachment wp-att-1343\"><img loading=\"lazy\" decoding=\"async\" class=\"alignleft size-medium wp-image-1343\" alt=\"Osterkapelle Neugestaltung\" src=\"https:\/\/www.pfarregersthof.at\/komm\/wp-content\/uploads\/2013\/01\/Raum-10-b1000-300x212.jpg\" width=\"300\" height=\"212\" srcset=\"https:\/\/www.pfarregersthof.at\/komm\/wp-content\/uploads\/2013\/01\/Raum-10-b1000-300x212.jpg 300w, https:\/\/www.pfarregersthof.at\/komm\/wp-content\/uploads\/2013\/01\/Raum-10-b1000-150x106.jpg 150w, https:\/\/www.pfarregersthof.at\/komm\/wp-content\/uploads\/2013\/01\/Raum-10-b1000-800x566.jpg 800w, https:\/\/www.pfarregersthof.at\/komm\/wp-content\/uploads\/2013\/01\/Raum-10-b1000-768x543.jpg 768w, https:\/\/www.pfarregersthof.at\/komm\/wp-content\/uploads\/2013\/01\/Raum-10-b1000.jpg 1000w\" sizes=\"auto, (max-width: 300px) 100vw, 300px\" \/><\/a><\/h2>\n<p>In die drei Fensternischen wird eine Glasneugestaltung \u2013 einem Band\/Vorhang gleich \u2013 im Abstand zu den bestehenden Fenstern eingesetzt.Ein \u201everkehrter\u201c Regenbogen deutet in der Neugestaltung das Farb- und inhaltliche Konzept an: der von Violett \u00fcber Blau, Gr\u00fcn, Gelb und Orange nach Rot abgestufte Regenbogen ist auf enem quadratischen Raster aufgebaut und besteht aus sichtbaren quadratischen Farbflecken und quadratischen Transparentfl\u00e4chen, was dem Gesamtbild eine \u201ePixel-Struktur\u201c verleiht. Dadurch entstehen bewusst gef\u00fchrte Durchblicke auf die historische Fenstergestaltung im Hintergrund. Dieses Erscheinungsdetail \u00e4ndert sich jedoch mit der Position des Betrachters im Raum.<\/p>\n<p>Somit pr\u00e4gt das Bild der Vergangenheit unseren Eindruck mit, wir geben aber den historischen Bildern im neuen Kontext eine zeitgem\u00e4\u00dfe Bedeutung.<\/p>\n<h2><a href=\"https:\/\/www.pfarregersthof.at\/komm\/pfarre-von-a-z\/information\/osterkapelle-neugestaltung\/mosaik-2-b700\/\" rel=\"attachment wp-att-1345\"><img loading=\"lazy\" decoding=\"async\" class=\"size-medium wp-image-1345 alignright\" alt=\"Osterkapelle Neugestaltung\" src=\"https:\/\/www.pfarregersthof.at\/komm\/wp-content\/uploads\/2013\/01\/Mosaik-2-b700-214x300.jpg\" width=\"214\" height=\"300\" srcset=\"https:\/\/www.pfarregersthof.at\/komm\/wp-content\/uploads\/2013\/01\/Mosaik-2-b700-214x300.jpg 214w, https:\/\/www.pfarregersthof.at\/komm\/wp-content\/uploads\/2013\/01\/Mosaik-2-b700-107x150.jpg 107w, https:\/\/www.pfarregersthof.at\/komm\/wp-content\/uploads\/2013\/01\/Mosaik-2-b700-571x800.jpg 571w, https:\/\/www.pfarregersthof.at\/komm\/wp-content\/uploads\/2013\/01\/Mosaik-2-b700.jpg 700w\" sizes=\"auto, (max-width: 214px) 100vw, 214px\" \/><\/a><\/h2>\n<p>Das ca. 30 Jahre alte Steinmosaik bleibt ebenfalls erhalten. Auch vor dieses Bild wird eine gestaltete Glasfl\u00e4che gestellt, die durch die gleiche, pixelige Gestaltungsweise wie das Fensterband, je nach Position mal mehr von dieser, mal mehr von einer anderen Bildstelle durchscheinen l\u00e4sst. Dieses neue Glasbild ist in den Farben Rot und Goldgelb gestaltet.<\/p>\n<p>Die neuen Glasbilder werden in Fusingglas angefertigt; eine Technik, bei der verschieden-farbiges, bemaltes und nicht bemaltes Glas zu einer Scheibe verschmolzen wird. Dabei ben\u00f6tigt Fusingglas nicht unbedingt durchscheinendes Sonnenlicht, um farbig zu erstrahlen, es reflektiert seine Farbe auch im Auflicht, sodass es also auch durch die Raumbeleutung in vollem Farbglanz erstrahlt.<\/p>\n<p>Durch diese k\u00fcnstlerische Neugestaltung erh\u00e4lt die Kapelle eine neue \u201eInnenhaut\u201c, die den sog. Altbestand nicht nur respektiert und bewahrt (alles kann auch wieder abgebaut werden), sondern dieser historisch \u201egewachsenen\u201c Bildsprache einen neuen, zus\u00e4tzlichen Ausdruck in der Sprache des 21. Jahrhunderts verleiht. Auch dieser Dialog zwischen Traditionellem und Neuem ist Teil der Frohbotschaft.<\/p>\n<p>&nbsp;<\/p>\n<h2>Von Ostern nach Pfingsten<\/h2>\n<p>Zu Ostern passiert Unerkl\u00e4rliches, Unfassbares und Wunderbares: Jesu Grab ist leer, er ist auferstanden von den Toten \u2013 eine, wenn nicht die zentrale Frohbotschaft. Gott hat dort eingegriffen, wo menschlich gesehen alles zu Ende war. Das l\u00e4sst uns glauben an und hoffen auf ein neues Leben.<\/p>\n<p><a href=\"https:\/\/www.pfarregersthof.at\/komm\/pfarre-von-a-z\/angebote\/erste-kommunion\/img_5930\/\" rel=\"attachment wp-att-832\"><img loading=\"lazy\" decoding=\"async\" class=\"alignleft size-thumbnail wp-image-832\" alt=\"Osterkapelle\" src=\"https:\/\/www.pfarregersthof.at\/komm\/wp-content\/uploads\/2012\/08\/IMG_5930-150x100.jpg\" width=\"150\" height=\"100\" srcset=\"https:\/\/www.pfarregersthof.at\/komm\/wp-content\/uploads\/2012\/08\/IMG_5930-150x100.jpg 150w, https:\/\/www.pfarregersthof.at\/komm\/wp-content\/uploads\/2012\/08\/IMG_5930-300x200.jpg 300w, https:\/\/www.pfarregersthof.at\/komm\/wp-content\/uploads\/2012\/08\/IMG_5930-800x534.jpg 800w, https:\/\/www.pfarregersthof.at\/komm\/wp-content\/uploads\/2012\/08\/IMG_5930-768x512.jpg 768w, https:\/\/www.pfarregersthof.at\/komm\/wp-content\/uploads\/2012\/08\/IMG_5930.jpg 1000w\" sizes=\"auto, (max-width: 150px) 100vw, 150px\" \/><\/a>Mit Sturmesbrausen und Feuerzungen kam er \u00fcber die J\u00fcnger, so berichtet beeindruckend die Apostelgeschichte \u00fcber die Ausgie\u00dfung des Heiligen Geistes im Pfingstereignis. Und machte damit aus ver\u00e4ngstigten J\u00fcngern mutige Verk\u00fcnder des Glaubens \u2013 das ist die Geburtsstunde unserer Kirche. Mit Hilfe des Heiligen Geistes sind auch wir jetzt und heute aufgerufen, uns f\u00fcr Person, Wort und Werk Jesu zu begeistern und andere f\u00fcr Christus zu begeistern.<\/p>\n<p><a href=\"https:\/\/www.pfarregersthof.at\/komm\/pfarre-von-a-z\/information\/osterkapelle-neugestaltung\/v\/\" rel=\"attachment wp-att-1344\"><img loading=\"lazy\" decoding=\"async\" class=\"size-thumbnail wp-image-1344 alignright\" alt=\"Osterkapelle Neugestaltung\" src=\"https:\/\/www.pfarregersthof.at\/komm\/wp-content\/uploads\/2013\/01\/V-150x106.jpg\" width=\"150\" height=\"106\" srcset=\"https:\/\/www.pfarregersthof.at\/komm\/wp-content\/uploads\/2013\/01\/V-150x106.jpg 150w, https:\/\/www.pfarregersthof.at\/komm\/wp-content\/uploads\/2013\/01\/V-300x212.jpg 300w, https:\/\/www.pfarregersthof.at\/komm\/wp-content\/uploads\/2013\/01\/V-800x566.jpg 800w, https:\/\/www.pfarregersthof.at\/komm\/wp-content\/uploads\/2013\/01\/V-768x543.jpg 768w, https:\/\/www.pfarregersthof.at\/komm\/wp-content\/uploads\/2013\/01\/V.jpg 1000w\" sizes=\"auto, (max-width: 150px) 100vw, 150px\" \/><\/a>Vielleicht ist die \u201eTransformation\u201c der Osterkapelle in ein neue Pfingstkapelle f\u00fcr uns alle ein Sinnbild daf\u00fcr, dass es nicht nur darum geht, staunend vor Wunderbaren und Unfassbaren stehenzubleiben, sondern 50 Jahre nach der Er\u00f6ffnung des 2. Vatikanischen Konzils (1962 &#8211; 1965) in der Welt die Frohbotschaft zu verk\u00fcnden. Ostern hat uns angesteckt, geben wir die Begeisterung daf\u00fcr weiter.<\/p>\n<p>&nbsp;<\/p>\n<p><strong>Pfarrer Norbert Rodt dankt f\u00fcr Spenden<\/strong> f\u00fcr diese &#8222;Transformation&#8220; auf das Konto 292 113 77500 bei der Erste Bank, BLZ 20111.<\/p>\n<p>&nbsp;<\/p>\n","protected":false},"excerpt":{"rendered":"<p>Ein Raum f\u00fcr die Verk\u00fcndigung und Liturgie Seit gut 30 Jahren ist die Osterkapelle in der Pfarrkirche Gersthof-St. Leopold ein Ort der Verk\u00fcndigung und Liturgie. Von Tauffeiern \u00fcber Gottesdienste, Stundengebete, Kinderkirche bis zum spirituellen Aufbruch im Gebet reicht der Bogen dessen, was dieser Raum f\u00fcr Verk\u00fcndigung und Glaubensvertiefung bietet. In den Jahren 2011 und 2012 [&hellip;]<\/p>\n","protected":false},"author":2,"featured_media":0,"parent":619,"menu_order":0,"comment_status":"open","ping_status":"open","template":"tpl-full_width.php","meta":{"ngg_post_thumbnail":0,"footnotes":""},"class_list":["post-1340","page","type-page","status-publish"],"publishpress_future_action":{"enabled":false,"date":"2026-04-30 01:04:19","action":"change-status","newStatus":"draft","terms":[],"taxonomy":"category","extraData":[]},"publishpress_future_workflow_manual_trigger":{"enabledWorkflows":[]},"_links":{"self":[{"href":"https:\/\/www.pfarregersthof.at\/komm\/wp-json\/wp\/v2\/pages\/1340","targetHints":{"allow":["GET"]}}],"collection":[{"href":"https:\/\/www.pfarregersthof.at\/komm\/wp-json\/wp\/v2\/pages"}],"about":[{"href":"https:\/\/www.pfarregersthof.at\/komm\/wp-json\/wp\/v2\/types\/page"}],"author":[{"embeddable":true,"href":"https:\/\/www.pfarregersthof.at\/komm\/wp-json\/wp\/v2\/users\/2"}],"replies":[{"embeddable":true,"href":"https:\/\/www.pfarregersthof.at\/komm\/wp-json\/wp\/v2\/comments?post=1340"}],"version-history":[{"count":7,"href":"https:\/\/www.pfarregersthof.at\/komm\/wp-json\/wp\/v2\/pages\/1340\/revisions"}],"predecessor-version":[{"id":1350,"href":"https:\/\/www.pfarregersthof.at\/komm\/wp-json\/wp\/v2\/pages\/1340\/revisions\/1350"}],"up":[{"embeddable":true,"href":"https:\/\/www.pfarregersthof.at\/komm\/wp-json\/wp\/v2\/pages\/619"}],"wp:attachment":[{"href":"https:\/\/www.pfarregersthof.at\/komm\/wp-json\/wp\/v2\/media?parent=1340"}],"curies":[{"name":"wp","href":"https:\/\/api.w.org\/{rel}","templated":true}]}}