{"id":13829,"date":"2023-04-07T21:45:42","date_gmt":"2023-04-07T19:45:42","guid":{"rendered":"https:\/\/www.pfarregersthof.at\/komm\/?page_id=13829"},"modified":"2023-04-07T21:45:43","modified_gmt":"2023-04-07T19:45:43","slug":"predigt-am-palmsonntag-2023","status":"publish","type":"page","link":"https:\/\/www.pfarregersthof.at\/komm\/predigten\/predigt-am-palmsonntag-2023\/","title":{"rendered":"Predigt am Palmsonntag 2023"},"content":{"rendered":"\n\n\n<p>Predigt von PastAss Arthur Kolker. Evangelium Lukas 19,28-40<\/p>\n<p>Wenn das Volk aufh\u00f6rt zu schreien, werden die Steine schreien!<br>Hast du jemals Steine geh\u00f6rt die schreien. Wie du auch googlest, du wirst keine echten schreienden Steine<br>finden. Die gibt es einfach nicht.<\/p>\n<p>Die Pharis\u00e4er aber wussten genau wor\u00fcber Jesus redete. Es stammt aus den Worten eines kleinen Propheten,<br>Habakuk. In Kapitel 2 dieses Bibelbuch verurteilt der Prophet diejenigen, die auf b\u00f6se Weise und auf Kosten<br>anderer Macht und Reichtum an sich rei\u00dfen. Habakuk sagt, dass das Gericht sogar von ihren H\u00e4usern<br>ausgehen wird: &#8222;Die Steine der Mauer werden schreien\u201c. Die Steine h\u00f6ren und bezeugen dann gegen diejenigen,<br>die in ihrer Gegenwart Unrecht getan haben. Diese Steine werden als Zeugen gegen dich dienen.&#8220; Die Steine<br>werden gegen die Ungerechtigkeit aufschreien.<\/p>\n<p>In einer anderen alttestamentlichen Geschichte erinnert Josua das Volk Israel an die Anforderungen, die es<br>erf\u00fcllen muss, um dem Herrn zu dienen. Josua stellt einen Stein unter einer Eiche auf. Dabei sagt er zu dem<br>ganzen Volk: Seht her, dieser Stein wird ein Zeuge sein gegen uns; denn er hat alle Worte des Herrn geh\u00f6rt, die<br>er zu uns gesprochen hat. Er soll ein Zeuge sein gegen euch, damit ihr euren Gott nicht verleugnet.<\/p>\n<p>Wir kommen also zum Tor von Jerusalem. Die J\u00fcnger schreien, die Umh\u00e4nge werden auf den Boden geworfen,<br>und anderen Berichten zufolge werden Palmen geschwenkt. Jesus reitet auf einem Eselsfohlen. Sie werden von den Pharis\u00e4ern konfrontiert, die ihnen sagen, sie sollen den Mund halten. H\u00f6rt auf mit dem L\u00e4rm, h\u00f6rt auf mit den Liedern \u00fcber den Messias.<br>Dann sagt Jesus: &#8222;Wenn das Volk aufh\u00f6rt zu schreien, werden die Steine schreien&#8220;.<\/p>\n<p>Wir denken hier an Steine, die &#8222;Hosianna&#8220; schreien. Mit Blick auf das Alte Testament denke ich, dass die Steine als Zeugnis gegen<br>diejenigen schreien w\u00fcrden, die Schweigen verlangen &#8211; die Pharis\u00e4er, gegen ihre Ungerechtigkeit. Aber ich denke auch, dass die Steine gegen diejenigen aufschreien w\u00fcrden, die schweigen.<\/p>\n<p>Steine werden nicht an unserer Stelle singen und schreien. Die Steine werden uns verurteilen, die Steine werden uns zur Umkehr auffordern. Die Steine werden uns auffordern zu schreien, zu verk\u00fcnden und zu bekennen.<\/p>\n<p>Wehe uns!<br>Wehe uns, die wir geschaffen worden sind f\u00fcr Frieden, aber zornige, gewaltreiche Leben f\u00fchren.<br>Wir gestehen, dass wir t\u00e4glich unsere \u00c4ngste und Bosheiten verschleiern und uns der Gewalt zuwenden, statt alle Gewalt mit deiner Gnade und Barmherzigkeit zu zerschmettern.<\/p>\n<p>Wehe uns,<br>die wir unsere Verwundeten aus der Gesellschaft vertreiben, statt unseren Stolz zu verletzen und die Verwundeten mit Gnade zu verbinden. Wir fordern von uns selbst und der Welt Perfektion, statt uns selbst loszulassen in das einzige, was uns jemals f\u00fcr immer halten kann\u2026<\/p>\n<p>Deine Arme der Gnade<br>Deine Arme der Barmherzigkeit<br>Vergib uns!<\/p>\n<p>Vergib uns unsere \u00fcbervollen Teller. W\u00e4hrend alle 3,6 Sekunden eine andere Person aufh\u00f6rt zu atmen, weil er oder sie wegen leerer Teller an Hunger stirbt.<br>Vergib uns wegen der einen Milliarde Menschen, die ihr ganzes Leben in Armut leben m\u00fcssen.<br>Wehe uns!<br>Die wir mehr Sorgen haben um unser Image bei anderen, und die wir mit unseren Nachbarn mithalten wollen, aber damit unseren Glauben umwandeln in eine T\u00e4uschung, einen Schein, eine F\u00e4lschung und in Betrug.<br>Vergib uns!<br>Dass wir apathisch leben in einer Welt, in der es mehr Sklaven gibt als jemals in unserer Geschichte.<br>Denn sehr viel von unserer Kleidung, unserer Schokolade, unserem Kaffee und unseren Handys ist von Sklaven gemacht worden.<br>Dass wir uns mehr Sorgen machen dar\u00fcber, wieviel Geld in unserer Geldb\u00f6rse zur\u00fcckbleibt, statt an diese Menschen zu denken!<br>Vergib uns!<br>Dass wir stolzer sind auf das, was wir im Spiegel sehen, als auf das, was du, Gott, in unseren Herzen siehst.<br>Das wir jedes Jahr mehr als 10 Milliarden Euro ausgeben f\u00fcr Gesichtslifting, Botox und nicht-notwendige \u00e4sthetische kosmetische \u00c4nderungen, wenn die Gleiche Summe Geld in 5 Jahren die Welt von Analphabetismus befreien w\u00fcrde.<br>Wenn die gleiche Summe alle Wasserprobleme und alle sanit\u00e4ren Probleme in der Welt l\u00f6sen w\u00fcrde.<br>Vergib uns!<br>Vergib uns als Kirche<br>f\u00fcr \u00fcppige Geb\u00e4ude, statt \u00fcppiger Liebe, f\u00fcr m\u00e4chtige Arroganz und Beurteilung, statt tatkr\u00e4ftiger Barmherzigkeit,<br>f\u00fcr das Besch\u00e4men von Menschen, statt sie zu bekr\u00e4ftigen und zu st\u00e4rken,<br>f\u00fcr unserer Bed\u00fcrfnis, uns lieber in unseren Geb\u00e4uden aufzuhalten, statt niedrig zu werden und anderen zu<br>helfen.<br>Vergib uns das Betonen der S\u00fcnden unserer Gesellschaft, statt die eigenen S\u00fcnden der Kirche zu sehen.<br>Vergib uns!<br>Dass wir mehr Zeit auf Facebook, Instagram, Tiktok\u2026 verbringen, als unser Gesicht deinem Buch zuzuwenden.<br>Dass wir mehr den Sozialen Medien folgen, als deiner Art zu leben.<br>F\u00fcr unsere W\u00fcnsche, Berufe zu haben, die gr\u00f6\u00dfer oder grandioser sind als unsere Pers\u00f6nlichkeit.<br>Vergib, dass wir unsere \u00c4ngste f\u00fcttern und dich st\u00e4ndig anbetteln uns zu helfen, statt dass wir unseren Glauben<br>st\u00e4rken.<br>Dass wir unsere B\u00fchne des Lebens und der Arbeit gr\u00f6\u00dfer machen als unsere Menschlichkeit.<br>Vergib uns!<br>Dass wir dich als unseren Gott beanspruchen, aber schweigen von dir und deinem Reich.<br>Dass wir modische Kaffeebecher herumtragen, statt unser Kreuz zu tragen und unser Leben mit Liebe auszugie\u00dfen.<br>Dass wir uns eine Arbeit w\u00fcnschen, die von anderen gesehen wird, statt eine Arbeit f\u00fcr dein Reich, die von dir gesehen wird.<br>Dass wir der Gr\u00f6\u00dfte aller sein wollen, statt der gr\u00f6\u00dfte Diener zu sein.<br>Dass wir uns w\u00fcnschen der oder die Erste in allem zu sein, statt zur\u00fcckzugehen zu unserer ersten Liebe.<br>Vergib uns, dass wir in unseren Herzen G\u00f6tterbilder machen, statt dich zum Herrn unserer Herzen zu<br>machen.<br>Vergib uns!<br>Dass wir deinen Ruhm und deine Ehre von dir wegnehmen,<br>dass wir fast nur im \u00dcberma\u00df an uns selbst denken, statt uns unnachgiebig auf dich zu fokussieren und<br>weniger an uns selbst zu denken.<br>Vergib uns f\u00fcr unseren sarkastischen Zynismus, daf\u00fcr, dass wir uns kleiden in Negativit\u00e4t, weil wir einfach nicht<br>mutig genug sind, zu glauben.<br>Vergib uns f\u00fcr alle verpassten Gelegenheiten.<br>Vergib uns, dass wir die Menschen, die am Rande stehen nicht lieben, obwohl du uns erz\u00e4hlt hast, dass gerade am<br>Rande du am meisten anwesend bist.<br>Vergib uns, dass wir unsere Stundenpl\u00e4ne lieben, statt unsere Tagesordnung f\u00fcr dich zu unterbrechen.<br>Vergib uns, wir dich so wenig geliebt haben, weil wir uns selbst so viel lieben.<br>Wenn aber!<br>Du hast uns erz\u00e4hlt, dass du uns dann befreien wirst, wenn wir uns selbst erniedrigen, beten und unsere Herzen zu dir kehren!<br>Und wenn!<br>Wenn wir dein Gesicht suchen und unser Gesicht zu dir kehren, dann wirst du uns befreien.<br>Und dann!<br>Dann kannst du unsere Welt heilen mit deinem Kreuz und deiner Gnade!<br>Dann kannst du unsere gebrochenen Herzen heilen!<br>Dann!<br>In der N\u00e4he von dir und in der Einheit mit dir in der Kommunion werden unsere Seelen gesehen.<br>Und werden unsere \u00c4ngste und Tr\u00e4nen ber\u00fchrt.<br>Werden wir aufgefangen in deiner brennenden Liebe f\u00fcr uns.<br>Wenn!<br>Wenn wir unsere Verletzungen in deine erl\u00f6sende Liebe fallen lassen.<br>Wenn wir unsere Verletzungen verbinden und heilen lassen, und deine bedingungslose Liebe annehmen.<br>Wenn wir h\u00f6ren und antworten und uns \u00f6ffnen!<br>Dann kommt er hinein!<br>Dann kommt er hinein!<br>Und dann!<br>Wird er mit uns feiern, mit uns allen!<br>Dann!<br>Dann werden wir wieder aufstehen.<br>Aus dem Dunkel heraus, werden wir auferstehen, werden wir mit ihm auferstehen.<br>Auferstehung kann entstehen.<\/p>\n","protected":false},"excerpt":{"rendered":"<p>Predigt von PastAss Arthur Kolker. Evangelium Lukas 19,28-40 Wenn das Volk aufh\u00f6rt zu schreien, werden die Steine schreien!Hast du jemals Steine geh\u00f6rt die schreien. Wie du auch googlest, du wirst keine echten schreienden Steinefinden. Die gibt es einfach nicht. Die Pharis\u00e4er aber wussten genau wor\u00fcber Jesus redete. Es stammt aus den Worten eines kleinen Propheten,Habakuk. [&hellip;]<\/p>\n","protected":false},"author":2,"featured_media":0,"parent":6833,"menu_order":0,"comment_status":"closed","ping_status":"closed","template":"","meta":{"ngg_post_thumbnail":0,"footnotes":""},"class_list":["post-13829","page","type-page","status-publish"],"publishpress_future_action":{"enabled":false,"date":"2026-04-23 08:33:34","action":"change-status","newStatus":"draft","terms":[],"taxonomy":"category","extraData":[]},"publishpress_future_workflow_manual_trigger":{"enabledWorkflows":[]},"_links":{"self":[{"href":"https:\/\/www.pfarregersthof.at\/komm\/wp-json\/wp\/v2\/pages\/13829","targetHints":{"allow":["GET"]}}],"collection":[{"href":"https:\/\/www.pfarregersthof.at\/komm\/wp-json\/wp\/v2\/pages"}],"about":[{"href":"https:\/\/www.pfarregersthof.at\/komm\/wp-json\/wp\/v2\/types\/page"}],"author":[{"embeddable":true,"href":"https:\/\/www.pfarregersthof.at\/komm\/wp-json\/wp\/v2\/users\/2"}],"replies":[{"embeddable":true,"href":"https:\/\/www.pfarregersthof.at\/komm\/wp-json\/wp\/v2\/comments?post=13829"}],"version-history":[{"count":1,"href":"https:\/\/www.pfarregersthof.at\/komm\/wp-json\/wp\/v2\/pages\/13829\/revisions"}],"predecessor-version":[{"id":13830,"href":"https:\/\/www.pfarregersthof.at\/komm\/wp-json\/wp\/v2\/pages\/13829\/revisions\/13830"}],"up":[{"embeddable":true,"href":"https:\/\/www.pfarregersthof.at\/komm\/wp-json\/wp\/v2\/pages\/6833"}],"wp:attachment":[{"href":"https:\/\/www.pfarregersthof.at\/komm\/wp-json\/wp\/v2\/media?parent=13829"}],"curies":[{"name":"wp","href":"https:\/\/api.w.org\/{rel}","templated":true}]}}