{"id":17141,"date":"2024-10-03T22:01:07","date_gmt":"2024-10-03T20:01:07","guid":{"rendered":"https:\/\/www.pfarregersthof.at\/komm\/?page_id=17141"},"modified":"2024-11-20T21:38:32","modified_gmt":"2024-11-20T19:38:32","slug":"tag-5","status":"publish","type":"page","link":"https:\/\/www.pfarregersthof.at\/komm\/adventimpulse\/tag-5\/","title":{"rendered":"Rorate: Hab erbarmen mit uns"},"content":{"rendered":"\n<p><em>Im Advent werden sogenannte Rorate-Gottesdienste gefeiert. Das lateinische Wort &#8222;rorate&#8220; entspricht dem deutschen Wort &#8222;tauet&#8220; &#8211; das Lied &#8222;Tauet Himmel den Gerechten &#8230;&#8220; gibt einen Hinweis auf den Charakter der Gottesdienste: es geht um die Erwartung des Kommens des Sohn Gottes unter uns Menschen.<\/em><br><em>In der Pfarrkirche Gersthof werden diese Gottesdienste an den Dienstagen und Freitagen der ersten drei Adventwochen um 6 Uhr gefeiert.<\/em><\/p>\n<p><em>Hier gibt es die Einf\u00fchrung zum morgigen Gottesdienst des 6. Dezember, das Evangelium und einen nachdenklichen Text. So kann jede und jeder sich selbst mit dem &#8222;tauet&#8220; auseinandersetzen.<\/em><\/p>\n<h3>Einf\u00fchrung<\/h3>\n<p>Wunder finden schwer Anerkennung in einer Welt, die versucht alles wissenschaftlich zu durchleuchten. Biblisch gesehen sind Wunder der Ausdruck von Gottes Wirken und Gottes Macht. Gott kann Vieles m\u00f6glich machen, womit wir nicht rechnen. Gott kann Vieles ver\u00e4ndern und zum Guten f\u00fchren, was wir uns selber nicht zutrauen.<\/p>\n<p>Diese Vision steht \u00fcber den biblischen Texten des heutigen Tages. Gott stellt Vieles auf den Kopf und erm\u00f6glicht Wandel und Ver\u00e4nderung. Dieses Vertrauen in Gott und sein Wirken an uns wollen die Adventtage in uns st\u00e4rken. Keinen blinden Wunderglauben, sondern das unersch\u00fctterliche Vertrauen in Gott und sein Wirken an uns. Gott kann das Unm\u00f6gliche Wirklichkeit werden lassen.<\/p>\n<h3>Evangelium nach Matth\u00e4us, 9. Kapitel, Verse 27 &#8211; 31<\/h3>\n<p>Als Jesus weiterging, folgten ihm zwei Blinde und schrien: Hab Erbarmen mit uns, Sohn Davids! Nachdem er ins Haus gegangen war, kamen die Blinden zu ihm. Und Jesus sagte zu ihnen: Glaubt ihr, dass ich dies tun kann? Sie antworteten: Ja, Herr. Darauf ber\u00fchrte er ihre Augen und sagte: Wie ihr geglaubt habt, so soll euch geschehen. Da wurden ihre Augen ge\u00f6ffnet. Jesus aber wies sie streng an: Nehmt euch in Acht! Niemand darf es erfahren. Doch sie gingen weg und erz\u00e4hlten von ihm in der ganzen Gegend.\u2002<\/p>\n<h3>Nachdenklich<\/h3>\n<p>Hab Erbarmen mit uns,<br>wenn wir blindw\u00fctig nur auf unsere eigenen Kr\u00e4fte bauen und dich keines Blickes w\u00fcrdigen.<\/p>\n<p>Hab Erbarmen mit uns,<br>wenn blinde Scheiben den Blick nach drau\u00dfen tr\u00fcben und uns der Durchblick fehlt.<\/p>\n<p>Hab Erbarmen mit uns,<br>wenn wir blind durch unser Leben tappen und&nbsp; f\u00fcr das Sch\u00f6ne und Staunenswerte verschlossen sind.<\/p>\n<p>Hab Erbarmen mit uns,<br>wenn sich unsere Augen allzu schnell an das Dunkle anpassen und wir uns nur mit verkniffenen Augen und Herzen f\u00fcr das Licht \u00f6ffnen.<\/p>\n<p>Hab Erbarmen mit uns,<br>wenn wir die blinden Flecken in unserem Leben nicht wahrhaben wollen und die Wahrheit f\u00fcrchten und ihr ausweichen.<\/p>\n<p><em>(Vorbereitung dieser Texte: Gabi Huber)<\/em><\/p>\n<p><a href=\"https:\/\/www.pfarregersthof.at\/komm\/wp-content\/uploads\/2024\/10\/advimp-tag5.jpg\"><img loading=\"lazy\" decoding=\"async\" class=\"aligncenter size-full wp-image-17272\" src=\"https:\/\/www.pfarregersthof.at\/komm\/wp-content\/uploads\/2024\/10\/advimp-tag5.jpg\" alt=\"\" width=\"132\" height=\"256\" srcset=\"https:\/\/www.pfarregersthof.at\/komm\/wp-content\/uploads\/2024\/10\/advimp-tag5.jpg 132w, https:\/\/www.pfarregersthof.at\/komm\/wp-content\/uploads\/2024\/10\/advimp-tag5-77x150.jpg 77w\" sizes=\"auto, (max-width: 132px) 100vw, 132px\" \/><\/a><\/p>\n","protected":false},"excerpt":{"rendered":"<p>Im Advent werden sogenannte Rorate-Gottesdienste gefeiert. Das lateinische Wort &#8222;rorate&#8220; entspricht dem deutschen Wort &#8222;tauet&#8220; &#8211; das Lied &#8222;Tauet Himmel den Gerechten &#8230;&#8220; gibt einen Hinweis auf den Charakter der Gottesdienste: es geht um die Erwartung des Kommens des Sohn Gottes unter uns Menschen.In der Pfarrkirche Gersthof werden diese Gottesdienste an den Dienstagen und Freitagen [&hellip;]<\/p>\n","protected":false},"author":2,"featured_media":0,"parent":17131,"menu_order":0,"comment_status":"closed","ping_status":"closed","template":"","meta":{"ngg_post_thumbnail":0,"footnotes":""},"class_list":["post-17141","page","type-page","status-publish"],"publishpress_future_action":{"enabled":false,"date":"2026-09-07 13:45:37","action":"change-status","newStatus":"draft","terms":[],"taxonomy":"category","extraData":[]},"publishpress_future_workflow_manual_trigger":{"enabledWorkflows":[]},"_links":{"self":[{"href":"https:\/\/www.pfarregersthof.at\/komm\/wp-json\/wp\/v2\/pages\/17141","targetHints":{"allow":["GET"]}}],"collection":[{"href":"https:\/\/www.pfarregersthof.at\/komm\/wp-json\/wp\/v2\/pages"}],"about":[{"href":"https:\/\/www.pfarregersthof.at\/komm\/wp-json\/wp\/v2\/types\/page"}],"author":[{"embeddable":true,"href":"https:\/\/www.pfarregersthof.at\/komm\/wp-json\/wp\/v2\/users\/2"}],"replies":[{"embeddable":true,"href":"https:\/\/www.pfarregersthof.at\/komm\/wp-json\/wp\/v2\/comments?post=17141"}],"version-history":[{"count":10,"href":"https:\/\/www.pfarregersthof.at\/komm\/wp-json\/wp\/v2\/pages\/17141\/revisions"}],"predecessor-version":[{"id":17643,"href":"https:\/\/www.pfarregersthof.at\/komm\/wp-json\/wp\/v2\/pages\/17141\/revisions\/17643"}],"up":[{"embeddable":true,"href":"https:\/\/www.pfarregersthof.at\/komm\/wp-json\/wp\/v2\/pages\/17131"}],"wp:attachment":[{"href":"https:\/\/www.pfarregersthof.at\/komm\/wp-json\/wp\/v2\/media?parent=17141"}],"curies":[{"name":"wp","href":"https:\/\/api.w.org\/{rel}","templated":true}]}}

<p><em>Im Advent werden sogenannte Rorate-Gottesdienste gefeiert. Das lateinische Wort &#8222;rorate&#8220; entspricht dem deutschen Wort &#8222;tauet&#8220; &#8211; das Lied &#8222;Tauet Himmel den Gerechten &#8230;&#8220; gibt einen Hinweis auf den Charakter der Gottesdienste: es geht um die Erwartung des Kommens des Sohn Gottes unter uns Menschen.</em><br><em>In der Pfarrkirche Gersthof werden diese Gottesdienste an den Dienstagen und Freitagen der ersten drei Adventwochen um 6 Uhr gefeiert.</em></p>
<p><em>Hier gibt es die Einführung zum morgigen Gottesdienst des 6. Dezember, das Evangelium und einen nachdenklichen Text. So kann jede und jeder sich selbst mit dem &#8222;tauet&#8220; auseinandersetzen.</em></p>
<h3>Einführung</h3>
<p>Wunder finden schwer Anerkennung in einer Welt, die versucht alles wissenschaftlich zu durchleuchten. Biblisch gesehen sind Wunder der Ausdruck von Gottes Wirken und Gottes Macht. Gott kann Vieles möglich machen, womit wir nicht rechnen. Gott kann Vieles verändern und zum Guten führen, was wir uns selber nicht zutrauen.</p>
<p>Diese Vision steht über den biblischen Texten des heutigen Tages. Gott stellt Vieles auf den Kopf und ermöglicht Wandel und Veränderung. Dieses Vertrauen in Gott und sein Wirken an uns wollen die Adventtage in uns stärken. Keinen blinden Wunderglauben, sondern das unerschütterliche Vertrauen in Gott und sein Wirken an uns. Gott kann das Unmögliche Wirklichkeit werden lassen.</p>
<h3>Evangelium nach Matthäus, 9. Kapitel, Verse 27 &#8211; 31</h3>
<p>Als Jesus weiterging, folgten ihm zwei Blinde und schrien: Hab Erbarmen mit uns, Sohn Davids! Nachdem er ins Haus gegangen war, kamen die Blinden zu ihm. Und Jesus sagte zu ihnen: Glaubt ihr, dass ich dies tun kann? Sie antworteten: Ja, Herr. Darauf berührte er ihre Augen und sagte: Wie ihr geglaubt habt, so soll euch geschehen. Da wurden ihre Augen geöffnet. Jesus aber wies sie streng an: Nehmt euch in Acht! Niemand darf es erfahren. Doch sie gingen weg und erzählten von ihm in der ganzen Gegend. </p>
<h3>Nachdenklich</h3>
<p>Hab Erbarmen mit uns,<br>wenn wir blindwütig nur auf unsere eigenen Kräfte bauen und dich keines Blickes würdigen.</p>
<p>Hab Erbarmen mit uns,<br>wenn blinde Scheiben den Blick nach draußen trüben und uns der Durchblick fehlt.</p>
<p>Hab Erbarmen mit uns,<br>wenn wir blind durch unser Leben tappen und&nbsp; für das Schöne und Staunenswerte verschlossen sind.</p>
<p>Hab Erbarmen mit uns,<br>wenn sich unsere Augen allzu schnell an das Dunkle anpassen und wir uns nur mit verkniffenen Augen und Herzen für das Licht öffnen.</p>
<p>Hab Erbarmen mit uns,<br>wenn wir die blinden Flecken in unserem Leben nicht wahrhaben wollen und die Wahrheit fürchten und ihr ausweichen.</p>
<p><em>(Vorbereitung dieser Texte: Gabi Huber)</em></p>
<p><a href="https://www.pfarregersthof.at/komm/wp-content/uploads/2024/10/advimp-tag5.jpg"><img loading="lazy" decoding="async" class="aligncenter size-full wp-image-17272" src="https://www.pfarregersthof.at/komm/wp-content/uploads/2024/10/advimp-tag5.jpg" alt="" width="132" height="256" srcset="https://www.pfarregersthof.at/komm/wp-content/uploads/2024/10/advimp-tag5.jpg 132w, https://www.pfarregersthof.at/komm/wp-content/uploads/2024/10/advimp-tag5-77x150.jpg 77w" sizes="auto, (max-width: 132px) 100vw, 132px" /></a></p>
