{"id":17155,"date":"2024-10-03T22:13:20","date_gmt":"2024-10-03T20:13:20","guid":{"rendered":"https:\/\/www.pfarregersthof.at\/komm\/?page_id=17155"},"modified":"2024-11-16T17:20:19","modified_gmt":"2024-11-16T15:20:19","slug":"tag-3","status":"publish","type":"page","link":"https:\/\/www.pfarregersthof.at\/komm\/adventimpulse\/tag-3\/","title":{"rendered":"Adventmusik"},"content":{"rendered":"\n<p>Der Advent hat seine Musik. Eine Kostprobe davon kann am kommenden Samstag, 7.12.2024, in der Kirche St. Gertrud (W\u00e4hringerstra\u00dfe 95, Wien 18.,), vom Wiener Mottetenchor gesungen, angeh\u00f6rt werden. <br>Bitte beachten: daf\u00fcr <strong>muss<\/strong> <a href=\"https:\/\/www.motettenchor.at\/index.php\/konzerte.html\" target=\"_blank\" rel=\"noopener\">ein <strong>Platz reserviert<\/strong> werden<\/a>.<\/p>\n<p><a href=\"https:\/\/www.pfarregersthof.at\/komm\/wp-content\/uploads\/2024\/11\/motettenchor_2024-12-07.jpg\"><img loading=\"lazy\" decoding=\"async\" class=\"aligncenter size-large wp-image-17426\" src=\"https:\/\/www.pfarregersthof.at\/komm\/wp-content\/uploads\/2024\/11\/motettenchor_2024-12-07-563x800.jpg\" alt=\"\" width=\"563\" height=\"800\" srcset=\"https:\/\/www.pfarregersthof.at\/komm\/wp-content\/uploads\/2024\/11\/motettenchor_2024-12-07-563x800.jpg 563w, https:\/\/www.pfarregersthof.at\/komm\/wp-content\/uploads\/2024\/11\/motettenchor_2024-12-07-296x420.jpg 296w, https:\/\/www.pfarregersthof.at\/komm\/wp-content\/uploads\/2024\/11\/motettenchor_2024-12-07-106x150.jpg 106w, https:\/\/www.pfarregersthof.at\/komm\/wp-content\/uploads\/2024\/11\/motettenchor_2024-12-07-211x300.jpg 211w, https:\/\/www.pfarregersthof.at\/komm\/wp-content\/uploads\/2024\/11\/motettenchor_2024-12-07.jpg 650w\" sizes=\"auto, (max-width: 563px) 100vw, 563px\" \/><\/a><\/p>\n<p><a href=\"https:\/\/www.pfarregersthof.at\/komm\/wp-content\/uploads\/2024\/10\/advimp-tag3.jpg\"><img loading=\"lazy\" decoding=\"async\" class=\"aligncenter size-full wp-image-17270\" src=\"https:\/\/www.pfarregersthof.at\/komm\/wp-content\/uploads\/2024\/10\/advimp-tag3.jpg\" alt=\"\" width=\"131\" height=\"265\" srcset=\"https:\/\/www.pfarregersthof.at\/komm\/wp-content\/uploads\/2024\/10\/advimp-tag3.jpg 131w, https:\/\/www.pfarregersthof.at\/komm\/wp-content\/uploads\/2024\/10\/advimp-tag3-74x150.jpg 74w\" sizes=\"auto, (max-width: 131px) 100vw, 131px\" \/><\/a><\/p>\n\n\n\n\n","protected":false},"excerpt":{"rendered":"<p>Der Advent hat seine Musik. Eine Kostprobe davon kann am kommenden Samstag, 7.12.2024, in der Kirche St. Gertrud (W\u00e4hringerstra\u00dfe 95, Wien 18.,), vom Wiener Mottetenchor gesungen, angeh\u00f6rt werden. Bitte beachten: daf\u00fcr muss ein Platz reserviert werden.<\/p>\n","protected":false},"author":2,"featured_media":0,"parent":17131,"menu_order":0,"comment_status":"closed","ping_status":"closed","template":"","meta":{"ngg_post_thumbnail":0,"footnotes":""},"class_list":["post-17155","page","type-page","status-publish"],"publishpress_future_action":{"enabled":false,"date":"2026-04-29 11:47:12","action":"change-status","newStatus":"draft","terms":[],"taxonomy":"category","extraData":[]},"publishpress_future_workflow_manual_trigger":{"enabledWorkflows":[]},"_links":{"self":[{"href":"https:\/\/www.pfarregersthof.at\/komm\/wp-json\/wp\/v2\/pages\/17155","targetHints":{"allow":["GET"]}}],"collection":[{"href":"https:\/\/www.pfarregersthof.at\/komm\/wp-json\/wp\/v2\/pages"}],"about":[{"href":"https:\/\/www.pfarregersthof.at\/komm\/wp-json\/wp\/v2\/types\/page"}],"author":[{"embeddable":true,"href":"https:\/\/www.pfarregersthof.at\/komm\/wp-json\/wp\/v2\/users\/2"}],"replies":[{"embeddable":true,"href":"https:\/\/www.pfarregersthof.at\/komm\/wp-json\/wp\/v2\/comments?post=17155"}],"version-history":[{"count":5,"href":"https:\/\/www.pfarregersthof.at\/komm\/wp-json\/wp\/v2\/pages\/17155\/revisions"}],"predecessor-version":[{"id":17548,"href":"https:\/\/www.pfarregersthof.at\/komm\/wp-json\/wp\/v2\/pages\/17155\/revisions\/17548"}],"up":[{"embeddable":true,"href":"https:\/\/www.pfarregersthof.at\/komm\/wp-json\/wp\/v2\/pages\/17131"}],"wp:attachment":[{"href":"https:\/\/www.pfarregersthof.at\/komm\/wp-json\/wp\/v2\/media?parent=17155"}],"curies":[{"name":"wp","href":"https:\/\/api.w.org\/{rel}","templated":true}]}}