{"id":17161,"date":"2024-10-03T22:15:57","date_gmt":"2024-10-03T20:15:57","guid":{"rendered":"https:\/\/www.pfarregersthof.at\/komm\/?page_id=17161"},"modified":"2024-11-20T21:40:33","modified_gmt":"2024-11-20T19:40:33","slug":"tag-12","status":"publish","type":"page","link":"https:\/\/www.pfarregersthof.at\/komm\/adventimpulse\/tag-12\/","title":{"rendered":"Rorate: An Gott glauben !?!"},"content":{"rendered":"\n<p><em>Im Advent werden sogenannte Rorate-Gottesdienste gefeiert. Das lateinische Wort &#8222;rorate&#8220; entspricht dem deutschen Wort &#8222;tauet&#8220; &#8211; das Lied &#8222;Tauet Himmel den Gerechten &#8230;&#8220; gibt einen Hinweis auf den Charakter der Gottesdienste: es geht um die Erwartung des Kommens des Sohn Gottes unter uns Menschen.<\/em><br><em>In der Pfarrkirche Gersthof werden diese Gottesdienste an den Dienstagen und Freitagen der ersten drei Adventwochen um 6 Uhr gefeiert.<\/em><\/p>\n<p><em>Hier gibt es die Einf\u00fchrung zum morgigen Gottesdienst des 13. Dezember, das Evangelium und einen nachdenklichen Text. So kann jede und jeder sich selbst mit dem &#8222;tauet&#8220; auseinandersetzen.<\/em><\/p>\n<h3>Einf\u00fchrung<\/h3>\n<p>Wir haben uns heute am fr\u00fchen Morgen versammelt, um in dieser Zeit des Advents besonders hellh\u00f6rig zu werden f\u00fcr das Heil, das Gott uns in Jesus Christus neu schenken will.<\/p>\n<p>Er ist den Menschen Bruder geworden, er ist unser Freund, der uns im Leben begleitet. \u201eEin Freund der Z\u00f6llner und S\u00fcnder\u201c, so haben ihn seine Zeitgenossen abf\u00e4llig genannt. F\u00fcr uns, die wir von ihm geheilt sind, ist es ein Ehrentitel. Er ist der Heiland derer, die in Schuld und Verstrickung geraten sind, er ist die klare Zusage Gottes, allen Menschen das Heil schenken zu wollen.&nbsp; Deshalb k\u00f6nnen wir mit Mut und Zuversicht unser Leben gestalten.<\/p>\n<h3>Evangelium nach Matth\u00e4us, 11. Kapitel, Verse 16 &#8211; 19<\/h3>\n<p>In jener Zeit sprach Jesus: Mit wem soll ich diese Generation vergleichen? Sie gleicht Kindern, die auf den Marktpl\u00e4tzen sitzen und anderen zurufen:\u2002Wir haben f\u00fcr euch auf der Fl\u00f6te gespielt und ihr habt nicht getanzt; wir haben die Totenklage angestimmt und ihr habt euch nicht an die Brust geschlagen.\u2002Denn Johannes ist gekommen, er isst nicht und trinkt nicht und sie sagen: Er hat einen D\u00e4mon.\u2002Der Menschensohn ist gekommen, er isst und trinkt und sie sagen: Siehe, ein Fresser und S\u00e4ufer, ein Freund der Z\u00f6llner und S\u00fcnder! Und doch hat die Weisheit durch ihre Taten Recht bekommen.\u2002<\/p>\n<h3>Nachdenklich<\/h3>\n<p>Glaubst du an einen Gott, der der Ursprung allen Lebens ist ?<\/p>\n<p>Glaubst du an einen Gott, der jedem Menschen seinen Wert und seine W\u00fcrde geschenkt hat ?<\/p>\n<p>Glaubst du an einen Gott, der dir zutraut, eignen Entscheidungen zu treffen ?<\/p>\n<p>Glaubst du an einen Gott, der mit dir auf dem Weg ist und dich ermutigt, neue Wege zu wagen ?<\/p>\n<p>Glaub an Gott, denn er glaubt an dich !<\/p>\n<p><em>(Vorbereitung dieser Texte: Gabi Huber)<\/em><\/p>\n<p><a href=\"https:\/\/www.pfarregersthof.at\/komm\/wp-content\/uploads\/2024\/10\/advimp-tag12.jpg\"><img loading=\"lazy\" decoding=\"async\" class=\"aligncenter size-full wp-image-17279\" src=\"https:\/\/www.pfarregersthof.at\/komm\/wp-content\/uploads\/2024\/10\/advimp-tag12.jpg\" alt=\"\" width=\"90\" height=\"372\" srcset=\"https:\/\/www.pfarregersthof.at\/komm\/wp-content\/uploads\/2024\/10\/advimp-tag12.jpg 90w, https:\/\/www.pfarregersthof.at\/komm\/wp-content\/uploads\/2024\/10\/advimp-tag12-36x150.jpg 36w\" sizes=\"auto, (max-width: 90px) 100vw, 90px\" \/><\/a><\/p>\n\n\n","protected":false},"excerpt":{"rendered":"<p>Im Advent werden sogenannte Rorate-Gottesdienste gefeiert. Das lateinische Wort &#8222;rorate&#8220; entspricht dem deutschen Wort &#8222;tauet&#8220; &#8211; das Lied &#8222;Tauet Himmel den Gerechten &#8230;&#8220; gibt einen Hinweis auf den Charakter der Gottesdienste: es geht um die Erwartung des Kommens des Sohn Gottes unter uns Menschen.In der Pfarrkirche Gersthof werden diese Gottesdienste an den Dienstagen und Freitagen [&hellip;]<\/p>\n","protected":false},"author":2,"featured_media":0,"parent":17131,"menu_order":0,"comment_status":"closed","ping_status":"closed","template":"","meta":{"ngg_post_thumbnail":0,"footnotes":""},"class_list":["post-17161","page","type-page","status-publish"],"publishpress_future_action":{"enabled":false,"date":"2026-05-05 11:05:52","action":"change-status","newStatus":"draft","terms":[],"taxonomy":"category","extraData":[]},"publishpress_future_workflow_manual_trigger":{"enabledWorkflows":[]},"_links":{"self":[{"href":"https:\/\/www.pfarregersthof.at\/komm\/wp-json\/wp\/v2\/pages\/17161","targetHints":{"allow":["GET"]}}],"collection":[{"href":"https:\/\/www.pfarregersthof.at\/komm\/wp-json\/wp\/v2\/pages"}],"about":[{"href":"https:\/\/www.pfarregersthof.at\/komm\/wp-json\/wp\/v2\/types\/page"}],"author":[{"embeddable":true,"href":"https:\/\/www.pfarregersthof.at\/komm\/wp-json\/wp\/v2\/users\/2"}],"replies":[{"embeddable":true,"href":"https:\/\/www.pfarregersthof.at\/komm\/wp-json\/wp\/v2\/comments?post=17161"}],"version-history":[{"count":3,"href":"https:\/\/www.pfarregersthof.at\/komm\/wp-json\/wp\/v2\/pages\/17161\/revisions"}],"predecessor-version":[{"id":17645,"href":"https:\/\/www.pfarregersthof.at\/komm\/wp-json\/wp\/v2\/pages\/17161\/revisions\/17645"}],"up":[{"embeddable":true,"href":"https:\/\/www.pfarregersthof.at\/komm\/wp-json\/wp\/v2\/pages\/17131"}],"wp:attachment":[{"href":"https:\/\/www.pfarregersthof.at\/komm\/wp-json\/wp\/v2\/media?parent=17161"}],"curies":[{"name":"wp","href":"https:\/\/api.w.org\/{rel}","templated":true}]}}

<p><em>Im Advent werden sogenannte Rorate-Gottesdienste gefeiert. Das lateinische Wort &#8222;rorate&#8220; entspricht dem deutschen Wort &#8222;tauet&#8220; &#8211; das Lied &#8222;Tauet Himmel den Gerechten &#8230;&#8220; gibt einen Hinweis auf den Charakter der Gottesdienste: es geht um die Erwartung des Kommens des Sohn Gottes unter uns Menschen.</em><br><em>In der Pfarrkirche Gersthof werden diese Gottesdienste an den Dienstagen und Freitagen der ersten drei Adventwochen um 6 Uhr gefeiert.</em></p>
<p><em>Hier gibt es die Einführung zum morgigen Gottesdienst des 13. Dezember, das Evangelium und einen nachdenklichen Text. So kann jede und jeder sich selbst mit dem &#8222;tauet&#8220; auseinandersetzen.</em></p>
<h3>Einführung</h3>
<p>Wir haben uns heute am frühen Morgen versammelt, um in dieser Zeit des Advents besonders hellhörig zu werden für das Heil, das Gott uns in Jesus Christus neu schenken will.</p>
<p>Er ist den Menschen Bruder geworden, er ist unser Freund, der uns im Leben begleitet. „Ein Freund der Zöllner und Sünder“, so haben ihn seine Zeitgenossen abfällig genannt. Für uns, die wir von ihm geheilt sind, ist es ein Ehrentitel. Er ist der Heiland derer, die in Schuld und Verstrickung geraten sind, er ist die klare Zusage Gottes, allen Menschen das Heil schenken zu wollen.&nbsp; Deshalb können wir mit Mut und Zuversicht unser Leben gestalten.</p>
<h3>Evangelium nach Matthäus, 11. Kapitel, Verse 16 &#8211; 19</h3>
<p>In jener Zeit sprach Jesus: Mit wem soll ich diese Generation vergleichen? Sie gleicht Kindern, die auf den Marktplätzen sitzen und anderen zurufen: Wir haben für euch auf der Flöte gespielt und ihr habt nicht getanzt; wir haben die Totenklage angestimmt und ihr habt euch nicht an die Brust geschlagen. Denn Johannes ist gekommen, er isst nicht und trinkt nicht und sie sagen: Er hat einen Dämon. Der Menschensohn ist gekommen, er isst und trinkt und sie sagen: Siehe, ein Fresser und Säufer, ein Freund der Zöllner und Sünder! Und doch hat die Weisheit durch ihre Taten Recht bekommen. </p>
<h3>Nachdenklich</h3>
<p>Glaubst du an einen Gott, der der Ursprung allen Lebens ist ?</p>
<p>Glaubst du an einen Gott, der jedem Menschen seinen Wert und seine Würde geschenkt hat ?</p>
<p>Glaubst du an einen Gott, der dir zutraut, eignen Entscheidungen zu treffen ?</p>
<p>Glaubst du an einen Gott, der mit dir auf dem Weg ist und dich ermutigt, neue Wege zu wagen ?</p>
<p>Glaub an Gott, denn er glaubt an dich !</p>
<p><em>(Vorbereitung dieser Texte: Gabi Huber)</em></p>
<p><a href="https://www.pfarregersthof.at/komm/wp-content/uploads/2024/10/advimp-tag12.jpg"><img loading="lazy" decoding="async" class="aligncenter size-full wp-image-17279" src="https://www.pfarregersthof.at/komm/wp-content/uploads/2024/10/advimp-tag12.jpg" alt="" width="90" height="372" srcset="https://www.pfarregersthof.at/komm/wp-content/uploads/2024/10/advimp-tag12.jpg 90w, https://www.pfarregersthof.at/komm/wp-content/uploads/2024/10/advimp-tag12-36x150.jpg 36w" sizes="auto, (max-width: 90px) 100vw, 90px" /></a></p>
