{"id":17181,"date":"2024-10-03T22:24:27","date_gmt":"2024-10-03T20:24:27","guid":{"rendered":"https:\/\/www.pfarregersthof.at\/komm\/?page_id=17181"},"modified":"2024-11-20T21:50:25","modified_gmt":"2024-11-20T19:50:25","slug":"tag-23","status":"publish","type":"page","link":"https:\/\/www.pfarregersthof.at\/komm\/adventimpulse\/tag-23\/","title":{"rendered":"Kinder stellen heute die Krippenfiguren auf"},"content":{"rendered":"\n<p>In den meisten Kirchen sind in der Weihnachtszeit die unterschiedlichsten Krippen zu bestaunen &#8211; viele davon k\u00fcnstlerisch hochwertig oder aufw\u00e4ndig gestaltet. So zum Beispiel mit flie\u00dfendem Wasser wie in der Minoritenkirche in Graz oder die detailreich alpenl\u00e4ndisch gekleideten Figuren in der Basilika von Seckau.<\/p>\n<p>In unserer Gersthofer Pfarrkirche gibt es schon seit vielen Jahren den Brauch, dass Kinder im Rahmen einer kleinen Feier (heuer am <strong>Montag, 23.12., ab 17 Uhr<\/strong>) die Figuren in die Krippe stellen &#8211; wodurch sie jedes Jahr etwas anders aussieht.<\/p>\n<p>Im Rahmen des mittern\u00e4chtlichen Gottesdienstes (Mette) am 24.\/25.12 stellt dann die j\u00fcngste Ministrantin oder der j\u00fcngste Ministrant die noch fehlende Krippe mit dem Jesuskind in die Mitte &#8211; wie auf diesem Bild zu sehen ist.<\/p>\n<p><a href=\"https:\/\/www.pfarregersthof.at\/komm\/wp-content\/uploads\/2024\/11\/in-die-krippe-legen_01-scaled.jpg\"><img loading=\"lazy\" decoding=\"async\" class=\"aligncenter size-large wp-image-17608\" src=\"https:\/\/www.pfarregersthof.at\/komm\/wp-content\/uploads\/2024\/11\/in-die-krippe-legen_01-800x533.jpg\" alt=\"\" width=\"696\" height=\"464\" srcset=\"https:\/\/www.pfarregersthof.at\/komm\/wp-content\/uploads\/2024\/11\/in-die-krippe-legen_01-800x533.jpg 800w, https:\/\/www.pfarregersthof.at\/komm\/wp-content\/uploads\/2024\/11\/in-die-krippe-legen_01-1536x1024.jpg 1536w, https:\/\/www.pfarregersthof.at\/komm\/wp-content\/uploads\/2024\/11\/in-die-krippe-legen_01-630x420.jpg 630w, https:\/\/www.pfarregersthof.at\/komm\/wp-content\/uploads\/2024\/11\/in-die-krippe-legen_01-696x464.jpg 696w, https:\/\/www.pfarregersthof.at\/komm\/wp-content\/uploads\/2024\/11\/in-die-krippe-legen_01-1068x712.jpg 1068w, https:\/\/www.pfarregersthof.at\/komm\/wp-content\/uploads\/2024\/11\/in-die-krippe-legen_01-1920x1280.jpg 1920w, https:\/\/www.pfarregersthof.at\/komm\/wp-content\/uploads\/2024\/11\/in-die-krippe-legen_01-150x100.jpg 150w, https:\/\/www.pfarregersthof.at\/komm\/wp-content\/uploads\/2024\/11\/in-die-krippe-legen_01-300x200.jpg 300w, https:\/\/www.pfarregersthof.at\/komm\/wp-content\/uploads\/2024\/11\/in-die-krippe-legen_01-768x512.jpg 768w\" sizes=\"auto, (max-width: 696px) 100vw, 696px\" \/><\/a><\/p>\n<p>Dadurch bekommen die Kinder einen besonderen Zugang zum weihnachtlichen Geschehen. Viele Jahre war die Krippe in der Kirche rechts vorne aufgestellt. Jetzt wurde sie nach links hinten, gleich hinter den Glast\u00fcren, \u00fcbersiedelt um so auch au\u00dferhalb der Gottesdienstzeiten gut zu sehen zu sein.<br>F\u00fcr Kinder besteht die gefahrlose M\u00f6glichkeit, tats\u00e4chlich in die Krippenszene hinauf zu steigen &#8211; &#8222;an der Krippe zu sein&#8220;.<\/p>\n<p><a href=\"https:\/\/www.pfarregersthof.at\/komm\/wp-content\/uploads\/2024\/10\/advimp-tag23.jpg\"><img loading=\"lazy\" decoding=\"async\" class=\"aligncenter size-full wp-image-17290\" src=\"https:\/\/www.pfarregersthof.at\/komm\/wp-content\/uploads\/2024\/10\/advimp-tag23.jpg\" alt=\"\" width=\"86\" height=\"323\" srcset=\"https:\/\/www.pfarregersthof.at\/komm\/wp-content\/uploads\/2024\/10\/advimp-tag23.jpg 86w, https:\/\/www.pfarregersthof.at\/komm\/wp-content\/uploads\/2024\/10\/advimp-tag23-40x150.jpg 40w, https:\/\/www.pfarregersthof.at\/komm\/wp-content\/uploads\/2024\/10\/advimp-tag23-80x300.jpg 80w\" sizes=\"auto, (max-width: 86px) 100vw, 86px\" \/><\/a><\/p>\n","protected":false},"excerpt":{"rendered":"<p>In den meisten Kirchen sind in der Weihnachtszeit die unterschiedlichsten Krippen zu bestaunen &#8211; viele davon k\u00fcnstlerisch hochwertig oder aufw\u00e4ndig gestaltet. So zum Beispiel mit flie\u00dfendem Wasser wie in der Minoritenkirche in Graz oder die detailreich alpenl\u00e4ndisch gekleideten Figuren in der Basilika von Seckau. In unserer Gersthofer Pfarrkirche gibt es schon seit vielen Jahren den [&hellip;]<\/p>\n","protected":false},"author":2,"featured_media":0,"parent":17131,"menu_order":0,"comment_status":"closed","ping_status":"closed","template":"","meta":{"ngg_post_thumbnail":0,"footnotes":""},"class_list":["post-17181","page","type-page","status-publish"],"publishpress_future_action":{"enabled":false,"date":"2026-04-29 10:12:51","action":"change-status","newStatus":"draft","terms":[],"taxonomy":"category","extraData":[]},"publishpress_future_workflow_manual_trigger":{"enabledWorkflows":[]},"_links":{"self":[{"href":"https:\/\/www.pfarregersthof.at\/komm\/wp-json\/wp\/v2\/pages\/17181","targetHints":{"allow":["GET"]}}],"collection":[{"href":"https:\/\/www.pfarregersthof.at\/komm\/wp-json\/wp\/v2\/pages"}],"about":[{"href":"https:\/\/www.pfarregersthof.at\/komm\/wp-json\/wp\/v2\/types\/page"}],"author":[{"embeddable":true,"href":"https:\/\/www.pfarregersthof.at\/komm\/wp-json\/wp\/v2\/users\/2"}],"replies":[{"embeddable":true,"href":"https:\/\/www.pfarregersthof.at\/komm\/wp-json\/wp\/v2\/comments?post=17181"}],"version-history":[{"count":5,"href":"https:\/\/www.pfarregersthof.at\/komm\/wp-json\/wp\/v2\/pages\/17181\/revisions"}],"predecessor-version":[{"id":17650,"href":"https:\/\/www.pfarregersthof.at\/komm\/wp-json\/wp\/v2\/pages\/17181\/revisions\/17650"}],"up":[{"embeddable":true,"href":"https:\/\/www.pfarregersthof.at\/komm\/wp-json\/wp\/v2\/pages\/17131"}],"wp:attachment":[{"href":"https:\/\/www.pfarregersthof.at\/komm\/wp-json\/wp\/v2\/media?parent=17181"}],"curies":[{"name":"wp","href":"https:\/\/api.w.org\/{rel}","templated":true}]}}