{"id":17185,"date":"2024-10-03T22:26:31","date_gmt":"2024-10-03T20:26:31","guid":{"rendered":"https:\/\/www.pfarregersthof.at\/komm\/?page_id=17185"},"modified":"2024-11-16T19:17:57","modified_gmt":"2024-11-16T17:17:57","slug":"tag-22","status":"publish","type":"page","link":"https:\/\/www.pfarregersthof.at\/komm\/adventimpulse\/tag-22\/","title":{"rendered":"Der kommende Gott"},"content":{"rendered":"\n<h4 style=\"text-align: center;\"><span style=\"color: #820000;\">Der kommende Gott wird gr\u00f6\u00dfer sein<\/span><br><span style=\"color: #820000;\">als du und ich ihn gedacht,<\/span><br><span style=\"color: #820000;\">der kommende Gott wird gr\u00f6\u00dfer sein<\/span><br><span style=\"color: #820000;\">als wir ihn zurechtgemacht,<\/span><br><span style=\"color: #820000;\">der kommende Gott wird gr\u00f6\u00dfer sein<\/span><br><span style=\"color: #820000;\">und lebendig, nicht tot und verstaubt.<\/span><br><span style=\"color: #820000;\">der kommende Gott wird gr\u00f6\u00dfer sein<\/span><br><span style=\"color: #820000;\">als die Kirche ihn je geglaubt.<\/span><\/h4>\n<h4 style=\"text-align: center;\"><span style=\"color: #820000;\">Denn der kommende Gott schlie\u00dft uns alle ein,<\/span><br><span style=\"color: #820000;\">ob Jude, ob Moslem, ob Christ,<\/span><br><span style=\"color: #820000;\">denn der kommende Gott ist nicht mein oder dein<\/span><br><span style=\"color: #820000;\">und er fragt nicht, was du wohl bist.<\/span><br><span style=\"color: #820000;\">Denn der kommende Gott ist f\u00fcr alle da,<\/span><br><span style=\"color: #820000;\">ein Gott f\u00fcr die ganze Welt,<\/span><br><span style=\"color: #820000;\">denn der kommende Gott ist dem Menschen nah,<\/span><br><span style=\"color: #820000;\">der sich fragt, wer die Welt erh\u00e4lt.<\/span><\/h4>\n<h4 style=\"text-align: center;\"><span style=\"color: #820000;\">Denn der kommende Gott<\/span><br><span style=\"color: #820000;\">war schon immer der Gott,<\/span><br><span style=\"color: #820000;\">den sie alle, sie alle gemeint,<\/span><br><span style=\"color: #820000;\">denn der kommende Gott<\/span><br><span style=\"color: #820000;\">ist der einzige Gott,<\/span><br><span style=\"color: #820000;\">der uns alle, uns alle vereint.<\/span><\/h4>\n<p style=\"text-align: center;\"><em>Adventlied von Jochen Rie\u00df<\/em><\/p>\n<p><a href=\"https:\/\/www.pfarregersthof.at\/komm\/wp-content\/uploads\/2024\/10\/advimp-tag22.jpg\"><img loading=\"lazy\" decoding=\"async\" class=\"aligncenter size-medium wp-image-17289\" src=\"https:\/\/www.pfarregersthof.at\/komm\/wp-content\/uploads\/2024\/10\/advimp-tag22-78x300.jpg\" alt=\"\" width=\"78\" height=\"300\" srcset=\"https:\/\/www.pfarregersthof.at\/komm\/wp-content\/uploads\/2024\/10\/advimp-tag22-78x300.jpg 78w, https:\/\/www.pfarregersthof.at\/komm\/wp-content\/uploads\/2024\/10\/advimp-tag22-39x150.jpg 39w, https:\/\/www.pfarregersthof.at\/komm\/wp-content\/uploads\/2024\/10\/advimp-tag22.jpg 84w\" sizes=\"auto, (max-width: 78px) 100vw, 78px\" \/><\/a><\/p>\n","protected":false},"excerpt":{"rendered":"<p>Der kommende Gott wird gr\u00f6\u00dfer seinals du und ich ihn gedacht,der kommende Gott wird gr\u00f6\u00dfer seinals wir ihn zurechtgemacht,der kommende Gott wird gr\u00f6\u00dfer seinund lebendig, nicht tot und verstaubt.der kommende Gott wird gr\u00f6\u00dfer seinals die Kirche ihn je geglaubt. Denn der kommende Gott schlie\u00dft uns alle ein,ob Jude, ob Moslem, ob Christ,denn der kommende Gott [&hellip;]<\/p>\n","protected":false},"author":2,"featured_media":0,"parent":17131,"menu_order":0,"comment_status":"closed","ping_status":"closed","template":"","meta":{"ngg_post_thumbnail":0,"footnotes":""},"class_list":["post-17185","page","type-page","status-publish"],"publishpress_future_action":{"enabled":false,"date":"2026-04-29 10:12:46","action":"change-status","newStatus":"draft","terms":[],"taxonomy":"category","extraData":[]},"publishpress_future_workflow_manual_trigger":{"enabledWorkflows":[]},"_links":{"self":[{"href":"https:\/\/www.pfarregersthof.at\/komm\/wp-json\/wp\/v2\/pages\/17185","targetHints":{"allow":["GET"]}}],"collection":[{"href":"https:\/\/www.pfarregersthof.at\/komm\/wp-json\/wp\/v2\/pages"}],"about":[{"href":"https:\/\/www.pfarregersthof.at\/komm\/wp-json\/wp\/v2\/types\/page"}],"author":[{"embeddable":true,"href":"https:\/\/www.pfarregersthof.at\/komm\/wp-json\/wp\/v2\/users\/2"}],"replies":[{"embeddable":true,"href":"https:\/\/www.pfarregersthof.at\/komm\/wp-json\/wp\/v2\/comments?post=17185"}],"version-history":[{"count":4,"href":"https:\/\/www.pfarregersthof.at\/komm\/wp-json\/wp\/v2\/pages\/17185\/revisions"}],"predecessor-version":[{"id":17583,"href":"https:\/\/www.pfarregersthof.at\/komm\/wp-json\/wp\/v2\/pages\/17185\/revisions\/17583"}],"up":[{"embeddable":true,"href":"https:\/\/www.pfarregersthof.at\/komm\/wp-json\/wp\/v2\/pages\/17131"}],"wp:attachment":[{"href":"https:\/\/www.pfarregersthof.at\/komm\/wp-json\/wp\/v2\/media?parent=17185"}],"curies":[{"name":"wp","href":"https:\/\/api.w.org\/{rel}","templated":true}]}}