{"id":18095,"date":"2025-02-15T17:51:54","date_gmt":"2025-02-15T16:51:54","guid":{"rendered":"https:\/\/www.pfarregersthof.at\/komm\/?page_id=18095"},"modified":"2025-02-15T17:51:56","modified_gmt":"2025-02-15T16:51:56","slug":"p-dominik-jemielita-cm","status":"publish","type":"page","link":"https:\/\/www.pfarregersthof.at\/komm\/pfarre-von-a-z\/p-dominik-jemielita-cm\/","title":{"rendered":"P. Dominik Jemielita CM"},"content":{"rendered":"\n<p><a href=\"https:\/\/www.pfarregersthof.at\/komm\/wp-content\/uploads\/2025\/02\/p-dominik-jemielita_1.png\"><img loading=\"lazy\" decoding=\"async\" class=\"alignleft wp-image-18096 size-medium\" src=\"https:\/\/www.pfarregersthof.at\/komm\/wp-content\/uploads\/2025\/02\/p-dominik-jemielita_1-177x300.png\" alt=\"\" width=\"177\" height=\"300\" srcset=\"https:\/\/www.pfarregersthof.at\/komm\/wp-content\/uploads\/2025\/02\/p-dominik-jemielita_1-177x300.png 177w, https:\/\/www.pfarregersthof.at\/komm\/wp-content\/uploads\/2025\/02\/p-dominik-jemielita_1-248x420.png 248w, https:\/\/www.pfarregersthof.at\/komm\/wp-content\/uploads\/2025\/02\/p-dominik-jemielita_1-696x1179.png 696w, https:\/\/www.pfarregersthof.at\/komm\/wp-content\/uploads\/2025\/02\/p-dominik-jemielita_1-89x150.png 89w, https:\/\/www.pfarregersthof.at\/komm\/wp-content\/uploads\/2025\/02\/p-dominik-jemielita_1-472x800.png 472w, https:\/\/www.pfarregersthof.at\/komm\/wp-content\/uploads\/2025\/02\/p-dominik-jemielita_1.png 720w\" sizes=\"auto, (max-width: 177px) 100vw, 177px\" \/><\/a>Mein Name ist Dominik Jemielita. Ich komme aus Warschau. Ich wurde 1991 geboren.<\/p>\n<p>Im Jahr 2015 bin ich in die Kongregation der Mission eingetreten. Ich bin seit 2023 Priester. W\u00e4hrend dieser Zeit habe ich in der Basilika des Heiligen Vinzenz von Paul in Bydgoszcz gearbeitet. Ich unterrichtete nicht nur Religion, sondern auch Englisch und Deutsch am Gymnasium VI in Bydgoszcz.&nbsp; Im Rahmen meiner Aufgaben in der Pfarrei engagierte ich mich f\u00fcr die Jugend des Gymnasiums (\u201eVinzentinische Jugend\u201d), die charismatische Gemeinschaft (\u201eMagnificat\u201d) und die Gemeinschaft f\u00fcr M\u00e4nner (&#8222;Marias K\u00e4mpfer&#8220;). Au\u00dferdem bereitete ich junge Menschen auf das Sakrament der Firmung vor und gr\u00fcndete die post-akademische Gemeinschaft (&#8222;Jugendliche Plus&#8220;).&nbsp;<\/p>\n<p>Ich interessiere mich f\u00fcr Theologie und Kunst. Meine gr\u00f6\u00dfte Leidenschaft im Leben ist jedoch das Priestertum, das ich als eine enge Beziehung zu Gott und das Teilen dieser Beziehung mit den Menschen, denen ich begegne, verstehe. Ich bitte Sie dem\u00fctig um Ihr Gebet und verspreche Ihnen selbst meine Gebetsunterst\u00fctzung.<\/p>\n<p>Eine Gruppe von uns Lazaristen der polnischen Provinz ist in Wien aktiv,&nbsp;<a href=\"https:\/\/www.pfarregersthof.at\/komm\/pfarre-von-a-z\/gruppen-initiativen\/lazaristen-im-18-bezirk\/\">hier ist mehr dar\u00fcber zu erfahren<\/a>.<\/p>\n\n\n","protected":false},"excerpt":{"rendered":"<p>Mein Name ist Dominik Jemielita. Ich komme aus Warschau. Ich wurde 1991 geboren. Im Jahr 2015 bin ich in die Kongregation der Mission eingetreten. Ich bin seit 2023 Priester. W\u00e4hrend dieser Zeit habe ich in der Basilika des Heiligen Vinzenz von Paul in Bydgoszcz gearbeitet. Ich unterrichtete nicht nur Religion, sondern auch Englisch und Deutsch [&hellip;]<\/p>\n","protected":false},"author":2,"featured_media":0,"parent":35,"menu_order":0,"comment_status":"closed","ping_status":"closed","template":"","meta":{"ngg_post_thumbnail":0,"footnotes":""},"class_list":["post-18095","page","type-page","status-publish"],"publishpress_future_action":{"enabled":false,"date":"2026-04-23 19:51:02","action":"change-status","newStatus":"draft","terms":[],"taxonomy":"category","extraData":[]},"publishpress_future_workflow_manual_trigger":{"enabledWorkflows":[]},"_links":{"self":[{"href":"https:\/\/www.pfarregersthof.at\/komm\/wp-json\/wp\/v2\/pages\/18095","targetHints":{"allow":["GET"]}}],"collection":[{"href":"https:\/\/www.pfarregersthof.at\/komm\/wp-json\/wp\/v2\/pages"}],"about":[{"href":"https:\/\/www.pfarregersthof.at\/komm\/wp-json\/wp\/v2\/types\/page"}],"author":[{"embeddable":true,"href":"https:\/\/www.pfarregersthof.at\/komm\/wp-json\/wp\/v2\/users\/2"}],"replies":[{"embeddable":true,"href":"https:\/\/www.pfarregersthof.at\/komm\/wp-json\/wp\/v2\/comments?post=18095"}],"version-history":[{"count":1,"href":"https:\/\/www.pfarregersthof.at\/komm\/wp-json\/wp\/v2\/pages\/18095\/revisions"}],"predecessor-version":[{"id":18097,"href":"https:\/\/www.pfarregersthof.at\/komm\/wp-json\/wp\/v2\/pages\/18095\/revisions\/18097"}],"up":[{"embeddable":true,"href":"https:\/\/www.pfarregersthof.at\/komm\/wp-json\/wp\/v2\/pages\/35"}],"wp:attachment":[{"href":"https:\/\/www.pfarregersthof.at\/komm\/wp-json\/wp\/v2\/media?parent=18095"}],"curies":[{"name":"wp","href":"https:\/\/api.w.org\/{rel}","templated":true}]}}