{"id":526,"date":"2012-06-16T18:47:19","date_gmt":"2012-06-16T16:47:19","guid":{"rendered":"http:\/\/www.pfarregersthof.at\/komm\/?page_id=526"},"modified":"2026-02-26T11:30:08","modified_gmt":"2026-02-26T10:30:08","slug":"pgr-2","status":"publish","type":"page","link":"https:\/\/www.pfarregersthof.at\/komm\/pgr-2\/","title":{"rendered":"PGR"},"content":{"rendered":"<h3 id=\"pgr\">Der Pfarrgemeinderat (PGR) &#8230;<\/h3>\n<p>&#8230; dient dem Aufbau einer lebendigen Pfarre und der Verwirklichung des Heils- und Weltauftrags der Kirche.<br \/>\nAufgabe des Pfarrgemeinderates ist es, in allen Fragen, die die Pfarre betreffen, je nach Fachbereich und unter Beachtung di\u00f6zesaner Regelungen beratend bzw. beschlie\u00dfend mitzuwirken und f\u00fcr die Einheit in der Pfarre sowie f\u00fcr die Einheit mit dem Bischof und der Weltkirche Sorge zu tragen.<\/p>\n<p>Dieses Gremium besteht derzeit aus neun gew\u00e4hlten, zwei bestellten und f\u00fcnf amtlichen Mitgliedern. Nach der Wahl im M\u00e4rz hat sich der neu gew\u00e4hlte PGR am 19. April 2022 konstituiert.<br \/>\nVorsitzender ist Pfarrer P. Arkadiusz Zakreta CM, Stv. Vorsitzender ist Alexander Winkler.<br \/>\n<a title=\"PGR Mitglieder\" href=\"\/komm\/pgr-2\/pgr-mitglieder-2022-2027\/\">Das sind alle aktuellen Mitglieder des PGR &gt;&gt;&gt;<\/a><\/p>\n<p>Kontaktperson: Alexander Winkler, E-Mail: <a href=\"mailto:pgr@pfarregersthof.at\">pgr@pfarregersthof.at<\/a><\/p>\n<h3 id=\"leitungsteam\">Das Pfarrleitungsteam &#8230;<\/h3>\n<p>&#8230; ist eine Gruppe von Personen, die f\u00fcr die Pfarre die seelsorgliche und pastorale Verantwortung gemeinsam mit dem Pfarrer tragen.<\/p>\n<p>Dessen amtlichen Mitglieder sind Pfarrer P. Arkadiusz Zakreta CM, P. Matthias Cepielik CM, Diakon Uwe Eglau sowie vom PGR gew\u00e4hlt Alexander Winkler, Elisabeth Kromer und Maria Kissich.<br \/>\nSana Mustafic unterst\u00fctzt das Pfarrleitungsteam bei der praktischen Durchf\u00fchrung.<\/p>\n<h3 id=\"vvr\">Der Verm\u00f6gensverwaltungsrat (VVR) &#8230;<strong><br \/>\n<\/strong><\/h3>\n<p>.\u2026 ist das Gremium der Pfarre, das in rechtlichen und wirtschaftlichen Fragen entscheidet.<\/p>\n<p>Dessen Mitglieder sind: Vorsitzender Pfarrer P. Arkadiusz Zakreta CM, Stv. Vorsitzender Dr. Heinrich Weninger, Mag. Peter Bauer, Dr. Christian Lenneis, Christopher Weninger, Ing. Clemens Wilfinger, Mag. Alexander Winkler, Dr. Peter Zeitler<\/p>\n<p>Kontaktperson: Dr. Heinrich Weninger&nbsp;E-Mail: <a href=\"mailto:vvr@pfarregersthof.at\">vvr@pfarregersthof.at<\/a><\/p>\n<p><strong>Laufende Arbeit des PGR<\/strong><\/p>\n<p>Zu diesen Terminen hat sich der PGR bisher getroffen, bzw. wird er sich treffen: (j\u00fcngster Termin ist ganz oben, zu abgehaltenen Treffen gibt es auch ein Protokoll)<\/p>\n<p>Die Sitzungen finden in der Regel um 19:00 Uhr im Gemeindezentrum (Bastiengasse 18) statt und sind grunds\u00e4tzlich \u00f6ffentlich. Details zu einer Sitzung eine Woche davor unter <a href=\"\/komm\/termine\/aktuelle\/\">Aktuelle Termine<\/a>&nbsp;und in der Einladung unten.<\/p>\n<ul>\n<li>4.5.2026 &#8211;<\/li>\n<li>2.3.2026&nbsp;&#8211; <a href=\"\/dokus\/pgr\/PGR-2026-03-02-einl.pdf\">Einladung<\/a><\/li>\n<li>12.1. 2026&nbsp;&#8211; <a href=\"\/dokus\/pgr\/PGR-2026-01-12-einl.pdf\">Einladung<\/a><\/li>\n<li>3.11.2025&nbsp;&#8211; <a href=\"\/dokus\/pgr\/PGR-2025-11-03-einl.pdf\">Einladung<\/a>&nbsp;&#8211; <a href=\"\/dokus\/pgr\/PGR-2025-11-03-prot.pdf\">Protokoll<\/a><\/li>\n<li>15.9.2025 &#8211; <a href=\"\/dokus\/pgr\/PGR-2025-09-15-einl.pdf\">Einladung<\/a>&nbsp;&#8211; <a href=\"\/dokus\/pgr\/PGR-2025-09-15-prot.pdf\">Protokoll<\/a><\/li>\n<li>13.5.2025 &#8211; <a href=\"\/dokus\/pgr\/PGR-2025-05-13-einl.pdf\">Einladung<\/a>&nbsp;&#8211; <a href=\"\/dokus\/pgr\/PGR-2025-05-13-prot.pdf\">Protokoll<\/a><\/li>\n<li>11.3.2025 &#8211; <a href=\"\/dokus\/pgr\/PGR-2025-03-11-einl.pdf\">Einladung<\/a>&nbsp;&#8211; <a href=\"\/dokus\/pgr\/PGR-2025-03-11-prot.pdf\">Protokoll<\/a><\/li>\n<li>7.1.2025 &#8211; <a href=\"\/dokus\/pgr\/PGR-2025-01-07-einl.pdf\">Einladung<\/a>&nbsp;&#8211; <a href=\"\/dokus\/pgr\/PGR-2025-01-07-prot.pdf\">Protokoll<\/a><\/li>\n<li>12.11.2024 &#8211; <a href=\"\/dokus\/pgr\/PGR-2024-11-12-einl.pdf\">Einladung&nbsp;<\/a>&#8211; <a href=\"\/dokus\/pgr\/PGR-2024-11-12-prot.pdf\">Protokoll<\/a><\/li>\n<li>17.9.2024 &#8211; <a href=\"\/dokus\/pgr\/PGR-2024-09-17-einl.pdf\">Einladung<\/a>&nbsp;&#8211; <a href=\"\/dokus\/pgr\/PGR-2024-09-17-prot.pdf\">Protokoll<\/a><\/li>\n<li>14.5.2024 &#8211; <a href=\"\/dokus\/pgr\/PGR-2024-05-14-einl.pdf\">Einladung&nbsp;<\/a>&#8211; <a href=\"\/dokus\/pgr\/PGR-2024-05-14-prot.pdf\">Protokoll<\/a><\/li>\n<li>12.3.2024 &#8211; <a href=\"\/dokus\/pgr\/PGR-2024-03-12-einl.pdf\">Einladung<\/a>&nbsp;&#8211; <a href=\"\/dokus\/pgr\/PGR-2024-03-12-prot.pdf\">Protokoll<\/a><\/li>\n<li>16.1.2024&nbsp;&#8211; <a href=\"\/dokus\/pgr\/PGR-2024-01-16-einl.pdf\">Einladung<\/a>&nbsp;&#8211; <a href=\"\/dokus\/pgr\/PGR-2024-01-16-prot.pdf\">Protokoll<\/a><\/li>\n<li>21.11.2023 &#8211; <a href=\"\/dokus\/pgr\/PGR-2023-11-21-einl.pdf\">Einladung<\/a>&nbsp;&#8211; <a href=\"\/dokus\/pgr\/PGR-2023-11-21-prot.pdf\">Protokoll<\/a><\/li>\n<li>29.\/30.9.2023 Klausurtagung (kein Protokoll)<\/li>\n<li>12.9.2023 &#8211; <a href=\"\/dokus\/pgr\/PGR-2023-09-12-einl.pdf\">Einladung&nbsp;<\/a>&#8211; <a href=\"\/dokus\/pgr\/PGR-2023-09-12-prot.pdf\">Protokoll<\/a><\/li>\n<li>20.6.2023 &#8211;&nbsp;<a href=\"\/dokus\/pgr\/PGR-2023-06-20-einl.pdf\">Einladung<\/a>&nbsp;&#8211; <a href=\"\/dokus\/pgr\/PGR-2023-06-20-prot.pdf\">Protokoll<\/a><\/li>\n<li>19.5.2023&nbsp;&#8211; <a href=\"\/dokus\/pgr\/PGR-2023-05-19-einl.pdf\">Einladung<\/a>&nbsp;&#8211; <a href=\"\/dokus\/pgr\/PGR-2023-05-19-prot.pdf\">Protokoll<\/a><\/li>\n<li>29.3.2023 &#8211; <a href=\"\/dokus\/pgr\/PGR-2023-03-29-einl.pdf\">Einladung<\/a>&nbsp;&#8211; <a href=\"\/dokus\/pgr\/PGR-2023-03-29-prot.pdf\">Protokoll<\/a><\/li>\n<li>10.1.2023 &#8211; <a href=\"\/dokus\/pgr\/PGR-2023-01-10-einl.pdf\">Einladung<\/a>&nbsp;&#8211; <a href=\"\/dokus\/pgr\/PGR-2023-01-10-prot.pdf\">Protokoll<\/a><\/li>\n<li>8.11.2022 &#8211; <a href=\"\/dokus\/pgr\/PGR-2022-11-08-einl.pdf\">Einladung<\/a>&nbsp;&#8211; <a href=\"\/dokus\/pgr\/PGR-2022-11-08-prot.pdf\">Protokoll<\/a><\/li>\n<li>14.\/15.10.2022 Klausurtagung (kein Protokoll)<\/li>\n<li>13.9.2022 &#8211; <a href=\"\/dokus\/pgr\/PGR-2022-09-13-einl.pdf\">Einladung<\/a>&nbsp;&#8211; <a href=\"\/dokus\/pgr\/PGR-2022-09-13-prot.pdf\">Protokoll<\/a><\/li>\n<li>22.6.2022 &#8211; <a href=\"\/dokus\/pgr\/PGR-2022-06-22-einl.pdf\">Einladung<\/a>&nbsp;&#8211; <a href=\"\/dokus\/pgr\/PGR-2022-06-22-prot.pdf\">Protokoll<\/a><\/li>\n<li>13.5.2022 Klausurtagung (kein Protokoll)<\/li>\n<li>19.4.2022, Konstituierende Sitzung des neuen PGR &#8211; <a href=\"\/dokus\/pgr\/PGR-2022-04-19-prot.pdf\">Protokoll<\/a><\/li>\n<li>(Hinweis: im M\u00e4rz 2022 wurde ein neuer PGR gew\u00e4hlt)<\/li>\n<li>1.3.2022 &#8211; <a href=\"\/dokus\/pgr\/PGR-2022-03-01-einl.pdf\">Einladung<\/a>&nbsp;&#8211; <a href=\"\/dokus\/pgr\/PGR-2022-03-01-prot.pdf\">Protokoll<\/a><\/li>\n<li>11.1.2022&nbsp;&#8211; <a href=\"\/dokus\/pgr\/PGR-2022-01-11-einl.pdf\">Einladung<\/a>&nbsp;&#8211; <a href=\"\/dokus\/pgr\/PGR-2022-01-11-prot.pdf\">Protokoll<\/a><\/li>\n<li>9.11.2021&nbsp;&#8211; <a href=\"\/dokus\/pgr\/PGR-2021-11-09-einl.pdf\">Einladung<\/a>&nbsp;&#8211; <a href=\"\/dokus\/pgr\/PGR-2021-11-09-prot.pdf\">Protokoll<\/a><\/li>\n<li>14.9.2021&nbsp;&#8211; <a href=\"\/dokus\/pgr\/PGR-2021-09-14-einl.pdf\">Einladung<\/a>&nbsp;&#8211; <a href=\"\/dokus\/pgr\/PGR-2021-09-14-prot.pdf\">Protokoll<\/a><\/li>\n<li>1.6.2021 &#8211; <a href=\"\/dokus\/pgr\/PGR-2021-06-01-einl.pdf\">Einladung<\/a>&nbsp;&#8211; <a href=\"\/dokus\/pgr\/PGR-2021-06-01-prot.pdf\">Protokoll<\/a><\/li>\n<li>4.5.2021 &#8211; <a href=\"\/dokus\/pgr\/PGR-2021-05-04-einl.pdf\">Einladung<\/a>&nbsp;&#8211; <a href=\"\/dokus\/pgr\/PGR-2021-05-04-prot.pdf\">Protokoll<\/a><\/li>\n<li>6.4.2021 &#8211; <a href=\"\/dokus\/pgr\/PGR-2021-04-06-einl.pdf\">Einladung<\/a>&nbsp;&#8211; <a href=\"\/dokus\/pgr\/PGR-2021-04-06-prot.pdf\">Protokoll<\/a><\/li>\n<li>2.3.2021 &#8211; <a href=\"\/dokus\/pgr\/PGR-2021-03-02-einl.pdf\">Einladung<\/a>&nbsp;&#8211; <a href=\"\/dokus\/pgr\/PGR-2021-03-02-prot.pdf\">Protokoll<\/a><\/li>\n<li>9.2.2021 &#8211; <a href=\"\/dokus\/pgr\/PGR-2021-02-09-einl.pdf\">Einladung<\/a>&nbsp;&#8211; <a href=\"\/dokus\/pgr\/PGR-2021-02-09-prot.pdf\">Protokoll<\/a><\/li>\n<li>12.1.2021 &#8211; <a href=\"\/dokus\/pgr\/PGR-2021-01-12-einl.pdf\">Einladung&nbsp;<\/a>&#8211; <a href=\"\/dokus\/pgr\/PGR-2021-01-12-prot.pdf\">Protokoll<\/a><\/li>\n<li>1.12.2020 &#8211; <a href=\"\/dokus\/pgr\/PGR-2020-12-01-einl.pdf\">Einladung<\/a>&nbsp;&#8211; <a href=\"\/dokus\/pgr\/PGR-2020-12-01-prot.pdf\">Protokoll<\/a><\/li>\n<li>3.11.2020&nbsp;&#8211; <a href=\"\/dokus\/pgr\/PGR-2020-11-03-einl.pdf\">Einladung<\/a>&nbsp;&#8211; <a href=\"\/dokus\/pgr\/PGR-2020-11-03-prot.pdf\">Protokoll<\/a><\/li>\n<li>6.10.2020&nbsp;&#8211; <a href=\"\/dokus\/pgr\/PGR-2020-10-06-einl.pdf\">Einladung<\/a>&nbsp;&#8211; <a href=\"\/dokus\/pgr\/PGR-2020-10-06-prot.pdf\">Protokoll<\/a><\/li>\n<li>8.9.2020 &#8211; <a href=\"\/dokus\/pgr\/PGR-2020-09-08-einl.pdf\">Einladung<\/a>&nbsp;&#8211; <a href=\"\/dokus\/pgr\/PGR-2020-09-08-prot.pdf\">Protokoll<\/a><\/li>\n<li>25.8.2020 &#8211; <a href=\"\/dokus\/pgr\/PGR-2020-08-25-einl.pdf\">Einladung<\/a>&nbsp;&#8211; <a href=\"\/dokus\/pgr\/PGR-2020-08-25-prot.pdf\">Protokoll<\/a><\/li>\n<li>9.6.2020 &#8211; <a href=\"\/dokus\/pgr\/PGR-2020-06-09-einl.pdf\">Einladung<\/a> &#8211; <a href=\"\/dokus\/pgr\/PGR-2020-06-09-prot.pdf\">Protokoll<\/a><\/li>\n<li>5.5.2020 &#8211; wegen Coronavirus-Einschr\u00e4nkungen abgesagt<\/li>\n<li>31.3.2020 &#8211; wegen Coronavirus-Einschr\u00e4nkungen abgesagt<\/li>\n<li>3.3.2020 &#8211; <a href=\"\/dokus\/pgr\/PGR-2020-03-03-einl.pdf\">Einladung<\/a>&nbsp;&#8211; <a href=\"\/dokus\/pgr\/PGR-2020-03-03-prot.pdf\">Protokoll<\/a><\/li>\n<li>11.2.2020 &#8211; <a href=\"\/dokus\/pgr\/PGR-2020-02-11-einl.pdf\">Einladung<\/a>&nbsp;&#8211; <a href=\"\/dokus\/pgr\/PGR-2020-02-11-prot.pdf\">Protokoll<\/a><\/li>\n<li>21.1.2020 &#8211; <a href=\"\/dokus\/pgr\/PGR-2020-01-21-einl.pdf\">Einladung<\/a> &#8211; <a href=\"\/dokus\/pgr\/PGR-2020-01-21-prot.pdf\">Protokoll<\/a><\/li>\n<li>3.12.2019 &#8211; <a href=\"\/dokus\/pgr\/PGR-2019-12-03-prot.pdf\">Protokoll<\/a><\/li>\n<li>5.11.2019 &#8211; <a href=\"\/dokus\/pgr\/PGR-2019-11-05-prot.pdf\">Protokoll<\/a><\/li>\n<li>1.10.2019 &#8211; <a href=\"\/dokus\/pgr\/PGR-2019-10-01-prot.pdf\">Protokoll<\/a><\/li>\n<li>4.6.2019 &#8211; <a href=\"\/dokus\/pgr\/PGR-2019-06-04-einl.pdf\">Einladung<\/a>&nbsp;&#8211; <a href=\"\/dokus\/pgr\/PGR-2019-06-04-prot.pdf\">Protokoll<\/a><\/li>\n<li>8.5.2019&nbsp; &#8211; <a href=\"\/dokus\/pgr\/PGR-2019-05-08-einl.pdf\">Einladung<\/a> &#8211; <a href=\"\/dokus\/pgr\/PGR-2019-05-08-prot.pdf\">Protokoll<\/a><\/li>\n<li>2.4.2019 &#8211; <a href=\"\/dokus\/pgr\/PGR-2019-04-02-prot.pdf\">Protokoll<\/a><\/li>\n<li>12.3.2019 &#8211; <a href=\"\/dokus\/pgr\/PGR-2019-03-12-einl.pdf\">Einladung<\/a> &#8211; <a href=\"\/dokus\/pgr\/PGR-2019-03-12-prot.pdf\">Protokoll<\/a><\/li>\n<li>22.1.2019 &#8211; <a href=\"\/dokus\/pgr\/PGR-2019-01-22-einl.pdf\">Einladung<\/a> &#8211; <a href=\"\/dokus\/pgr\/PGR-2019-01-22-prot.pdf\">Protokoll<\/a><\/li>\n<li>4.12.2018 &#8211; <a href=\"\/dokus\/pgr\/PGR-2018-12-04-prot.pdf\">Protokoll<\/a><\/li>\n<li>6.11.2018 &#8211; <a href=\"\/dokus\/pgr\/PGR-2018-11-06-prot.pdf\">Protokoll<\/a><\/li>\n<li>5. &#8211; 6.10.2018: PGR Klausurtagung (kein Protokoll)<\/li>\n<li>2.10.2018 &#8211; <a href=\"\/dokus\/pgr\/PGR-2018-10-02-einl.pdf\">Einladung<\/a> &#8211; <a href=\"\/dokus\/pgr\/PGR-2018-10-02-prot.pdf\">Protokoll<\/a><\/li>\n<li>11.9.2018 &#8211; <a href=\"\/dokus\/pgr\/PGR-2018-09-11-prot.pdf\">Protokoll<\/a><\/li>\n<li>5.6.2018 &#8211; <a href=\"\/dokus\/pgr\/PGR-2018-06-05-prot.pdf\">Protokoll<\/a><\/li>\n<li>8.5.2018 &#8211; <a href=\"\/dokus\/pgr\/PGR-2018-05-08-prot.pdf\">Protokoll<\/a><\/li>\n<li>10.4.2018 &#8211; <a href=\"\/dokus\/pgr\/PGR-2018-04-10-prot.pdf\">Protokoll<\/a><\/li>\n<li>6.3.2018 &#8211; <a href=\"\/dokus\/pgr\/PGR-2018-03-06-prot.pdf\">Protokoll<\/a><\/li>\n<li>22.1.2018 &#8211; <a href=\"\/dokus\/pgr\/PGR-2018-01-22-prot.pdf\">Protokoll<\/a><\/li>\n<li>5.12.2017 &#8211; <a href=\"\/dokus\/pgr\/PGR-2017-12-05-prot.pdf\">Protokoll<\/a><\/li>\n<li>7.11.2017 &#8211; <a href=\"\/dokus\/pgr\/PGR-2017-11-07-prot.pdf\">Protokoll<\/a><\/li>\n<li>3.10.2017 &#8211; <a href=\"\/dokus\/pgr\/PGR-2017-10-10-prot.pdf\">Protokoll<\/a><\/li>\n<li>12.9.2017 &#8211; <a href=\"\/dokus\/pgr\/PGR-2017-09-12-prot.pdf\">Protokoll<\/a><\/li>\n<li>23.5.2017 &#8211; <a href=\"\/dokus\/pgr\/PGR-2017-05-23-prot.pdf\">Protokoll<\/a><\/li>\n<li>24.4.2017 &#8211; <a href=\"\/dokus\/pgr\/PGR-2017-04-24-prot.pdf\">Protokoll<\/a> der Konstituierenden Sitzung des neugew\u00e4hlten PGR<\/li>\n<li>7.3.2017 &#8211; <a href=\"https:\/\/www.pfarregersthof.at\/dokus\/pgr\/PGR-2017-03-07-prot.pdf\" target=\"_blank\" rel=\"noopener noreferrer\">Protokoll<\/a> der letzten PGR-Sitzung der Funktionsperiode 2012-2017<\/li>\n<li>17.1.2017 &#8211; <a href=\"https:\/\/www.pfarregersthof.at\/dokus\/pgr\/PGR-2017-01-17-prot.pdf\" target=\"_blank\" rel=\"noopener noreferrer\">Protokoll<\/a><\/li>\n<li>6.12.2016 &#8211; <a href=\"https:\/\/www.pfarregersthof.at\/dokus\/pgr\/PGR-2016-12-06-prot.pdf\" target=\"_blank\" rel=\"noopener noreferrer\">Protokoll<\/a><\/li>\n<li>8.11.2016 &#8211; <a href=\"https:\/\/www.pfarregersthof.at\/dokus\/pgr\/PGR-2016-11-06-prot.pdf\" target=\"_blank\" rel=\"noopener noreferrer\">Protokoll<\/a><\/li>\n<li>4.10.2016 &#8211; <a href=\"https:\/\/www.pfarregersthof.at\/dokus\/pgr\/PGR-2016-10-04-prot.pdf\" target=\"_blank\" rel=\"noopener noreferrer\">Protokoll<\/a><\/li>\n<li>13.9.2016 &#8211; <a href=\"https:\/\/www.pfarregersthof.at\/dokus\/pgr\/PGR-2016-09-13-prot.pdf\" target=\"_blank\" rel=\"noopener noreferrer\">Protokoll<\/a><\/li>\n<li>7.6.2016 &#8211; <a href=\"https:\/\/www.pfarregersthof.at\/dokus\/pgr\/PGR-2016-06-07-prot.pdf\" target=\"_blank\" rel=\"noopener noreferrer\">Protokoll<\/a><\/li>\n<li>3.5.2016 &#8211; <a href=\"https:\/\/www.pfarregersthof.at\/dokus\/pgr\/PGR-2016-05-03-prot.pdf\" target=\"_blank\" rel=\"noopener noreferrer\">Protokoll<\/a><\/li>\n<li>5.4.2016 &#8211; <a href=\"https:\/\/www.pfarregersthof.at\/dokus\/pgr\/PGR-2016-05-04-prot.pdf\" target=\"_blank\" rel=\"noopener noreferrer\">Protokoll<\/a><\/li>\n<li>1.3.2016<\/li>\n<li>26.1.2016 &#8211; <a href=\"\/dokus\/pgr\/PGR-2016-01-26-prot.pdf\" target=\"_blank\" rel=\"noopener noreferrer\">Protokoll<\/a><\/li>\n<li>1.12.2015 &#8211; <a href=\"\/dokus\/pgr\/PGR-2015-12-01-prot.pdf\" target=\"_blank\" rel=\"noopener noreferrer\">Protokoll<\/a><\/li>\n<li>3.11.2015 &#8211; <a href=\"\/dokus\/pgr\/PGR-2015-11-03-prot.pdf\" target=\"_blank\" rel=\"noopener noreferrer\">Protokoll<\/a><\/li>\n<li>6.10.2015 &#8211; <a href=\"https:\/\/www.pfarregersthof.at\/dokus\/pgr\/PGR_2015_10_06_prot.pdf\" target=\"_blank\" rel=\"noopener noreferrer\">Protokoll<\/a><\/li>\n<li>2.\/3.10.2015 &#8211; PGR Klausur (kein Protokoll)<\/li>\n<li>8.9.2015 &#8211; <a href=\"https:\/\/www.pfarregersthof.at\/dokus\/pgr\/PGR-2015-09-08-prot.pdf\" target=\"_blank\" rel=\"noopener noreferrer\">Protokoll<\/a><\/li>\n<li>9.6.2015 &#8211; <a href=\"https:\/\/www.pfarregersthof.at\/dokus\/pgr\/PGR-2015-06-09-prot.pdf\" target=\"_blank\" rel=\"noopener noreferrer\">Protokoll<\/a><\/li>\n<li>5.5.2015 &#8211; <a href=\"https:\/\/www.pfarregersthof.at\/dokus\/pgr\/PGR-2015-05-05-prot.pdf\" target=\"_blank\" rel=\"noopener noreferrer\">Protokoll<\/a><\/li>\n<li>7.4.2015 &#8211; <a href=\"https:\/\/www.pfarregersthof.at\/dokus\/pgr\/PGR-2015-04-07-prot.pdf\" target=\"_blank\" rel=\"noopener noreferrer\">Protokoll<\/a><\/li>\n<li>3.3.2015 &#8211; <a href=\"https:\/\/www.pfarregersthof.at\/dokus\/pgr\/PGR-2015-03-03-prot.pdf\" target=\"_blank\" rel=\"noopener noreferrer\">Protokoll<\/a><\/li>\n<li>2.12.2014 &#8211; <a href=\"https:\/\/www.pfarregersthof.at\/dokus\/pgr\/PGR-2014-12-02-prot.pdf\" target=\"_blank\" rel=\"noopener noreferrer\">Protokoll<\/a><\/li>\n<li>4.11.2014 &#8211; <a href=\"https:\/\/www.pfarregersthof.at\/dokus\/pgr\/PGR-2014-11-04-prot.pdf\" target=\"_blank\" rel=\"noopener noreferrer\">Protokoll<\/a><\/li>\n<li>6.10.2014 &#8211; <a href=\"https:\/\/www.pfarregersthof.at\/dokus\/pgr\/PGR-2014-10-06-prot.pdf\" target=\"_blank\" rel=\"noopener noreferrer\">Protokoll<\/a><\/li>\n<li>3.\/4.10.2014 &#8211; PGR Klausur (kein Protokoll)<\/li>\n<li>2.9.2014 &#8211; <a href=\"https:\/\/www.pfarregersthof.at\/dokus\/pgr\/PGR-2014-09-02-prot.pdf\" target=\"_blank\" rel=\"noopener noreferrer\">Protokoll<\/a><\/li>\n<li>3.6.2014 &#8211; <a href=\"https:\/\/www.pfarregersthof.at\/dokus\/pgr\/PGR-2014-06-03-prot.pdf\" target=\"_blank\" rel=\"noopener noreferrer\">Protokoll<\/a><\/li>\n<li>6.5.2014 &#8211; <a href=\"https:\/\/www.pfarregersthof.at\/dokus\/pgr\/PGR-2014-05-06-prot.pdf\">Protokoll<\/a><\/li>\n<li>1.4.2014 &#8211; <a href=\"https:\/\/www.pfarregersthof.at\/dokus\/pgr\/PGR-2014-04-01-prot.pdf\">Protokoll<\/a><\/li>\n<li>4.3.2014 &#8211; <a href=\"https:\/\/www.pfarregersthof.at\/dokus\/pgr\/PGR-2014-03-04-prot.pdf\" target=\"_blank\" rel=\"noopener noreferrer\">Protokoll<\/a><\/li>\n<li>11.2.2014 &#8211; <a href=\"https:\/\/www.pfarregersthof.at\/dokus\/pgr\/PGR-2014-02-11-prot.pdf\">Protokoll<\/a><\/li>\n<li>3.12.2013 &#8211; <a href=\"https:\/\/www.pfarregersthof.at\/dokus\/pgr\/PGR-2013-12-03-prot.pdf\" target=\"_blank\" rel=\"noopener noreferrer\">Protokoll<\/a><\/li>\n<li>5.11.2013- <a href=\"https:\/\/www.pfarregersthof.at\/dokus\/pgr\/PGR-2013-11-05-prot.pdf\" target=\"_blank\" rel=\"noopener noreferrer\">Protokoll<\/a><\/li>\n<li>4.\/5.10.2013 &#8211; PGR Klausur (kein Protokoll)<\/li>\n<li>1.10.2013- <a href=\"https:\/\/www.pfarregersthof.at\/dokus\/pgr\/PGR-2013-10-01-prot.pdf\" target=\"_blank\" rel=\"noopener noreferrer\">Protokoll<\/a><\/li>\n<li>1.9.2013 &#8211; <a href=\"https:\/\/www.pfarregersthof.at\/dokus\/pgr\/PGR-2013-09-02-prot.pdf\" target=\"_blank\" rel=\"noopener noreferrer\">Protokoll<\/a><\/li>\n<li>25.6.2013 &#8211; <a href=\"https:\/\/www.pfarregersthof.at\/dokus\/pgr\/PGR-2013-06-25-prot.pdf\" target=\"_blank\" rel=\"noopener noreferrer\">Protokoll<\/a><\/li>\n<li>4.6.2013 &#8211; <a href=\"https:\/\/www.pfarregersthof.at\/dokus\/pgr\/PGR-2013-06-04-prot.pdf\" target=\"_blank\" rel=\"noopener noreferrer\">Protokoll<\/a><\/li>\n<li>7.5.2013 &#8211; <a href=\"https:\/\/www.pfarregersthof.at\/dokus\/pgr\/PGR-2013-05-07-prot.pdf\">Protokoll<\/a><\/li>\n<li>4.4.2013 &#8211; <a href=\"https:\/\/www.pfarregersthof.at\/dokus\/pgr\/PGR-2013-04-04-prot.pdf\" target=\"_blank\" rel=\"noopener noreferrer\">Protokoll<\/a><\/li>\n<li>5.3.2013 &#8211; <a href=\"https:\/\/www.pfarregersthof.at\/dokus\/pgr\/PGR-2013-03-05-prot.pdf\" target=\"_blank\" rel=\"noopener noreferrer\">Protokoll<\/a><\/li>\n<li>12.2.2013 &#8211; <a href=\"https:\/\/www.pfarregersthof.at\/dokus\/pgr\/PGR-2013-02-12-prot.pdf\" target=\"_blank\" rel=\"noopener noreferrer\">Protokoll<\/a><\/li>\n<li>8.1.2013 &#8211; <a href=\"https:\/\/www.pfarregersthof.at\/dokus\/pgr\/PGR-2013-01-08-prot.pdf\" target=\"_blank\" rel=\"noopener noreferrer\">Protokoll<\/a><\/li>\n<li>4.12.2012 &#8211; <a href=\"https:\/\/www.pfarregersthof.at\/dokus\/pgr\/PGR-2012-12-04-prot.pdf\" target=\"_blank\" rel=\"noopener noreferrer\">Protokoll<\/a><\/li>\n<li>6.11.2012 &#8211; <a href=\"\/dokus\/pgr\/PGR-2012-11-06-prot.pdf\" target=\"_blank\" rel=\"noopener noreferrer\">Protokoll<\/a><\/li>\n<li>9.10.2012 &#8211; <a title=\"PGR Protokoll\" href=\"\/dokus\/pgr\/PGR-2012-10-09-prot.pdf\" target=\"_blank\" rel=\"noopener noreferrer\">Protokoll<\/a><\/li>\n<li>5.\/6.10.2012: PGR-Klausur &#8211; <a title=\"PGR: hier soll sich was in den n\u00e4chsten Jahren \u00e4ndern!\" href=\"https:\/\/www.pfarregersthof.at\/komm\/2012\/10\/pgr-hier-soll-sich-was-in-den-nachsten-jahren-andern\/\">1. Bericht<\/a><\/li>\n<li>4.9.2012 &#8211; <a href=\"https:\/\/www.pfarregersthof.at\/dokus\/pgr\/PGR-2012-09-04-prot.pdf\" target=\"_blank\" rel=\"noopener noreferrer\">Protokoll<\/a><\/li>\n<li>26.6.2012 &#8211; <a href=\"https:\/\/www.pfarregersthof.at\/dokus\/pgr\/PGR-2012-06-26-prot.pdf\" target=\"_blank\" rel=\"noopener noreferrer\">Protokoll<\/a><\/li>\n<li>5.6.2012 &#8211; <a href=\"\/dokus\/pgr\/PGR-2012-06-05-prot.pdf\" target=\"_blank\" rel=\"noopener noreferrer\">Protokoll<\/a><\/li>\n<li>24.4.2012 (konstituierende Sitzung) &#8211; <a href=\"\/dokus\/pgr\/PGR-2012-04-24-prot.pdf\">Protokoll<\/a><\/li>\n<\/ul>\n","protected":false},"excerpt":{"rendered":"<p>Der Pfarrgemeinderat (PGR) &#8230; &#8230; dient dem Aufbau einer lebendigen Pfarre und der Verwirklichung des Heils- und Weltauftrags der Kirche. Aufgabe des Pfarrgemeinderates ist es, in allen Fragen, die die Pfarre betreffen, je nach Fachbereich und unter Beachtung di\u00f6zesaner Regelungen beratend bzw. beschlie\u00dfend mitzuwirken und f\u00fcr die Einheit in der Pfarre sowie f\u00fcr die Einheit [&hellip;]<\/p>\n","protected":false},"author":2,"featured_media":0,"parent":0,"menu_order":50,"comment_status":"open","ping_status":"open","template":"","meta":{"ngg_post_thumbnail":0,"footnotes":""},"class_list":["post-526","page","type-page","status-publish"],"publishpress_future_action":{"enabled":false,"date":"2026-04-23 19:07:25","action":"change-status","newStatus":"draft","terms":[],"taxonomy":"category","extraData":[]},"publishpress_future_workflow_manual_trigger":{"enabledWorkflows":[]},"_links":{"self":[{"href":"https:\/\/www.pfarregersthof.at\/komm\/wp-json\/wp\/v2\/pages\/526","targetHints":{"allow":["GET"]}}],"collection":[{"href":"https:\/\/www.pfarregersthof.at\/komm\/wp-json\/wp\/v2\/pages"}],"about":[{"href":"https:\/\/www.pfarregersthof.at\/komm\/wp-json\/wp\/v2\/types\/page"}],"author":[{"embeddable":true,"href":"https:\/\/www.pfarregersthof.at\/komm\/wp-json\/wp\/v2\/users\/2"}],"replies":[{"embeddable":true,"href":"https:\/\/www.pfarregersthof.at\/komm\/wp-json\/wp\/v2\/comments?post=526"}],"version-history":[{"count":190,"href":"https:\/\/www.pfarregersthof.at\/komm\/wp-json\/wp\/v2\/pages\/526\/revisions"}],"predecessor-version":[{"id":19890,"href":"https:\/\/www.pfarregersthof.at\/komm\/wp-json\/wp\/v2\/pages\/526\/revisions\/19890"}],"wp:attachment":[{"href":"https:\/\/www.pfarregersthof.at\/komm\/wp-json\/wp\/v2\/media?parent=526"}],"curies":[{"name":"wp","href":"https:\/\/api.w.org\/{rel}","templated":true}]}}