{"id":6010,"date":"2019-09-09T17:38:36","date_gmt":"2019-09-09T16:38:36","guid":{"rendered":"https:\/\/www.pfarregersthof.at\/komm\/?page_id=6010"},"modified":"2025-03-05T22:11:18","modified_gmt":"2025-03-05T21:11:18","slug":"60plus-fuer-senioren-und-andere-interessenten","status":"publish","type":"page","link":"https:\/\/www.pfarregersthof.at\/komm\/pfarre-von-a-z\/angebote\/60plus-fuer-senioren-und-andere-interessenten\/","title":{"rendered":"60plus &#8211; f\u00fcr Senioren und andere Interessenten"},"content":{"rendered":"\n<p><span data-sheets-value=\"{&quot;1&quot;:2,&quot;2&quot;:&quot;Seit 2011 bietet die Pfarrcaritas einmal im Monat unter dem Titel \u201e60 plus\u201c einen Themennachmittag \u2013 im Regelfall der letzte Donnerstag im Monat \u2013 an, der sich nicht nur an die Senioren sondern an alle Interessierten wendet. Die Bandbreite dieser angebotenen Veranstaltungen erstreckt sich vom gem\u00fctlichen Beisammensein- \u00fcber Kultur - bis zu spannenden Exkursionen. Da das Gemeinsame immer im Vordergrund steht, lassen wir den Nachmittag bei einem gem\u00fctlichen Cafe in der N\u00e4he des Veranstaltungsortes ausklingen.&quot;}\" data-sheets-userformat=\"{&quot;2&quot;:897,&quot;3&quot;:{&quot;1&quot;:0},&quot;10&quot;:0,&quot;11&quot;:4,&quot;12&quot;:0}\">Seit 2011 bietet die Pfarrcaritas einmal im Monat unter dem Titel \u201e60plus\u201c einen Themennachmittag \u2013 im Regelfall der letzte Donnerstag im Monat \u2013 an, der sich nicht nur an die Senioren sondern an alle Interessierten wendet. <\/span><\/p>\n<p><span data-sheets-value=\"{&quot;1&quot;:2,&quot;2&quot;:&quot;Seit 2011 bietet die Pfarrcaritas einmal im Monat unter dem Titel \u201e60 plus\u201c einen Themennachmittag \u2013 im Regelfall der letzte Donnerstag im Monat \u2013 an, der sich nicht nur an die Senioren sondern an alle Interessierten wendet. Die Bandbreite dieser angebotenen Veranstaltungen erstreckt sich vom gem\u00fctlichen Beisammensein- \u00fcber Kultur - bis zu spannenden Exkursionen. Da das Gemeinsame immer im Vordergrund steht, lassen wir den Nachmittag bei einem gem\u00fctlichen Cafe in der N\u00e4he des Veranstaltungsortes ausklingen.&quot;}\" data-sheets-userformat=\"{&quot;2&quot;:897,&quot;3&quot;:{&quot;1&quot;:0},&quot;10&quot;:0,&quot;11&quot;:4,&quot;12&quot;:0}\">Die Bandbreite dieser angebotenen Veranstaltungen erstreckt sich vom gem\u00fctlichen Beisammensein- \u00fcber Kultur &#8211; bis zu spannenden Exkursionen. <\/span><\/p>\n<p><span data-sheets-value=\"{&quot;1&quot;:2,&quot;2&quot;:&quot;Seit 2011 bietet die Pfarrcaritas einmal im Monat unter dem Titel \u201e60 plus\u201c einen Themennachmittag \u2013 im Regelfall der letzte Donnerstag im Monat \u2013 an, der sich nicht nur an die Senioren sondern an alle Interessierten wendet. Die Bandbreite dieser angebotenen Veranstaltungen erstreckt sich vom gem\u00fctlichen Beisammensein- \u00fcber Kultur - bis zu spannenden Exkursionen. Da das Gemeinsame immer im Vordergrund steht, lassen wir den Nachmittag bei einem gem\u00fctlichen Cafe in der N\u00e4he des Veranstaltungsortes ausklingen.&quot;}\" data-sheets-userformat=\"{&quot;2&quot;:897,&quot;3&quot;:{&quot;1&quot;:0},&quot;10&quot;:0,&quot;11&quot;:4,&quot;12&quot;:0}\">Da das Gemeinsame immer im Vordergrund steht, lassen wir den Nachmittag bei einem gem\u00fctlichen Caf\u00e9 in der N\u00e4he des Veranstaltungsortes ausklingen.<\/span><\/p>\n<p>Das ist unser <strong>geplantes Programm bis zum Sommer 2025<\/strong> &#8211; es k\u00f6nnte jedoch notwendigerweise ge\u00e4ndert werden, bitte kurz davor auf der <a href=\"\/komm\">Homepage<\/a> nachschauen:<\/p>\n<ul>\n<li>\n<p>Donnerstag, 19.9.2024: Stift Klosterneuburg (mit F\u00fchrung). \u201eDie vergessenen Chorfrauen\u201c<\/p>\n<\/li>\n<li>\n<p>Donnerstag, 17.10.2024:&nbsp; F\u00fchrung durch das Ernst Fuchs Museum \u201eFuchsvilla\u201c<\/p>\n<\/li>\n<li>\n<p>Donnerstag, 21.11.2024: F\u00fchrung durch die Universit\u00e4tssternwarte Wien<\/p>\n<\/li>\n<li>\n<p>Donnerstag, 12.12.2024: <span style=\"color: #ff0000;\"><strong>ABGESAGT<\/strong><\/span>: F\u00fchrung durch die Augustiner Kirche und Besuch Weihnachtsmarkt<\/p>\n<\/li>\n<li>\n<p>Donnerstag, 23.01.2025: F\u00fchrung durch die GeoSphere Austria (vormals Zentralanstalt f\u00fcr Meteorologie &#8230;)<\/p>\n<\/li>\n<li>\n<p>Donnerstag, 20.02.2025: \u201eZauberhafter Nachmittag\u201c im Gemeindezentrum<\/p>\n<\/li>\n<li>\n<p><span style=\"color: #ff0000;\">Mittwoch, 19.<\/span>03.2025: F\u00fchrung durch das Verkehrsmuseum der Wiener Linien<\/p>\n<\/li>\n<li>\n<p>Donnerstag, 10.04.2025: Besuch J\u00fcdischer Tempel (Auf Wunsch wiederholt)<\/p>\n<\/li>\n<li>\n<p>Donnerstag, 15.05.2025: Unterirdische 3. Mann Tour (Auf Wunsch wiederholt)<\/p>\n<\/li>\n<li>\n<p>Donnerstag, 12.06.2025: Abschlussheuriger beim \u201eHerrgott aus Sta\u201c<\/p>\n<\/li>\n<\/ul>\n<p>Ansprechperson: Maria Kissich (Tel: +43 <span data-sheets-value=\"{&quot;1&quot;:2,&quot;2&quot;:&quot;0676 936 14 73&quot;}\" data-sheets-userformat=\"{&quot;2&quot;:641,&quot;3&quot;:{&quot;1&quot;:0},&quot;10&quot;:0,&quot;12&quot;:0}\">676 936 14 73)<br>E-Mail: <a href=\"mailto:caritasteam@pfarregersthof.at\">caritasteam@pfarregersthof.at<\/a><\/span><\/p>\n<p>&nbsp;<\/p>\n","protected":false},"excerpt":{"rendered":"<p>Seit 2011 bietet die Pfarrcaritas einmal im Monat unter dem Titel \u201e60plus\u201c einen Themennachmittag \u2013 im Regelfall der letzte Donnerstag im Monat \u2013 an, der sich nicht nur an die Senioren sondern an alle Interessierten wendet. Die Bandbreite dieser angebotenen Veranstaltungen erstreckt sich vom gem\u00fctlichen Beisammensein- \u00fcber Kultur &#8211; bis zu spannenden Exkursionen. Da das [&hellip;]<\/p>\n","protected":false},"author":2,"featured_media":0,"parent":611,"menu_order":0,"comment_status":"closed","ping_status":"closed","template":"","meta":{"ngg_post_thumbnail":0,"footnotes":""},"class_list":["post-6010","page","type-page","status-publish"],"publishpress_future_action":{"enabled":false,"date":"2026-05-10 19:04:07","action":"change-status","newStatus":"draft","terms":[],"taxonomy":"category","extraData":[]},"publishpress_future_workflow_manual_trigger":{"enabledWorkflows":[]},"_links":{"self":[{"href":"https:\/\/www.pfarregersthof.at\/komm\/wp-json\/wp\/v2\/pages\/6010","targetHints":{"allow":["GET"]}}],"collection":[{"href":"https:\/\/www.pfarregersthof.at\/komm\/wp-json\/wp\/v2\/pages"}],"about":[{"href":"https:\/\/www.pfarregersthof.at\/komm\/wp-json\/wp\/v2\/types\/page"}],"author":[{"embeddable":true,"href":"https:\/\/www.pfarregersthof.at\/komm\/wp-json\/wp\/v2\/users\/2"}],"replies":[{"embeddable":true,"href":"https:\/\/www.pfarregersthof.at\/komm\/wp-json\/wp\/v2\/comments?post=6010"}],"version-history":[{"count":16,"href":"https:\/\/www.pfarregersthof.at\/komm\/wp-json\/wp\/v2\/pages\/6010\/revisions"}],"predecessor-version":[{"id":18178,"href":"https:\/\/www.pfarregersthof.at\/komm\/wp-json\/wp\/v2\/pages\/6010\/revisions\/18178"}],"up":[{"embeddable":true,"href":"https:\/\/www.pfarregersthof.at\/komm\/wp-json\/wp\/v2\/pages\/611"}],"wp:attachment":[{"href":"https:\/\/www.pfarregersthof.at\/komm\/wp-json\/wp\/v2\/media?parent=6010"}],"curies":[{"name":"wp","href":"https:\/\/api.w.org\/{rel}","templated":true}]}}

60plus &#8211; für Senioren und andere Interessenten

<p><span data-sheets-value="{&quot;1&quot;:2,&quot;2&quot;:&quot;Seit 2011 bietet die Pfarrcaritas einmal im Monat unter dem Titel „60 plus“ einen Themennachmittag – im Regelfall der letzte Donnerstag im Monat – an, der sich nicht nur an die Senioren sondern an alle Interessierten wendet. Die Bandbreite dieser angebotenen Veranstaltungen erstreckt sich vom gemütlichen Beisammensein- über Kultur - bis zu spannenden Exkursionen. Da das Gemeinsame immer im Vordergrund steht, lassen wir den Nachmittag bei einem gemütlichen Cafe in der Nähe des Veranstaltungsortes ausklingen.&quot;}" data-sheets-userformat="{&quot;2&quot;:897,&quot;3&quot;:{&quot;1&quot;:0},&quot;10&quot;:0,&quot;11&quot;:4,&quot;12&quot;:0}">Seit 2011 bietet die Pfarrcaritas einmal im Monat unter dem Titel „60plus“ einen Themennachmittag – im Regelfall der letzte Donnerstag im Monat – an, der sich nicht nur an die Senioren sondern an alle Interessierten wendet. </span></p>
<p><span data-sheets-value="{&quot;1&quot;:2,&quot;2&quot;:&quot;Seit 2011 bietet die Pfarrcaritas einmal im Monat unter dem Titel „60 plus“ einen Themennachmittag – im Regelfall der letzte Donnerstag im Monat – an, der sich nicht nur an die Senioren sondern an alle Interessierten wendet. Die Bandbreite dieser angebotenen Veranstaltungen erstreckt sich vom gemütlichen Beisammensein- über Kultur - bis zu spannenden Exkursionen. Da das Gemeinsame immer im Vordergrund steht, lassen wir den Nachmittag bei einem gemütlichen Cafe in der Nähe des Veranstaltungsortes ausklingen.&quot;}" data-sheets-userformat="{&quot;2&quot;:897,&quot;3&quot;:{&quot;1&quot;:0},&quot;10&quot;:0,&quot;11&quot;:4,&quot;12&quot;:0}">Die Bandbreite dieser angebotenen Veranstaltungen erstreckt sich vom gemütlichen Beisammensein- über Kultur &#8211; bis zu spannenden Exkursionen. </span></p>
<p><span data-sheets-value="{&quot;1&quot;:2,&quot;2&quot;:&quot;Seit 2011 bietet die Pfarrcaritas einmal im Monat unter dem Titel „60 plus“ einen Themennachmittag – im Regelfall der letzte Donnerstag im Monat – an, der sich nicht nur an die Senioren sondern an alle Interessierten wendet. Die Bandbreite dieser angebotenen Veranstaltungen erstreckt sich vom gemütlichen Beisammensein- über Kultur - bis zu spannenden Exkursionen. Da das Gemeinsame immer im Vordergrund steht, lassen wir den Nachmittag bei einem gemütlichen Cafe in der Nähe des Veranstaltungsortes ausklingen.&quot;}" data-sheets-userformat="{&quot;2&quot;:897,&quot;3&quot;:{&quot;1&quot;:0},&quot;10&quot;:0,&quot;11&quot;:4,&quot;12&quot;:0}">Da das Gemeinsame immer im Vordergrund steht, lassen wir den Nachmittag bei einem gemütlichen Café in der Nähe des Veranstaltungsortes ausklingen.</span></p>
<p>Das ist unser <strong>geplantes Programm bis zum Sommer 2025</strong> &#8211; es könnte jedoch notwendigerweise geändert werden, bitte kurz davor auf der <a href="/komm">Homepage</a> nachschauen:</p>
<ul>
<li>
<p>Donnerstag, 19.9.2024: Stift Klosterneuburg (mit Führung). „Die vergessenen Chorfrauen“</p>
</li>
<li>
<p>Donnerstag, 17.10.2024:&nbsp; Führung durch das Ernst Fuchs Museum „Fuchsvilla“</p>
</li>
<li>
<p>Donnerstag, 21.11.2024: Führung durch die Universitätssternwarte Wien</p>
</li>
<li>
<p>Donnerstag, 12.12.2024: <span style="color: #ff0000;"><strong>ABGESAGT</strong></span>: Führung durch die Augustiner Kirche und Besuch Weihnachtsmarkt</p>
</li>
<li>
<p>Donnerstag, 23.01.2025: Führung durch die GeoSphere Austria (vormals Zentralanstalt für Meteorologie &#8230;)</p>
</li>
<li>
<p>Donnerstag, 20.02.2025: „Zauberhafter Nachmittag“ im Gemeindezentrum</p>
</li>
<li>
<p><span style="color: #ff0000;">Mittwoch, 19.</span>03.2025: Führung durch das Verkehrsmuseum der Wiener Linien</p>
</li>
<li>
<p>Donnerstag, 10.04.2025: Besuch Jüdischer Tempel (Auf Wunsch wiederholt)</p>
</li>
<li>
<p>Donnerstag, 15.05.2025: Unterirdische 3. Mann Tour (Auf Wunsch wiederholt)</p>
</li>
<li>
<p>Donnerstag, 12.06.2025: Abschlussheuriger beim „Herrgott aus Sta“</p>
</li>
</ul>
<p>Ansprechperson: Maria Kissich (Tel: +43 <span data-sheets-value="{&quot;1&quot;:2,&quot;2&quot;:&quot;0676 936 14 73&quot;}" data-sheets-userformat="{&quot;2&quot;:641,&quot;3&quot;:{&quot;1&quot;:0},&quot;10&quot;:0,&quot;12&quot;:0}">676 936 14 73)<br>E-Mail: <a href="mailto:caritasteam@pfarregersthof.at">caritasteam@pfarregersthof.at</a></span></p>
<p>&nbsp;</p>

<p>Seit 2011 bietet die Pfarrcaritas einmal im Monat unter dem Titel „60plus“ einen Themennachmittag – im Regelfall der letzte Donnerstag im Monat – an, der sich nicht nur an die Senioren sondern an alle Interessierten wendet. Die Bandbreite dieser angebotenen Veranstaltungen erstreckt sich vom gemütlichen Beisammensein- über Kultur &#8211; bis zu spannenden Exkursionen. Da das [&hellip;]</p>
