{"id":6019,"date":"2019-09-09T18:17:44","date_gmt":"2019-09-09T17:17:44","guid":{"rendered":"https:\/\/www.pfarregersthof.at\/komm\/?page_id=6019"},"modified":"2019-09-09T18:17:48","modified_gmt":"2019-09-09T17:17:48","slug":"kfb-katholische-frauenbewegung","status":"publish","type":"page","link":"https:\/\/www.pfarregersthof.at\/komm\/pfarre-von-a-z\/gruppen-initiativen\/kfb-katholische-frauenbewegung\/","title":{"rendered":"kfb &#8211; Katholische Frauenbewegung"},"content":{"rendered":"\n<p><span data-sheets-value=\"{&quot;1&quot;:2,&quot;2&quot;:&quot;Die Katholische Frauenbewegung (kfb) ist eine Gemeinschaft von Frauen, die einander helfen und tritt f\u00fcr die vielf\u00e4ltigen M\u00f6glichkeiten der Pers\u00f6nlichkeitsentwicklung und Lebensgestaltung ein. Die kfb Gersthof hat ca 40 Mitglieder und trifft sich jeden Mittwoch zu einer Messe \u201evon Frauen f\u00fcr Frauen gestaltet\u201c, und veranstaltet einmal im Jahr eine Wallfahrt zu einer der umliegenden Pfarren.&quot;}\" data-sheets-userformat=\"{&quot;2&quot;:11137,&quot;3&quot;:{&quot;1&quot;:0},&quot;10&quot;:0,&quot;11&quot;:4,&quot;12&quot;:0,&quot;14&quot;:[null,2,2050429],&quot;16&quot;:11}\">Die Katholische Frauenbewegung (kfb) ist eine Gemeinschaft von Frauen, die einander helfen und tritt f\u00fcr die vielf\u00e4ltigen M\u00f6glichkeiten der Pers\u00f6nlichkeitsentwicklung und Lebensgestaltung ein. <\/span><\/p>\n<p><span data-sheets-value=\"{&quot;1&quot;:2,&quot;2&quot;:&quot;Die Katholische Frauenbewegung (kfb) ist eine Gemeinschaft von Frauen, die einander helfen und tritt f\u00fcr die vielf\u00e4ltigen M\u00f6glichkeiten der Pers\u00f6nlichkeitsentwicklung und Lebensgestaltung ein. Die kfb Gersthof hat ca 40 Mitglieder und trifft sich jeden Mittwoch zu einer Messe \u201evon Frauen f\u00fcr Frauen gestaltet\u201c, und veranstaltet einmal im Jahr eine Wallfahrt zu einer der umliegenden Pfarren.&quot;}\" data-sheets-userformat=\"{&quot;2&quot;:11137,&quot;3&quot;:{&quot;1&quot;:0},&quot;10&quot;:0,&quot;11&quot;:4,&quot;12&quot;:0,&quot;14&quot;:[null,2,2050429],&quot;16&quot;:11}\">Die kfb Gersthof hat ca 40 Mitglieder und trifft sich jeden Mittwochmorgen zu einer Messe \u201evon Frauen f\u00fcr Frauen gestaltet\u201c, und veranstaltet einmal im Jahr eine Wallfahrt zu einer der umliegenden Pfarren.<\/span><\/p>\n<p>Ansprechperson: Dorli Schiller-Berg<br>E-Mail: <a href=\"mailto:kfb@pfarregersthof.at\">kfb@pfarregersthof.at<\/a><\/p>\n<p>&nbsp;<\/p>\n","protected":false},"excerpt":{"rendered":"<p>Die Katholische Frauenbewegung (kfb) ist eine Gemeinschaft von Frauen, die einander helfen und tritt f\u00fcr die vielf\u00e4ltigen M\u00f6glichkeiten der Pers\u00f6nlichkeitsentwicklung und Lebensgestaltung ein. Die kfb Gersthof hat ca 40 Mitglieder und trifft sich jeden Mittwochmorgen zu einer Messe \u201evon Frauen f\u00fcr Frauen gestaltet\u201c, und veranstaltet einmal im Jahr eine Wallfahrt zu einer der umliegenden Pfarren. [&hellip;]<\/p>\n","protected":false},"author":2,"featured_media":0,"parent":1071,"menu_order":0,"comment_status":"closed","ping_status":"closed","template":"","meta":{"ngg_post_thumbnail":0,"footnotes":""},"class_list":["post-6019","page","type-page","status-publish"],"publishpress_future_action":{"enabled":false,"date":"2026-04-23 07:41:03","action":"change-status","newStatus":"draft","terms":[],"taxonomy":"category","extraData":[]},"publishpress_future_workflow_manual_trigger":{"enabledWorkflows":[]},"_links":{"self":[{"href":"https:\/\/www.pfarregersthof.at\/komm\/wp-json\/wp\/v2\/pages\/6019","targetHints":{"allow":["GET"]}}],"collection":[{"href":"https:\/\/www.pfarregersthof.at\/komm\/wp-json\/wp\/v2\/pages"}],"about":[{"href":"https:\/\/www.pfarregersthof.at\/komm\/wp-json\/wp\/v2\/types\/page"}],"author":[{"embeddable":true,"href":"https:\/\/www.pfarregersthof.at\/komm\/wp-json\/wp\/v2\/users\/2"}],"replies":[{"embeddable":true,"href":"https:\/\/www.pfarregersthof.at\/komm\/wp-json\/wp\/v2\/comments?post=6019"}],"version-history":[{"count":1,"href":"https:\/\/www.pfarregersthof.at\/komm\/wp-json\/wp\/v2\/pages\/6019\/revisions"}],"predecessor-version":[{"id":6020,"href":"https:\/\/www.pfarregersthof.at\/komm\/wp-json\/wp\/v2\/pages\/6019\/revisions\/6020"}],"up":[{"embeddable":true,"href":"https:\/\/www.pfarregersthof.at\/komm\/wp-json\/wp\/v2\/pages\/1071"}],"wp:attachment":[{"href":"https:\/\/www.pfarregersthof.at\/komm\/wp-json\/wp\/v2\/media?parent=6019"}],"curies":[{"name":"wp","href":"https:\/\/api.w.org\/{rel}","templated":true}]}}