{"id":6115,"date":"2019-10-21T11:42:34","date_gmt":"2019-10-21T10:42:34","guid":{"rendered":"https:\/\/www.pfarregersthof.at\/komm\/?page_id=6115"},"modified":"2020-03-09T12:16:07","modified_gmt":"2020-03-09T11:16:07","slug":"zukunft-der-pfarre-gersthof-st-leopold","status":"publish","type":"page","link":"https:\/\/www.pfarregersthof.at\/komm\/pfarre-von-a-z\/information\/zukunft-der-pfarre-gersthof-st-leopold\/","title":{"rendered":"Zukunft der Pfarre Gersthof-St.Leopold"},"content":{"rendered":"\n<p><a href=\"https:\/\/www.pfarregersthof.at\/komm\/wp-content\/uploads\/2019\/10\/Pfarrkirche-Pastoralkonzept-2018.jpg\"><img loading=\"lazy\" decoding=\"async\" class=\"alignright size-medium wp-image-6116\" src=\"https:\/\/www.pfarregersthof.at\/komm\/wp-content\/uploads\/2019\/10\/Pfarrkirche-Pastoralkonzept-2018-225x300.jpg\" alt=\"\" width=\"225\" height=\"300\" srcset=\"https:\/\/www.pfarregersthof.at\/komm\/wp-content\/uploads\/2019\/10\/Pfarrkirche-Pastoralkonzept-2018-225x300.jpg 225w, https:\/\/www.pfarregersthof.at\/komm\/wp-content\/uploads\/2019\/10\/Pfarrkirche-Pastoralkonzept-2018-113x150.jpg 113w, https:\/\/www.pfarregersthof.at\/komm\/wp-content\/uploads\/2019\/10\/Pfarrkirche-Pastoralkonzept-2018-768x1024.jpg 768w, https:\/\/www.pfarregersthof.at\/komm\/wp-content\/uploads\/2019\/10\/Pfarrkirche-Pastoralkonzept-2018-600x800.jpg 600w, https:\/\/www.pfarregersthof.at\/komm\/wp-content\/uploads\/2019\/10\/Pfarrkirche-Pastoralkonzept-2018-696x928.jpg 696w, https:\/\/www.pfarregersthof.at\/komm\/wp-content\/uploads\/2019\/10\/Pfarrkirche-Pastoralkonzept-2018-315x420.jpg 315w, https:\/\/www.pfarregersthof.at\/komm\/wp-content\/uploads\/2019\/10\/Pfarrkirche-Pastoralkonzept-2018.jpg 888w\" sizes=\"auto, (max-width: 225px) 100vw, 225px\" \/><\/a>Die Erzdi\u00f6zese plant gravierende strukturelle Ver\u00e4nderungen in ihrem gesamten Gebiet mit gro\u00dfen Auswirkungen auch auf unsere Pfarre. Hier finden Sie die Information in zeitlicher Abfolge dazu, das Neueste steht oben.<\/p>\n<ul>\n<li><a href=\"\/dokus\/zukunft-der-pfarre\/Information-Pfarrgemeinde_2020-03-08.pdf\">Information der Pfarrgemeinde (als PDF)<\/a> \u00fcber den aktuellen Stand der Struktur\u00e4nderung im Entwicklungsraum des 18. Bezirks von Wien &#8211; mitgeteilt am 07. und 08.03.2020. Diese Information h\u00e4lt fest, dass kein Auftrag zum Eintritt in eine Pfarre mit Teilgemeinden an die Pfarre Gersthof ergeht.<\/li>\n<li><a href=\"\/dokus\/zukunft-der-pfarre\/PGRStvVors-an-KardinalSchoenborn_2020-01-28.pdf\">Brief (als PDF)<\/a> des Stv. Vorsitzenden des PGR, Bernhard Schleser, an Kardinal Sch\u00f6nborn am 28.1.2020: Mitteilung des Beschlusses des PGR, Ersuchen um Zustimmung.<\/li>\n<li>Am 18.\/19.1.2020 wurden die Mitfeiernden der Gottesdienste befragt, welches Pfarrmodell sie sich f\u00fcr die Zukunft w\u00fcnschen. Am 21.1. hat der Pfarrgemeinderat getagt und beschlossen, die Integration der Pfarre Gersthof in eine Pfarre mit Teilgemeinden abzulehnen.&nbsp;Am 23.1. wurde <a href=\"\/komm\/2020\/01\/befragungsergebnis-selbstaendige-pfarre-bleiben\/\">wurde beides vom Pfarrgemeinderat bekanntgegeben<\/a>.<\/li>\n<li><a href=\"\/komm\/2020\/01\/videos-zukunft-der-pfarre\/\">Dokumentation des Gemeindeabends<\/a> zur Zukunft der Pfarre am 17.1.2020 durch Videos.<\/li>\n<li><a href=\"\/dokus\/PfarreGersthof-Pastoralkonzept-2020.pdf\">Pastoralkonzept der Pfarre Gersthof<\/a>, ver\u00f6ffentlicht am 16.1.2020<\/li>\n<li><a href=\"\/komm\/2019\/11\/gemeindeabend-zukunft-der-pfarre-17-1\/\">Ank\u00fcndigung<\/a> einer Befragung der die Gottesdienstes am 18. und 19.1.2020 Mitfeiernden nach dem bevorzugten Gemeindemodell im Zusammenhang mit dem Gemeindeabend am 17.1.<\/li>\n<li><a href=\"\/dokus\/zukunft-der-pfarre\/Mitteilung-PGRstvVorsitzender_2019-11-30.pdf\">Mitteilung<\/a> \u00fcber den Stand der Gespr\u00e4che mit der Erzdi\u00f6zese Wien, vom 30.11.2019<\/li>\n<li><a href=\"\/komm\/2019\/11\/gemeindeabend-zukunft-der-pfarre-17-1\/\">Einladung zu einem Gemeindeabend<\/a> \u00fcber die Zukunft der Pfarre am 17.1.2020. Darin Ank\u00fcndigung einer Befragung (siehe oben).<\/li>\n<li><a href=\"\/komm\/pfarre-von-a-z\/information\/zukunft-der-pfarre-gersthof-st-leopold\/aktuelle-situation-mitte-oktober-2019\/\">Aktuelle Situation<\/a>, Stellungnahme des PGR Mitte Oktober 2019<\/li>\n<li><a href=\"\/dokus\/zukunft-der-pfarre\/PfGer-Antwort-BVSchutzki_2019-09-19.pdf\" target=\"_blank\" rel=\"noopener noreferrer\">Antwort des Pfarrgemeinderates<\/a> von Gersthof vom 19.9.2019 an BV Schutzki zu seinem Schreiben vom Juni 2019.<\/li>\n<li><a href=\"\/dokus\/zukunft-der-pfarre\/BV-Schutzki-anPfarren18_2019-06-26.pdf\">Schreiben des Bischofsvikars<\/a> f\u00fcr Wien-Stadt, P. Dariusz Schutzki, vom Juni 2019 an die Pfarren im 18. Bezirk mit Bitte, das Projekt zur Bildung einer &#8222;Pfarre mit Teilgemeinden&#8220; zu beginnen, so dass sie mit 1.1.2021 eingerichtet werden kann. Es wurde im September 2019 in einem Schaukasten der Pfarre ver\u00f6ffentlicht, hier auf der Website im November 2019.<\/li>\n<li><a href=\"\/dokus\/zukunft-der-pfarre\/pfarre_neu-pfarrverband_2019-09.pdf\">\u00dcbersicht der Modelle<\/a> &#8222;Pfarre mit Teilgemeinden&#8220; und &#8222;Pfarrverband&#8220; (PDF Dokument), September 2019. Dieses Dokument&nbsp;zeigt die wesentlichen Unterschiede der beiden Modelle auf.<br>Diese \u00dcbersicht wurde vom Stv.Vorsitzenden des PGR, Bernhard Schleser, am 2.\/3.12.2019 in den Gottesdiensten pr\u00e4sentiert, <a href=\"\/dokus\/zukunft-der-pfarre\/20191103-PfarreStrukturOptionen.mp3\" target=\"_blank\" rel=\"noopener noreferrer\">h\u00f6ren Sie ihm zu<\/a> (mit einer Vorrede von Pfarrer Norbert).<\/li>\n<\/ul>\n<p>&nbsp;<\/p>\n<p>&nbsp;<\/p>\n","protected":false},"excerpt":{"rendered":"<p>Die Erzdi\u00f6zese plant gravierende strukturelle Ver\u00e4nderungen in ihrem gesamten Gebiet mit gro\u00dfen Auswirkungen auch auf unsere Pfarre. Hier finden Sie die Information in zeitlicher Abfolge dazu, das Neueste steht oben. Information der Pfarrgemeinde (als PDF) \u00fcber den aktuellen Stand der Struktur\u00e4nderung im Entwicklungsraum des 18. Bezirks von Wien &#8211; mitgeteilt am 07. und 08.03.2020. Diese [&hellip;]<\/p>\n","protected":false},"author":2,"featured_media":0,"parent":619,"menu_order":0,"comment_status":"closed","ping_status":"closed","template":"","meta":{"ngg_post_thumbnail":0,"footnotes":""},"class_list":["post-6115","page","type-page","status-publish"],"publishpress_future_action":{"enabled":false,"date":"2026-05-11 13:05:41","action":"change-status","newStatus":"draft","terms":[],"taxonomy":"category","extraData":[]},"publishpress_future_workflow_manual_trigger":{"enabledWorkflows":[]},"_links":{"self":[{"href":"https:\/\/www.pfarregersthof.at\/komm\/wp-json\/wp\/v2\/pages\/6115","targetHints":{"allow":["GET"]}}],"collection":[{"href":"https:\/\/www.pfarregersthof.at\/komm\/wp-json\/wp\/v2\/pages"}],"about":[{"href":"https:\/\/www.pfarregersthof.at\/komm\/wp-json\/wp\/v2\/types\/page"}],"author":[{"embeddable":true,"href":"https:\/\/www.pfarregersthof.at\/komm\/wp-json\/wp\/v2\/users\/2"}],"replies":[{"embeddable":true,"href":"https:\/\/www.pfarregersthof.at\/komm\/wp-json\/wp\/v2\/comments?post=6115"}],"version-history":[{"count":23,"href":"https:\/\/www.pfarregersthof.at\/komm\/wp-json\/wp\/v2\/pages\/6115\/revisions"}],"predecessor-version":[{"id":6497,"href":"https:\/\/www.pfarregersthof.at\/komm\/wp-json\/wp\/v2\/pages\/6115\/revisions\/6497"}],"up":[{"embeddable":true,"href":"https:\/\/www.pfarregersthof.at\/komm\/wp-json\/wp\/v2\/pages\/619"}],"wp:attachment":[{"href":"https:\/\/www.pfarregersthof.at\/komm\/wp-json\/wp\/v2\/media?parent=6115"}],"curies":[{"name":"wp","href":"https:\/\/api.w.org\/{rel}","templated":true}]}}