{"id":641,"date":"2012-08-21T22:15:06","date_gmt":"2012-08-21T20:15:06","guid":{"rendered":"http:\/\/www.pfarregersthof.at\/komm\/?page_id=641"},"modified":"2019-09-09T16:57:08","modified_gmt":"2019-09-09T15:57:08","slug":"anreise","status":"publish","type":"page","link":"https:\/\/www.pfarregersthof.at\/komm\/pfarre-von-a-z\/information\/anreise\/","title":{"rendered":"Anreise"},"content":{"rendered":"<h1>Wie Sie zu uns kommen:<\/h1>\n<h2 id=\"bifa\"><span style=\"color: #993300;\">Pfarrkirche<\/span> &#8211; <span style=\"color: #993300;\">Gemeindezentrum<\/span> &#8211; <span style=\"color: #993300;\">Pfarrsekretariat<\/span> &#8211; <span style=\"color: #993300;\">Pfarrhaus<\/span><\/h2>\n<p>Diese Geb\u00e4ude und R\u00e4umlichkeiten befinden sich alle am <strong>Bischof Faber Platz<\/strong> im 18. Bezirk in Wien &#8211; <a href=\"https:\/\/www.wien.gv.at\/stadtplan\/grafik.aspx?lang=de-AT&amp;bookmark=bIAvRvisVkatP5JE4AQWRO5Rphlnqnnkur2pH4Oprw-b-b&amp;bmadr=10137622\" target=\"_blank\" rel=\"noopener noreferrer\">auf dem Stadtplan von Wien ansehen &gt;&gt;&gt;<\/a><\/p>\n<p><span style=\"color: #993300;\"><strong>Pfarrkirche<\/strong><\/span>: Haupteingang auf der S\u00fcd-Seite, schr\u00e4g gegen\u00fcber der Volksschule<br \/>\n<span style=\"color: #993300;\"><strong>Oster- und Jugendkapelle<\/strong> in der Pfarrkirche:<\/span> Eingang vom Park an der rechten R\u00fcckseite der Kirche<\/p>\n<p><span style=\"color: #993300;\"><strong>Gemeindezentrum<\/strong><\/span>: Eingang in der Bastiengasse 18, Eckhaus mit dem Bischof-Faber-Platz<\/p>\n<p><span style=\"color: #993300;\"><strong>Pfarrhaus<\/strong> &#8211; <strong>Pfarrsekretariat<\/strong><\/span>: Eingang Bischof Faber Platz 7<\/p>\n<p>Anreise-Hinweise:<br \/>\nStra\u00dfenbahn:<br \/>\nLinie 41 bis &#8222;Gersthofer-Platzl&#8220; oder &#8222;T\u00fcrkenschanzplatz&#8220;<br \/>\nLinie 40 bis &#8222;Gersthofer-Platzl&#8220; oder &#8222;Alseggerstra\u00dfe&#8220;<br \/>\nBus: Linie 10 bis &#8222;Gersthofer-Platzl&#8220; oder &#8222;T\u00fcrkenschanzplatz&#8220;<br \/>\nS-Bahn: S45 bis Station &#8222;Gersthof&#8220;<\/p>\n<h2 id=\"jnk\"><span style=\"color: #993300;\">Johannes-Nepomuk-Kapelle<\/span> (&#8222;Alt-Gersthof&#8220;)<\/h2>\n<p>Die Kapelle und das links daneben liegende &#8222;Stiftungshaus&#8220; befinden sich an der Adresse <strong>Gersthoferstra\u00dfe 129<\/strong> im 18. Bezirk in Wien &#8211; <a href=\"https:\/\/www.wien.gv.at\/stadtplan\/grafik.aspx?lang=de-AT&amp;bookmark=JBsrRn2tXEatP5JE4AQWRO5Rphlnqnnkur2pH4Oprw-b-b&amp;bmadr=10251754\" target=\"_blank\" rel=\"noopener noreferrer\">auf dem Stadtplan von Wien ansehen &gt;&gt;&gt;<\/a><\/p>\n<p>Anreise-Hinweise:<br \/>\nStra\u00dfenbahn:<br \/>\nLinie 41 bis &#8222;Erndtgasse&#8220; oder &#8222;Scheibenbergstra\u00dfe&#8220;<\/p>\n<h2 id=\"kiga\"><span style=\"color: #993300;\">Kindergarten<\/span><\/h2>\n<p>Die R\u00e4umlichkeiten des Kindergartens befinden sich im Haus <strong>Wallri\u00dfstra\u00dfe 45<\/strong> im 18. Bezirk in Wien &#8211; <a href=\"https:\/\/www.wien.gv.at\/stadtplan\/grafik.aspx?lang=de-AT&amp;bookmark=dkEuRitiU0atP5JE4AQWRO5Rphlnqnnkur2pH4Oprw-b-b&amp;bmadr=10369740\" target=\"_blank\" rel=\"noopener noreferrer\">auf dem Stadtplan von Wien ansehen &gt;&gt;&gt;<\/a><br \/>\nAnreise-Hinweis:<br \/>\nStra\u00dfenbahn Linie 40 bis &#8222;Alseggerstra\u00dfe&#8220;<br \/>\nalternativ: Stra\u00dfenbahn Linie 41 , Autobus 10A bis Gersthofer Platzl, oder Schnellbahn S45 bis Gersthof, dann ein St\u00fcck die Wallri\u00dfstra\u00dfe bergan.<\/p>\n","protected":false},"excerpt":{"rendered":"<p>Wie Sie zu uns kommen: Pfarrkirche &#8211; Gemeindezentrum &#8211; Pfarrsekretariat &#8211; Pfarrhaus Diese Geb\u00e4ude und R\u00e4umlichkeiten befinden sich alle am Bischof Faber Platz im 18. Bezirk in Wien &#8211; auf dem Stadtplan von Wien ansehen &gt;&gt;&gt; Pfarrkirche: Haupteingang auf der S\u00fcd-Seite, schr\u00e4g gegen\u00fcber der Volksschule Oster- und Jugendkapelle in der Pfarrkirche: Eingang vom Park an [&hellip;]<\/p>\n","protected":false},"author":2,"featured_media":0,"parent":619,"menu_order":0,"comment_status":"open","ping_status":"open","template":"","meta":{"ngg_post_thumbnail":0,"footnotes":""},"class_list":["post-641","page","type-page","status-publish"],"publishpress_future_action":{"enabled":false,"date":"2026-04-23 08:52:17","action":"change-status","newStatus":"draft","terms":[],"taxonomy":"category","extraData":[]},"publishpress_future_workflow_manual_trigger":{"enabledWorkflows":[]},"_links":{"self":[{"href":"https:\/\/www.pfarregersthof.at\/komm\/wp-json\/wp\/v2\/pages\/641","targetHints":{"allow":["GET"]}}],"collection":[{"href":"https:\/\/www.pfarregersthof.at\/komm\/wp-json\/wp\/v2\/pages"}],"about":[{"href":"https:\/\/www.pfarregersthof.at\/komm\/wp-json\/wp\/v2\/types\/page"}],"author":[{"embeddable":true,"href":"https:\/\/www.pfarregersthof.at\/komm\/wp-json\/wp\/v2\/users\/2"}],"replies":[{"embeddable":true,"href":"https:\/\/www.pfarregersthof.at\/komm\/wp-json\/wp\/v2\/comments?post=641"}],"version-history":[{"count":13,"href":"https:\/\/www.pfarregersthof.at\/komm\/wp-json\/wp\/v2\/pages\/641\/revisions"}],"predecessor-version":[{"id":5999,"href":"https:\/\/www.pfarregersthof.at\/komm\/wp-json\/wp\/v2\/pages\/641\/revisions\/5999"}],"up":[{"embeddable":true,"href":"https:\/\/www.pfarregersthof.at\/komm\/wp-json\/wp\/v2\/pages\/619"}],"wp:attachment":[{"href":"https:\/\/www.pfarregersthof.at\/komm\/wp-json\/wp\/v2\/media?parent=641"}],"curies":[{"name":"wp","href":"https:\/\/api.w.org\/{rel}","templated":true}]}}