{"id":646,"date":"2012-08-21T22:21:23","date_gmt":"2012-08-21T20:21:23","guid":{"rendered":"http:\/\/www.pfarregersthof.at\/komm\/?page_id=646"},"modified":"2025-12-10T19:00:58","modified_gmt":"2025-12-10T18:00:58","slug":"kontakt-aufnehmen","status":"publish","type":"page","link":"https:\/\/www.pfarregersthof.at\/komm\/pfarre-von-a-z\/information\/kontakt-aufnehmen\/","title":{"rendered":"Kontakt aufnehmen"},"content":{"rendered":"<h1>Wie Sie mit uns in Kontakt kommen<\/h1>\n<h2>Wen wollen Sie erreichen?<\/h2>\n<ul>\n<li><a title=\"Kontakt aufnehmen\" href=\"#pfarrsek\">Das Pfarrsekretariat<\/a><\/li>\n<li><a title=\"Kontakt aufnehmen\" href=\"#az\">Pfarrer P. Dr. Arkadiusz Zakreta CM<\/a><\/li>\n<li><a href=\"#ak\">Pastoralassistent Arthur Kolker<\/a><\/li>\n<li><a title=\"Kontakt aufnehmen\" href=\"#th\">Diakon Toni Hecht<\/a><\/li>\n<li><a title=\"Kontakt aufnehmen\" href=\"#ue\">Diakon Uwe Eglau<\/a><\/li>\n<li><a title=\"Kontakt aufnehmen\" href=\"#nr\">Pfarrer i.R. Dr. Norbert Rodt<\/a><\/li>\n<li><a title=\"Kontakt aufnehmen\" href=\"#pgr\">Pfarrgemeinderat (PGR)<\/a><\/li>\n<li><a title=\"Kontakt aufnehmen\" href=\"#caritas\">Das pfarrliche Caritas-Team<\/a><\/li>\n<\/ul>\n<p>&nbsp;<\/p>\n<h2>Hier die Kontaktm\u00f6glichkeiten im Detail:<\/h2>\n<h3 id=\"pfarrsek\">Pfarrsekretariat im Pfarrhaus, Bischof Faber Platz 7<\/h3>\n<h5>Telefon: +43 (1) 479 22 92, Fax: +43 (1) 479 22 92-20<\/h5>\n<p>Bank\u00fcberweisungen an die Pfarre:<br \/>\nEmpf\u00e4nger: r.k.Pfarre Gersthof<br \/>\nIBAN: AT94 2011 1000 0493 8100<\/p>\n<div>\u200b&nbsp;&nbsp;&nbsp;&nbsp;&nbsp;&nbsp;&nbsp;&nbsp;&nbsp;&nbsp;&nbsp;&nbsp;&nbsp;&nbsp;&nbsp;<\/p>\n<table style=\"width: 550px;\">\n<tbody>\n<tr id=\"eh\">\n<td style=\"width: 150px;\"><img loading=\"lazy\" decoding=\"async\" class=\"alignnone size-thumbnail wp-image-8197\" src=\"https:\/\/www.pfarregersthof.at\/komm\/wp-content\/uploads\/2020\/12\/Kromer-Elisabeth-150x150.jpg\" alt=\"\" width=\"150\" height=\"150\" srcset=\"https:\/\/www.pfarregersthof.at\/komm\/wp-content\/uploads\/2020\/12\/Kromer-Elisabeth-150x150.jpg 150w, https:\/\/www.pfarregersthof.at\/komm\/wp-content\/uploads\/2020\/12\/Kromer-Elisabeth-300x300.jpg 300w, https:\/\/www.pfarregersthof.at\/komm\/wp-content\/uploads\/2020\/12\/Kromer-Elisabeth-420x420.jpg 420w, https:\/\/www.pfarregersthof.at\/komm\/wp-content\/uploads\/2020\/12\/Kromer-Elisabeth.jpg 500w\" sizes=\"auto, (max-width: 150px) 100vw, 150px\" \/>\u200b<\/td>\n<td style=\"padding: 5px;\"><strong>Pfarrsekretariat <\/strong>[<a href=\"mailto:sekretariat@PfarreGersthof.at\">E-Mail senden<\/a>]<br \/>\n<strong>Elisabeth Kromer<\/strong><br \/>\nleitet das Pfarrsekretariat, ist f\u00fcr&nbsp; Matrikenf\u00fchrung und Buchhaltung verantwortlich.<br \/>\nAnsprechperson f\u00fcr Taufanmeldungen, Trauungsanmeldungen, Begr\u00e4bnisse und Intentionen &#8230;Im Sekretariat:<br \/>\nMontag bis Freitag 9.00 &#8211; 12.00 Uhr<br \/>\nDonnerstag, 17.00 &#8211; 19.00 Uhr<\/td>\n<\/tr>\n<tr id=\"az\">\n<td style=\"vertical-align: top; width: 150px;\"><img loading=\"lazy\" decoding=\"async\" class=\"alignleft size-thumbnail wp-image-8048\" src=\"https:\/\/www.pfarregersthof.at\/komm\/wp-content\/uploads\/2020\/11\/Zakreta-150x150.jpg\" alt=\"\" width=\"150\" height=\"150\" srcset=\"https:\/\/www.pfarregersthof.at\/komm\/wp-content\/uploads\/2020\/11\/Zakreta-150x150.jpg 150w, https:\/\/www.pfarregersthof.at\/komm\/wp-content\/uploads\/2020\/11\/Zakreta-300x300.jpg 300w, https:\/\/www.pfarregersthof.at\/komm\/wp-content\/uploads\/2020\/11\/Zakreta-420x420.jpg 420w, https:\/\/www.pfarregersthof.at\/komm\/wp-content\/uploads\/2020\/11\/Zakreta.jpg 500w\" sizes=\"auto, (max-width: 150px) 100vw, 150px\" \/><\/td>\n<td style=\"vertical-align: top; padding: 5px;\"><strong>Pfarrer<\/strong><br \/>\n<strong>P. Dr. Arkadiusz Zakreta CM<\/strong> [<a href=\"mailto:P.Arkadiusz.Zakreta@pfarregersthof.at\">E-Mail senden<\/a>]<br \/>\n<a href=\"\/komm\/pfarre-von-a-z\/personen\/pfarrer-p-arkadiusz-zakreta-cm\/\">Hier stellt er sich vor<\/a>.<\/td>\n<\/tr>\n<tr id=\"ak\">\n<td style=\"vertical-align: top; width: 150px;\"><a href=\"https:\/\/www.pfarregersthof.at\/komm\/wp-content\/uploads\/2022\/09\/ArthurKolker_2022a.jpg\"><img loading=\"lazy\" decoding=\"async\" class=\"alignnone wp-image-4733 size-thumbnail\" src=\"https:\/\/www.pfarregersthof.at\/komm\/wp-content\/uploads\/2022\/09\/ArthurKolker_2022a-150x150.jpg\" alt=\"\" width=\"150\" height=\"150\"><\/a><\/td>\n<td style=\"vertical-align: top; padding: 5px;\"><strong>Pastoralassistent<\/strong><br \/>\n<strong>Arthur Kolker<\/strong> [<a href=\"mailto:Arthur.Kolker@PfarreGersthof.at\">E-Mail senden<\/a>]<br \/>\nSchwerpunktm\u00e4\u00dfig bin ich in der Kinder- und Jugendpastoral t\u00e4tig, inkl. Erstkommunion und Firmvorbereitung.<\/td>\n<\/tr>\n<tr id=\"th\">\n<td style=\"vertical-align: top; width: 150px;\"><a href=\"https:\/\/www.pfarregersthof.at\/komm\/wp-content\/uploads\/2020\/12\/Hecht-Toni.jpg\"><img loading=\"lazy\" decoding=\"async\" class=\"alignnone size-thumbnail wp-image-8195\" src=\"https:\/\/www.pfarregersthof.at\/komm\/wp-content\/uploads\/2020\/12\/Hecht-Toni-150x150.jpg\" alt=\"\" width=\"150\" height=\"150\" srcset=\"https:\/\/www.pfarregersthof.at\/komm\/wp-content\/uploads\/2020\/12\/Hecht-Toni-150x150.jpg 150w, https:\/\/www.pfarregersthof.at\/komm\/wp-content\/uploads\/2020\/12\/Hecht-Toni-300x300.jpg 300w, https:\/\/www.pfarregersthof.at\/komm\/wp-content\/uploads\/2020\/12\/Hecht-Toni-800x800.jpg 800w, https:\/\/www.pfarregersthof.at\/komm\/wp-content\/uploads\/2020\/12\/Hecht-Toni-768x768.jpg 768w, https:\/\/www.pfarregersthof.at\/komm\/wp-content\/uploads\/2020\/12\/Hecht-Toni-1536x1536.jpg 1536w, https:\/\/www.pfarregersthof.at\/komm\/wp-content\/uploads\/2020\/12\/Hecht-Toni-696x696.jpg 696w, https:\/\/www.pfarregersthof.at\/komm\/wp-content\/uploads\/2020\/12\/Hecht-Toni-1068x1068.jpg 1068w, https:\/\/www.pfarregersthof.at\/komm\/wp-content\/uploads\/2020\/12\/Hecht-Toni-420x420.jpg 420w, https:\/\/www.pfarregersthof.at\/komm\/wp-content\/uploads\/2020\/12\/Hecht-Toni-1920x1920.jpg 1920w, https:\/\/www.pfarregersthof.at\/komm\/wp-content\/uploads\/2020\/12\/Hecht-Toni.jpg 2017w\" sizes=\"auto, (max-width: 150px) 100vw, 150px\" \/><\/a><\/td>\n<td style=\"vertical-align: top; padding: 5px;\"><strong>Diakon<\/strong><br \/>\n<strong>Toni Hecht<\/strong><br \/>\nsteht f\u00fcr Tauf- und Begr\u00e4bnisfeiern, Gespr\u00e4che und geistliche Begleitung zur Verf\u00fcgung; leitet Wort-Gottes-Feiern, Anbetungszeiten und legt das Wort Gottes in Predigten aus. Er ist auch Ansprechperson f\u00fcr Krankenkommunion.<br \/>\nSprechstunde nach telefonischer Vereinbarung \u00fcber das Pfarrsekretariat.<\/td>\n<\/tr>\n<tr id=\"ue\">\n<td style=\"vertical-align: top; width: 150px;\">\u200b<img loading=\"lazy\" decoding=\"async\" class=\"alignnone size-thumbnail wp-image-8196\" src=\"https:\/\/www.pfarregersthof.at\/komm\/wp-content\/uploads\/2020\/12\/Eglau-Uwe-150x150.jpg\" alt=\"\" width=\"150\" height=\"150\" srcset=\"https:\/\/www.pfarregersthof.at\/komm\/wp-content\/uploads\/2020\/12\/Eglau-Uwe-150x150.jpg 150w, https:\/\/www.pfarregersthof.at\/komm\/wp-content\/uploads\/2020\/12\/Eglau-Uwe-300x300.jpg 300w, https:\/\/www.pfarregersthof.at\/komm\/wp-content\/uploads\/2020\/12\/Eglau-Uwe-420x420.jpg 420w, https:\/\/www.pfarregersthof.at\/komm\/wp-content\/uploads\/2020\/12\/Eglau-Uwe.jpg 500w\" sizes=\"auto, (max-width: 150px) 100vw, 150px\" \/><\/td>\n<td style=\"vertical-align: top; padding: 5px;\"><strong>Diakon<\/strong><br \/>\n<strong>Uwe Eglau<\/strong><br \/>\nAusbildung zum geistlichen Begleiter; steht vor allem f\u00fcr Gespr\u00e4che, Trauerbegleitung, Begr\u00e4bnisse, Taufen, Hochzeiten zur Verf\u00fcgung.<br \/>\nSprechstunde nach Vereinbarung \u00fcber das Pfarrsekretariat.<\/td>\n<\/tr>\n<tr id=\"nr\">\n<td style=\"vertical-align: top; width: 150px;\"><a href=\"https:\/\/www.pfarregersthof.at\/komm\/wp-content\/uploads\/2012\/08\/Rodt.jpg\"><img loading=\"lazy\" decoding=\"async\" class=\"aligncenter size-thumbnail wp-image-4726\" src=\"https:\/\/www.pfarregersthof.at\/komm\/wp-content\/uploads\/2012\/08\/Rodt-150x150.jpg\" alt=\"\" width=\"150\" height=\"150\" srcset=\"https:\/\/www.pfarregersthof.at\/komm\/wp-content\/uploads\/2012\/08\/Rodt-150x150.jpg 150w, https:\/\/www.pfarregersthof.at\/komm\/wp-content\/uploads\/2012\/08\/Rodt-300x300.jpg 300w, https:\/\/www.pfarregersthof.at\/komm\/wp-content\/uploads\/2012\/08\/Rodt-50x50.jpg 50w, https:\/\/www.pfarregersthof.at\/komm\/wp-content\/uploads\/2012\/08\/Rodt.jpg 500w\" sizes=\"auto, (max-width: 150px) 100vw, 150px\" \/><\/a><\/td>\n<td style=\"vertical-align: top; padding: 5px;\"><strong>Pfarrer i.R. Dr. Norbert Rodt<\/strong>&nbsp;&nbsp;&nbsp;&nbsp;&nbsp;&nbsp;&nbsp;&nbsp;&nbsp;&nbsp;&nbsp;&nbsp;&nbsp;[E-Mail senden an <a href=\"mailto:norbert.rodt@gmx.at\">norbert.rodt[@]gmx.at]<\/a>&nbsp;Pfarrer von Gersthof von 1976 bis 2020.<\/td>\n<\/tr>\n<tr id=\"pgr\">\n<td style=\"vertical-align: top; width: 150px;\"><a href=\"https:\/\/www.pfarregersthof.at\/komm\/wp-content\/uploads\/2022\/05\/Alexander_Winkler_2022a.jpg\"><img loading=\"lazy\" decoding=\"async\" class=\"alignleft size-large wp-image-10968\" src=\"https:\/\/www.pfarregersthof.at\/komm\/wp-content\/uploads\/2022\/05\/Alexander_Winkler_2022a-150x150.jpg\" alt=\"\" width=\"150\" height=\"150\"><\/a><\/td>\n<td style=\"vertical-align: top; padding: 5px;\"><strong>Pfarrgemeinderat<\/strong><br \/>\nStv. Vorsitzender <strong>Alexander Winkler<\/strong>&nbsp;[<a href=\"mailto:pgr@pfarregersthof.at\">E-Mail senden<\/a>]<\/td>\n<\/tr>\n<tr id=\"caritas\">\n<td style=\"vertical-align: top; width: 150px;\"><a href=\"https:\/\/www.pfarregersthof.at\/komm\/wp-content\/uploads\/2022\/05\/Maria_Kissich_2022a.jpg\"><img loading=\"lazy\" decoding=\"async\" class=\"alignright wp-image-5456 size-thumbnail\" src=\"https:\/\/www.pfarregersthof.at\/komm\/wp-content\/uploads\/2022\/05\/Maria_Kissich_2022a-150x150.jpg\" alt=\"\" width=\"150\" height=\"150\"><\/a><\/td>\n<td style=\"vertical-align: top; padding: 5px;\"><strong>Pfarr-Caritas<\/strong><br \/>\n<strong>Maria Kissich<\/strong> (Leiterin des Caritas-Teams)<br \/>\nTelefonisch erreichbar unter der Nummer 0664 5423979<br \/>\nSpenden per Bank\u00fcberweisung:<br \/>\nEmpf\u00e4nger: Pfarre Gersthof-Caritas<br \/>\nIBAN: AT 86 4300 0428 6137 0007 (Volksbank)<\/td>\n<\/tr>\n<tr id=\"xx1\">\n<td style=\"height: 24px; width: 150px;\">&nbsp;<\/td>\n<td style=\"height: 24px; width: 384px;\">&nbsp;<\/td>\n<\/tr>\n<\/tbody>\n<\/table>\n<\/div>\n","protected":false},"excerpt":{"rendered":"<p>Wie Sie mit uns in Kontakt kommen Wen wollen Sie erreichen? Das Pfarrsekretariat Pfarrer P. Dr. Arkadiusz Zakreta CM Pastoralassistent Arthur Kolker Diakon Toni Hecht Diakon Uwe Eglau Pfarrer i.R. Dr. Norbert Rodt Pfarrgemeinderat (PGR) Das pfarrliche Caritas-Team &nbsp; Hier die Kontaktm\u00f6glichkeiten im Detail: Pfarrsekretariat im Pfarrhaus, Bischof Faber Platz 7 Telefon: +43 (1) 479 [&hellip;]<\/p>\n","protected":false},"author":2,"featured_media":0,"parent":619,"menu_order":0,"comment_status":"open","ping_status":"open","template":"","meta":{"ngg_post_thumbnail":0,"footnotes":""},"class_list":["post-646","page","type-page","status-publish"],"publishpress_future_action":{"enabled":false,"date":"2026-05-13 10:27:31","action":"change-status","newStatus":"draft","terms":[],"taxonomy":"category","extraData":[]},"publishpress_future_workflow_manual_trigger":{"enabledWorkflows":[]},"_links":{"self":[{"href":"https:\/\/www.pfarregersthof.at\/komm\/wp-json\/wp\/v2\/pages\/646","targetHints":{"allow":["GET"]}}],"collection":[{"href":"https:\/\/www.pfarregersthof.at\/komm\/wp-json\/wp\/v2\/pages"}],"about":[{"href":"https:\/\/www.pfarregersthof.at\/komm\/wp-json\/wp\/v2\/types\/page"}],"author":[{"embeddable":true,"href":"https:\/\/www.pfarregersthof.at\/komm\/wp-json\/wp\/v2\/users\/2"}],"replies":[{"embeddable":true,"href":"https:\/\/www.pfarregersthof.at\/komm\/wp-json\/wp\/v2\/comments?post=646"}],"version-history":[{"count":72,"href":"https:\/\/www.pfarregersthof.at\/komm\/wp-json\/wp\/v2\/pages\/646\/revisions"}],"predecessor-version":[{"id":19473,"href":"https:\/\/www.pfarregersthof.at\/komm\/wp-json\/wp\/v2\/pages\/646\/revisions\/19473"}],"up":[{"embeddable":true,"href":"https:\/\/www.pfarregersthof.at\/komm\/wp-json\/wp\/v2\/pages\/619"}],"wp:attachment":[{"href":"https:\/\/www.pfarregersthof.at\/komm\/wp-json\/wp\/v2\/media?parent=646"}],"curies":[{"name":"wp","href":"https:\/\/api.w.org\/{rel}","templated":true}]}}