{"id":681,"date":"2013-01-05T15:12:30","date_gmt":"2013-01-05T13:12:30","guid":{"rendered":"http:\/\/www.pfarregersthof.at\/komm\/?page_id=681"},"modified":"2025-09-18T15:36:33","modified_gmt":"2025-09-18T13:36:33","slug":"firmung","status":"publish","type":"page","link":"https:\/\/www.pfarregersthof.at\/komm\/pfarre-von-a-z\/angebote\/firmung\/","title":{"rendered":"Firmung 2025\/26"},"content":{"rendered":"\n<p>Du wirst 2026 vierzehn (14) Jahre oder \u00e4lter? Dann \u00fcberlegst du vielleicht, ob du dich firmen lassen m\u00f6chtest. Hier findest du alle wichtigen Informationen.<\/p>\n<p><strong>&#8222;Nicht perfekt. Aber bereit.&#8220;<\/strong><\/p>\n<p><a href=\"https:\/\/www.pfarregersthof.at\/komm\/wp-content\/uploads\/2025\/08\/fFirmvorbereitung2026a.jpg\"><img loading=\"lazy\" decoding=\"async\" class=\"alignnone size-large wp-image-18859\" src=\"https:\/\/www.pfarregersthof.at\/komm\/wp-content\/uploads\/2025\/08\/fFirmvorbereitung2026a-533x800.jpg\" alt=\"\" width=\"533\" height=\"800\" srcset=\"https:\/\/www.pfarregersthof.at\/komm\/wp-content\/uploads\/2025\/08\/fFirmvorbereitung2026a-533x800.jpg 533w, https:\/\/www.pfarregersthof.at\/komm\/wp-content\/uploads\/2025\/08\/fFirmvorbereitung2026a-280x420.jpg 280w, https:\/\/www.pfarregersthof.at\/komm\/wp-content\/uploads\/2025\/08\/fFirmvorbereitung2026a-696x1044.jpg 696w, https:\/\/www.pfarregersthof.at\/komm\/wp-content\/uploads\/2025\/08\/fFirmvorbereitung2026a-100x150.jpg 100w, https:\/\/www.pfarregersthof.at\/komm\/wp-content\/uploads\/2025\/08\/fFirmvorbereitung2026a-200x300.jpg 200w, https:\/\/www.pfarregersthof.at\/komm\/wp-content\/uploads\/2025\/08\/fFirmvorbereitung2026a-768x1152.jpg 768w, https:\/\/www.pfarregersthof.at\/komm\/wp-content\/uploads\/2025\/08\/fFirmvorbereitung2026a.jpg 972w\" sizes=\"auto, (max-width: 533px) 100vw, 533px\" \/><\/a><\/p>\n<p><strong>Was dich erwartet:<\/strong><\/p>\n<p>&#8211; &#x2728; Jugendliche (15\u201318) leiten Kleingruppen \u2013 Gespr\u00e4che auf Augenh\u00f6he<\/p>\n<p>&#8211; &#x1f3b5; Gottesdienst gestaltet ihr selbst \u2013 eure Musik, eure Deko<\/p>\n<p>&#8211; &#x1f91d; Offen f\u00fcr alle \u2013 egal wo du wohnst oder zur Schule gehst. Bring Freunde mit!<\/p>\n<p><strong>Termine:<\/strong><\/p>\n<p>&#8211; Infoabend: Di., 23. September 2025 \u00b7 19:30 \u00b7 Pfarrkirche Gersthof<br>&#8211; Anmeldeschluss: Fr., 7. November 2025<br>&#8211; Firmung: Sa., 13. &amp; So., 14. Juni 2026<\/p>\n<p><strong>Anmeldung &amp; Kosten:<\/strong><\/p>\n<p>&#8211; Anmeldung im Pfarrsekretariat am Bischof Faber Platz 7 (Mo &#8211; Fr 9 &#8211; 12 Uhr, Do 17 &#8211; 19 Uhr) mit Anmeldeformular (hier die <a href=\"\/dokus\/AnmeldeformularFirmung2026.pdf\">PDF herunterladen<\/a> und ausf\u00fcllen)<br>&#8211; &#8230; oder Online &#8211; <a href=\"https:\/\/tally.so\/r\/wojkyN\">hier geht&#8217;s zum Formular<\/a>.<br>&#8211; Unterlagen zur Anmeldung: Taufschein, 120\u20ac (alles inklusive: Material, Verpflegung, 2 Wochenenden, Musik, professionelle Erinnerungsfotos)<\/p>\n<p><strong>Besonderheiten:<\/strong><\/p>\n<p>&#8211; Trading Cards &amp; Typentest: Du hast eine Karte bekommen? <a href=\"https:\/\/tally.so\/r\/wQQDyg\">https:\/\/tally.so\/r\/wQQDyg<\/a><br>&#8211; Gespr\u00e4che \u00fcber Freundschaft, Zukunft, Sinn, Zweifel &amp; Glauben<br>&#8211; Du stehst im Mittelpunkt deiner Feier<\/p>\n<p><strong>FAQ:<\/strong><\/p>\n<p>&#8211; Muss ich in Gersthof wohnen? \u2192 Nein, offen f\u00fcr alle.<br>&#8211; Wie oft sind Treffen? \u2192 Ca. 2\u00d7 pro Monat.<br>&#8211; Muss ich zu allen Terminen? \u2192 Wir setzen darauf, dass du gerne dabei bist. Bei Krankheit oder wichtigen Terminen &#8211; einfach Bescheid geben.<br>&#8211; Was ist wenn ich sch\u00fcchtern bin? \u2192 Jeder Typ ist willkommen &#8211; ob mutig oder zur\u00fcckhaltend, fragend oder begeistert. Unsere Trading Cards zeigen: Es gibt verschiedene Wege, Teil der Gemeinschaft zu sein.<br>&#8211; Was, wenn Kosten ein Problem sind? \u2192 Einfach melden \u2013 wir finden eine L\u00f6sung.<\/p>\n<p><strong>Was Jugendliche sagen:<\/strong><\/p>\n<p>&gt; \u201eDie ganzen Firmvorbereitungen waren eine unfassbar magische Erfahrung.&#8220; \u2013 14 Jahre, 2025<br>&gt; \u201eIch habe viele neue Freundschaften gefunden, und das ist echt sch\u00f6n!&#8220; \u2013 15 Jahre, 2025<br>&gt; \u201eAm Anfang war ich skeptisch, aber mit der Zeit wurde es richtig witzig.&#8220; \u2013 14 Jahre, 2025<\/p>\n<h3>Kontakt<\/h3>\n<p><strong>Arthur Kolker \u2013 Pastoralassistent &amp; Jugendseelsorger<\/strong><\/p>\n<p>&#x260e;&#xfe0f; 01 4792292<br>&#x2709;&#xfe0f; arthur.kolker@pfarregersthof.at<br>&#x1f4f8; Instagram: @arthur_kolker<\/p>\n<p><strong>Pfarrsekretariat Gersthof<\/strong><\/p>\n<p>&#x1f4cd; Bischof Faber Platz 7, 1180 Wien<br>&#x23f0; Mo\u2013Fr 9\u201312 Uhr \u00b7 Do 17\u201319 Uhr (oder nach Vereinbarung)<br>&#x260e;&#xfe0f; 01 4792292<\/p>\n<p>Ich freue mich auf ein gegenseitiges Kennenlernen und unsere gemeinsame Zeit! <br><span style=\"color: #3366ff;\"><em>Arthur<\/em><\/span><\/p>\n<p>P.S. von Arthur: Ich bin \u00fcbrigens eine Mischung aus &#8218;Der Fragende&#8216; und &#8218;Der Connector&#8216; &#8211; ich liebe es, Menschen zusammenzubringen und gemeinsam herauszufinden, was m\u00f6glich ist! &#x1f60a;<\/p>\n<p>&nbsp;<\/p>\n","protected":false},"excerpt":{"rendered":"<p>Du wirst 2026 vierzehn (14) Jahre oder \u00e4lter? Dann \u00fcberlegst du vielleicht, ob du dich firmen lassen m\u00f6chtest. Hier findest du alle wichtigen Informationen. &#8222;Nicht perfekt. Aber bereit.&#8220; Was dich erwartet: &#8211; &#x2728; Jugendliche (15\u201318) leiten Kleingruppen \u2013 Gespr\u00e4che auf Augenh\u00f6he &#8211; &#x1f3b5; Gottesdienst gestaltet ihr selbst \u2013 eure Musik, eure Deko &#8211; &#x1f91d; Offen [&hellip;]<\/p>\n","protected":false},"author":2,"featured_media":0,"parent":611,"menu_order":0,"comment_status":"open","ping_status":"open","template":"","meta":{"ngg_post_thumbnail":0,"footnotes":""},"class_list":["post-681","page","type-page","status-publish"],"publishpress_future_action":{"enabled":false,"date":"2026-05-09 14:18:36","action":"change-status","newStatus":"draft","terms":[],"taxonomy":"category","extraData":[]},"publishpress_future_workflow_manual_trigger":{"enabledWorkflows":[]},"_links":{"self":[{"href":"https:\/\/www.pfarregersthof.at\/komm\/wp-json\/wp\/v2\/pages\/681","targetHints":{"allow":["GET"]}}],"collection":[{"href":"https:\/\/www.pfarregersthof.at\/komm\/wp-json\/wp\/v2\/pages"}],"about":[{"href":"https:\/\/www.pfarregersthof.at\/komm\/wp-json\/wp\/v2\/types\/page"}],"author":[{"embeddable":true,"href":"https:\/\/www.pfarregersthof.at\/komm\/wp-json\/wp\/v2\/users\/2"}],"replies":[{"embeddable":true,"href":"https:\/\/www.pfarregersthof.at\/komm\/wp-json\/wp\/v2\/comments?post=681"}],"version-history":[{"count":53,"href":"https:\/\/www.pfarregersthof.at\/komm\/wp-json\/wp\/v2\/pages\/681\/revisions"}],"predecessor-version":[{"id":18992,"href":"https:\/\/www.pfarregersthof.at\/komm\/wp-json\/wp\/v2\/pages\/681\/revisions\/18992"}],"up":[{"embeddable":true,"href":"https:\/\/www.pfarregersthof.at\/komm\/wp-json\/wp\/v2\/pages\/611"}],"wp:attachment":[{"href":"https:\/\/www.pfarregersthof.at\/komm\/wp-json\/wp\/v2\/media?parent=681"}],"curies":[{"name":"wp","href":"https:\/\/api.w.org\/{rel}","templated":true}]}}

<p>Du wirst 2026 vierzehn (14) Jahre oder älter? Dann überlegst du vielleicht, ob du dich firmen lassen möchtest. Hier findest du alle wichtigen Informationen.</p>
<p><strong>&#8222;Nicht perfekt. Aber bereit.&#8220;</strong></p>
<p><a href="https://www.pfarregersthof.at/komm/wp-content/uploads/2025/08/fFirmvorbereitung2026a.jpg"><img loading="lazy" decoding="async" class="alignnone size-large wp-image-18859" src="https://www.pfarregersthof.at/komm/wp-content/uploads/2025/08/fFirmvorbereitung2026a-533x800.jpg" alt="" width="533" height="800" srcset="https://www.pfarregersthof.at/komm/wp-content/uploads/2025/08/fFirmvorbereitung2026a-533x800.jpg 533w, https://www.pfarregersthof.at/komm/wp-content/uploads/2025/08/fFirmvorbereitung2026a-280x420.jpg 280w, https://www.pfarregersthof.at/komm/wp-content/uploads/2025/08/fFirmvorbereitung2026a-696x1044.jpg 696w, https://www.pfarregersthof.at/komm/wp-content/uploads/2025/08/fFirmvorbereitung2026a-100x150.jpg 100w, https://www.pfarregersthof.at/komm/wp-content/uploads/2025/08/fFirmvorbereitung2026a-200x300.jpg 200w, https://www.pfarregersthof.at/komm/wp-content/uploads/2025/08/fFirmvorbereitung2026a-768x1152.jpg 768w, https://www.pfarregersthof.at/komm/wp-content/uploads/2025/08/fFirmvorbereitung2026a.jpg 972w" sizes="auto, (max-width: 533px) 100vw, 533px" /></a></p>
<p><strong>Was dich erwartet:</strong></p>
<p>&#8211; &#x2728; Jugendliche (15–18) leiten Kleingruppen – Gespräche auf Augenhöhe</p>
<p>&#8211; &#x1f3b5; Gottesdienst gestaltet ihr selbst – eure Musik, eure Deko</p>
<p>&#8211; &#x1f91d; Offen für alle – egal wo du wohnst oder zur Schule gehst. Bring Freunde mit!</p>
<p><strong>Termine:</strong></p>
<p>&#8211; Infoabend: Di., 23. September 2025 · 19:30 · Pfarrkirche Gersthof<br>&#8211; Anmeldeschluss: Fr., 7. November 2025<br>&#8211; Firmung: Sa., 13. &amp; So., 14. Juni 2026</p>
<p><strong>Anmeldung &amp; Kosten:</strong></p>
<p>&#8211; Anmeldung im Pfarrsekretariat am Bischof Faber Platz 7 (Mo &#8211; Fr 9 &#8211; 12 Uhr, Do 17 &#8211; 19 Uhr) mit Anmeldeformular (hier die <a href="/dokus/AnmeldeformularFirmung2026.pdf">PDF herunterladen</a> und ausfüllen)<br>&#8211; &#8230; oder Online &#8211; <a href="https://tally.so/r/wojkyN">hier geht&#8217;s zum Formular</a>.<br>&#8211; Unterlagen zur Anmeldung: Taufschein, 120€ (alles inklusive: Material, Verpflegung, 2 Wochenenden, Musik, professionelle Erinnerungsfotos)</p>
<p><strong>Besonderheiten:</strong></p>
<p>&#8211; Trading Cards &amp; Typentest: Du hast eine Karte bekommen? <a href="https://tally.so/r/wQQDyg">https://tally.so/r/wQQDyg</a><br>&#8211; Gespräche über Freundschaft, Zukunft, Sinn, Zweifel &amp; Glauben<br>&#8211; Du stehst im Mittelpunkt deiner Feier</p>
<p><strong>FAQ:</strong></p>
<p>&#8211; Muss ich in Gersthof wohnen? → Nein, offen für alle.<br>&#8211; Wie oft sind Treffen? → Ca. 2× pro Monat.<br>&#8211; Muss ich zu allen Terminen? → Wir setzen darauf, dass du gerne dabei bist. Bei Krankheit oder wichtigen Terminen &#8211; einfach Bescheid geben.<br>&#8211; Was ist wenn ich schüchtern bin? → Jeder Typ ist willkommen &#8211; ob mutig oder zurückhaltend, fragend oder begeistert. Unsere Trading Cards zeigen: Es gibt verschiedene Wege, Teil der Gemeinschaft zu sein.<br>&#8211; Was, wenn Kosten ein Problem sind? → Einfach melden – wir finden eine Lösung.</p>
<p><strong>Was Jugendliche sagen:</strong></p>
<p>&gt; „Die ganzen Firmvorbereitungen waren eine unfassbar magische Erfahrung.&#8220; – 14 Jahre, 2025<br>&gt; „Ich habe viele neue Freundschaften gefunden, und das ist echt schön!&#8220; – 15 Jahre, 2025<br>&gt; „Am Anfang war ich skeptisch, aber mit der Zeit wurde es richtig witzig.&#8220; – 14 Jahre, 2025</p>
<h3>Kontakt</h3>
<p><strong>Arthur Kolker – Pastoralassistent &amp; Jugendseelsorger</strong></p>
<p>&#x260e;&#xfe0f; 01 4792292<br>&#x2709;&#xfe0f; arthur.kolker@pfarregersthof.at<br>&#x1f4f8; Instagram: @arthur_kolker</p>
<p><strong>Pfarrsekretariat Gersthof</strong></p>
<p>&#x1f4cd; Bischof Faber Platz 7, 1180 Wien<br>&#x23f0; Mo–Fr 9–12 Uhr · Do 17–19 Uhr (oder nach Vereinbarung)<br>&#x260e;&#xfe0f; 01 4792292</p>
<p>Ich freue mich auf ein gegenseitiges Kennenlernen und unsere gemeinsame Zeit! <br><span style="color: #3366ff;"><em>Arthur</em></span></p>
<p>P.S. von Arthur: Ich bin übrigens eine Mischung aus &#8218;Der Fragende&#8216; und &#8218;Der Connector&#8216; &#8211; ich liebe es, Menschen zusammenzubringen und gemeinsam herauszufinden, was möglich ist! &#x1f60a;</p>
<p>&nbsp;</p>

<p>Du wirst 2026 vierzehn (14) Jahre oder älter? Dann überlegst du vielleicht, ob du dich firmen lassen möchtest. Hier findest du alle wichtigen Informationen. &#8222;Nicht perfekt. Aber bereit.&#8220; Was dich erwartet: &#8211; &#x2728; Jugendliche (15–18) leiten Kleingruppen – Gespräche auf Augenhöhe &#8211; &#x1f3b5; Gottesdienst gestaltet ihr selbst – eure Musik, eure Deko &#8211; &#x1f91d; Offen [&hellip;]</p>
