{"id":700,"date":"2012-08-25T22:23:29","date_gmt":"2012-08-25T20:23:29","guid":{"rendered":"http:\/\/www.pfarregersthof.at\/komm\/?page_id=700"},"modified":"2025-02-15T18:28:18","modified_gmt":"2025-02-15T17:28:18","slug":"kaplan-dr-heinrich-maier","status":"publish","type":"page","link":"https:\/\/www.pfarregersthof.at\/komm\/pfarre-von-a-z\/information\/kaplan-dr-heinrich-maier\/","title":{"rendered":"Kaplan Dr. Heinrich Maier"},"content":{"rendered":"<h1>Kaplan Dr. Heinrich Maier &#8211; Gedenken<\/h1>\n<p>&nbsp;<\/p>\n<p><a href=\"https:\/\/www.pfarregersthof.at\/komm\/wp-content\/uploads\/2025\/02\/hmaier-gestapo-3fach-1.jpg\"><img loading=\"lazy\" decoding=\"async\" class=\"alignnone size-full wp-image-18107\" src=\"https:\/\/www.pfarregersthof.at\/komm\/wp-content\/uploads\/2025\/02\/hmaier-gestapo-3fach-1.jpg\" alt=\"\" width=\"590\" height=\"213\" srcset=\"https:\/\/www.pfarregersthof.at\/komm\/wp-content\/uploads\/2025\/02\/hmaier-gestapo-3fach-1.jpg 590w, https:\/\/www.pfarregersthof.at\/komm\/wp-content\/uploads\/2025\/02\/hmaier-gestapo-3fach-1-150x54.jpg 150w, https:\/\/www.pfarregersthof.at\/komm\/wp-content\/uploads\/2025\/02\/hmaier-gestapo-3fach-1-300x108.jpg 300w\" sizes=\"auto, (max-width: 590px) 100vw, 590px\" \/><\/a><\/p>\n<p><a href=\"https:\/\/www.pfarregersthof.at\/komm\/wp-content\/uploads\/2025\/02\/hmaier-statue-1.jpg\"><img loading=\"lazy\" decoding=\"async\" class=\"alignleft size-full wp-image-18106\" src=\"https:\/\/www.pfarregersthof.at\/komm\/wp-content\/uploads\/2025\/02\/hmaier-statue-1.jpg\" alt=\"\" width=\"195\" height=\"279\" srcset=\"https:\/\/www.pfarregersthof.at\/komm\/wp-content\/uploads\/2025\/02\/hmaier-statue-1.jpg 195w, https:\/\/www.pfarregersthof.at\/komm\/wp-content\/uploads\/2025\/02\/hmaier-statue-1-105x150.jpg 105w\" sizes=\"auto, (max-width: 195px) 100vw, 195px\" \/><\/a>\u201eKeine Menschengruppe hat f\u00fcr unser Land mehr getan als jene M\u00e4nner und Frauen, die im Widerstand gegen den Nationalsozialismus ihr Leben gelassen haben.\u201c (Zitat von Dr. Kurt Scholz, ehem. amtsf\u00fchrender Pr\u00e4sident des Stadtschulrates f\u00fcr Wien).<\/p>\n<p>Am Neustifter Friedhof, am Ehrengrab f\u00fcr drei Mitglieder einer Widerstandsgruppe, die in den letzten Tagen des Nationalsozialistischen Terrorregimes noch hingerichtet wurden, stehen die Worte: \u201eSie starben f\u00fcr \u00d6sterreich!\u201c<br \/>\nEiner dieser drei, die f\u00fcr \u00d6sterreichs Freiheit ihr Leben lassen mussten, ist:<br \/>\nDDr. Heinrich Maier, ein Mann, der Zeugnis ablegte inmitten beklemmender Zeit und wegen seiner \u00dcberzeugung zum Tode verurteilt wurde.<\/p>\n<p>&nbsp;<\/p>\n<h3>Zur Person Dr. Heinrich Maier<\/h3>\n<p>Dr. Maier, geboren am 16. Februar 1908, entstammte einer Eisenbahnerfamilie aus Gro\u00df-Weikersdorf in Nieder\u00f6sterreich. Schon fr\u00fch erkannte er seine Berufung zum Priester und studierte im Rom Philosophie und in Wien Theologie und schloss beide Studieng\u00e4nge jeweils mit dem Doktorat ab. Dr. Maier wurde am 24. Juli 1932 in Wien von Weihbischof Dr. Franz Kamprath zum Priester geweiht.<br \/>\n<a href=\"https:\/\/www.pfarregersthof.at\/komm\/wp-content\/uploads\/2025\/02\/hmaier-portrait-1.jpg\"><img loading=\"lazy\" decoding=\"async\" class=\"alignleft size-full wp-image-18108\" src=\"https:\/\/www.pfarregersthof.at\/komm\/wp-content\/uploads\/2025\/02\/hmaier-portrait-1.jpg\" alt=\"\" width=\"195\" height=\"281\" srcset=\"https:\/\/www.pfarregersthof.at\/komm\/wp-content\/uploads\/2025\/02\/hmaier-portrait-1.jpg 195w, https:\/\/www.pfarregersthof.at\/komm\/wp-content\/uploads\/2025\/02\/hmaier-portrait-1-104x150.jpg 104w\" sizes=\"auto, (max-width: 195px) 100vw, 195px\" \/><\/a>Als Kaplan in Schwarzau\/Steinfeld, M\u00f6dling und Gersthof geh\u00f6rte sein Herz besonders der Jugend. Sein klarer und wacher Geist erkannte bald die gro\u00dfe Gefahr, die der Jugend, die \u00d6sterreich und der ganzen Welt vom Nationalsozialismus drohte. So war es f\u00fcr diesen noch jungen Priester selbstverst\u00e4ndlich, dass er sich mit aller Entschiedenheit und auch bis zum Einsatz seines eigenen Lebens, gegen dieses menschenverachtende Regime stellte und somit Widerstand zu leisten gewillt war.<br \/>\nAb 1940 kn\u00fcpfe Dr. Maier Kontakte zu einzelnen Widerstandsgruppen und war bis zu seiner Verhaftung eines der f\u00fchrenden Mitglieder der \u201eMaier \u2013 Messner \u2013Caldonazzi Gruppe\u201c. (Dr. Maier, Kaplan in der Pfarre Gersthof \u2013 Dr. Franz Josef Messner, Gen.Dir. der Semperit-Werke \u2013 Dipl.Ing. Walter Caldonazzi)<br \/>\nAm 28.M\u00e4rz 1944 wurde Dr. Maier von der Gestapo nach der Feier der Fr\u00fchmesse in der Sakristei verhaftet. Nach endlosen Verh\u00f6ren wurde Dr. Heinrich Maier am 28.Oktober 1944 zum Tode verurteilt. Nach der Verurteilung erfolgte die \u00dcberstellung in das KZ Mauthausen, wo die Henker des NS-Regimes vergeblich versuchten, durch Folterungen aus Dr. Maier Gest\u00e4ndnisse herauszupressen.<\/p>\n<p>Am 22. M\u00e4rz 1945, am letzten Hinrichtungstag vor der Befreiung Wiens, wurde Dr. Heinrich Maier im Wiener Landesgericht durch das Fallbeil gek\u00f6pft.<\/p>\n<p>Dr. Heinrich Maier starb mit den Worten:<\/p>\n<p>ES LEBE CHRISTUS DER K\u00d6NIG!<br \/>\nES LEBE \u00d6STERREICH!<\/p>\n<p>Dr. Heinrich Maier, der Mann der Zeugnis ablegte in seiner Zeit, ist f\u00fcr uns<br \/>\nHeute, Rufer und Mahner, die Zeichen der Zeit zu erkennen und ist somit<br \/>\nauch unser Begleiter ins Morgen.<\/p>\n<p>Bild-Legende:<br \/>\nBildleiste ganz oben: Fotos der Gestapo Wien nach der Verhaftung<br \/>\nStatue: &#8222;Der kopflose Rufer&#8220;, Pfarrkirche Gersthof-St.Leopold, Wien 18<br \/>\nZur Person: Portrait Dr. Maier als Kaplan in Gersthof.<\/p>\n","protected":false},"excerpt":{"rendered":"<p>Kaplan Dr. Heinrich Maier &#8211; Gedenken &nbsp; \u201eKeine Menschengruppe hat f\u00fcr unser Land mehr getan als jene M\u00e4nner und Frauen, die im Widerstand gegen den Nationalsozialismus ihr Leben gelassen haben.\u201c (Zitat von Dr. Kurt Scholz, ehem. amtsf\u00fchrender Pr\u00e4sident des Stadtschulrates f\u00fcr Wien). Am Neustifter Friedhof, am Ehrengrab f\u00fcr drei Mitglieder einer Widerstandsgruppe, die in den [&hellip;]<\/p>\n","protected":false},"author":2,"featured_media":0,"parent":619,"menu_order":0,"comment_status":"open","ping_status":"open","template":"","meta":{"ngg_post_thumbnail":0,"footnotes":""},"class_list":["post-700","page","type-page","status-publish"],"publishpress_future_action":{"enabled":false,"date":"2026-04-11 03:51:32","action":"change-status","newStatus":"draft","terms":[],"taxonomy":"category","extraData":[]},"publishpress_future_workflow_manual_trigger":{"enabledWorkflows":[]},"_links":{"self":[{"href":"https:\/\/www.pfarregersthof.at\/komm\/wp-json\/wp\/v2\/pages\/700","targetHints":{"allow":["GET"]}}],"collection":[{"href":"https:\/\/www.pfarregersthof.at\/komm\/wp-json\/wp\/v2\/pages"}],"about":[{"href":"https:\/\/www.pfarregersthof.at\/komm\/wp-json\/wp\/v2\/types\/page"}],"author":[{"embeddable":true,"href":"https:\/\/www.pfarregersthof.at\/komm\/wp-json\/wp\/v2\/users\/2"}],"replies":[{"embeddable":true,"href":"https:\/\/www.pfarregersthof.at\/komm\/wp-json\/wp\/v2\/comments?post=700"}],"version-history":[{"count":8,"href":"https:\/\/www.pfarregersthof.at\/komm\/wp-json\/wp\/v2\/pages\/700\/revisions"}],"predecessor-version":[{"id":18109,"href":"https:\/\/www.pfarregersthof.at\/komm\/wp-json\/wp\/v2\/pages\/700\/revisions\/18109"}],"up":[{"embeddable":true,"href":"https:\/\/www.pfarregersthof.at\/komm\/wp-json\/wp\/v2\/pages\/619"}],"wp:attachment":[{"href":"https:\/\/www.pfarregersthof.at\/komm\/wp-json\/wp\/v2\/media?parent=700"}],"curies":[{"name":"wp","href":"https:\/\/api.w.org\/{rel}","templated":true}]}}