{"id":7249,"date":"2020-09-19T17:48:45","date_gmt":"2020-09-19T16:48:45","guid":{"rendered":"https:\/\/www.pfarregersthof.at\/komm\/?page_id=7249"},"modified":"2020-09-19T18:00:00","modified_gmt":"2020-09-19T17:00:00","slug":"p-martin-nowotarski-cm","status":"publish","type":"page","link":"https:\/\/www.pfarregersthof.at\/komm\/pfarre-von-a-z\/personen\/p-martin-nowotarski-cm\/","title":{"rendered":"P. Martin Nowotarski CM"},"content":{"rendered":"\n<p>Liebe Gemeinde, ich m\u00f6chte mich bei Ihnen vorstellen.<\/p>\n<p><a href=\"https:\/\/www.pfarregersthof.at\/komm\/wp-content\/uploads\/2020\/09\/P.Martin_Nowotarski_1.jpg\"><img loading=\"lazy\" decoding=\"async\" class=\"alignleft size-medium wp-image-7252\" src=\"https:\/\/www.pfarregersthof.at\/komm\/wp-content\/uploads\/2020\/09\/P.Martin_Nowotarski_1-200x300.jpg\" alt=\"\" width=\"200\" height=\"300\" srcset=\"https:\/\/www.pfarregersthof.at\/komm\/wp-content\/uploads\/2020\/09\/P.Martin_Nowotarski_1-200x300.jpg 200w, https:\/\/www.pfarregersthof.at\/komm\/wp-content\/uploads\/2020\/09\/P.Martin_Nowotarski_1-100x150.jpg 100w, https:\/\/www.pfarregersthof.at\/komm\/wp-content\/uploads\/2020\/09\/P.Martin_Nowotarski_1.jpg 245w\" sizes=\"auto, (max-width: 200px) 100vw, 200px\" \/><\/a>Mein Name ist Martin Nowotarski, ich wurde 1973&nbsp; in Tarnow (Polen) geboren. Nach meiner Schulzeit (Lyzeum f\u00fcr Musik \u2013 ich habe Bratsche gespielt) und der Matura habe ich mit dem Theologiestudium in Krakau begonnen. Dort wurde ich 1999 zum Priester geweiht.<\/p>\n<p>Meine Berufserfahrung:<br>Pfarre zum Hl.Vinzenz von Paul in Bydgoszcz\/Polen \u2013 Studentenseelsorger;<br>Pfarre zum Herz-Jezu in Ilowa\/Polen \u2013 Kaplan;<br>Verein f\u00fcr N\u00e4chstenhilfe in Dlugie\/Polen \u2013 Seelsorger;<br>Pfarre zum Christk\u00f6nig in Dobiegniew\/Polen \u2013 Aushilfspriester;<br>Pfarre St. Rupert in Freilassing\/Deutschland \u2013 2010-2012 Kaplan;<br>Pfarre St. Severin in Wien \u2013 2012-2015 Kaplan.<\/p>\n<p>Seit dem 1. Dezember 2015 bin ich Pfarrvikar aller Pfarren im 18. Bezirk, Gersthof, P\u00f6tzleinsdorf, St. Severin, W\u00e4hring und Weinhaus. Jetzt werden wir uns, glaube ich, \u00f6fter treffen. Ich freue mich auf die nun vor mir liegende Zeit. Nach und nach m\u00f6chte ich auch Sie kennenlernen. Es wird eine spannende Zeit mit vielen Herausforderungen. Doch gemeinsam werden wir es schaffen.<\/p>\n<p>Eine Gruppe von uns Lazaristen der polnischen Provinz ist in Wien aktiv,&nbsp;<a href=\"https:\/\/www.pfarregersthof.at\/komm\/pfarre-von-a-z\/gruppen-initiativen\/lazaristen-im-18-bezirk\/\">hier ist mehr dar\u00fcber zu erfahren<\/a>.<\/p>\n","protected":false},"excerpt":{"rendered":"<p>Liebe Gemeinde, ich m\u00f6chte mich bei Ihnen vorstellen. Mein Name ist Martin Nowotarski, ich wurde 1973&nbsp; in Tarnow (Polen) geboren. Nach meiner Schulzeit (Lyzeum f\u00fcr Musik \u2013 ich habe Bratsche gespielt) und der Matura habe ich mit dem Theologiestudium in Krakau begonnen. Dort wurde ich 1999 zum Priester geweiht. Meine Berufserfahrung:Pfarre zum Hl.Vinzenz von Paul [&hellip;]<\/p>\n","protected":false},"author":2,"featured_media":0,"parent":7240,"menu_order":0,"comment_status":"closed","ping_status":"closed","template":"","meta":{"ngg_post_thumbnail":0,"footnotes":""},"class_list":["post-7249","page","type-page","status-publish"],"publishpress_future_action":{"enabled":false,"date":"2026-04-21 13:54:42","action":"change-status","newStatus":"draft","terms":[],"taxonomy":"category","extraData":[]},"publishpress_future_workflow_manual_trigger":{"enabledWorkflows":[]},"_links":{"self":[{"href":"https:\/\/www.pfarregersthof.at\/komm\/wp-json\/wp\/v2\/pages\/7249","targetHints":{"allow":["GET"]}}],"collection":[{"href":"https:\/\/www.pfarregersthof.at\/komm\/wp-json\/wp\/v2\/pages"}],"about":[{"href":"https:\/\/www.pfarregersthof.at\/komm\/wp-json\/wp\/v2\/types\/page"}],"author":[{"embeddable":true,"href":"https:\/\/www.pfarregersthof.at\/komm\/wp-json\/wp\/v2\/users\/2"}],"replies":[{"embeddable":true,"href":"https:\/\/www.pfarregersthof.at\/komm\/wp-json\/wp\/v2\/comments?post=7249"}],"version-history":[{"count":2,"href":"https:\/\/www.pfarregersthof.at\/komm\/wp-json\/wp\/v2\/pages\/7249\/revisions"}],"predecessor-version":[{"id":7262,"href":"https:\/\/www.pfarregersthof.at\/komm\/wp-json\/wp\/v2\/pages\/7249\/revisions\/7262"}],"up":[{"embeddable":true,"href":"https:\/\/www.pfarregersthof.at\/komm\/wp-json\/wp\/v2\/pages\/7240"}],"wp:attachment":[{"href":"https:\/\/www.pfarregersthof.at\/komm\/wp-json\/wp\/v2\/media?parent=7249"}],"curies":[{"name":"wp","href":"https:\/\/api.w.org\/{rel}","templated":true}]}}