{"id":881,"date":"2012-10-06T19:40:33","date_gmt":"2012-10-06T17:40:33","guid":{"rendered":"http:\/\/www.pfarregersthof.at\/komm\/?page_id=881"},"modified":"2022-04-06T09:53:17","modified_gmt":"2022-04-06T08:53:17","slug":"weblinks-rund-um-die-pfarre-gersthof","status":"publish","type":"page","link":"https:\/\/www.pfarregersthof.at\/komm\/kontakt-aufnehmen\/weblinks-rund-um-die-pfarre-gersthof\/","title":{"rendered":"Weblinks rund um die Pfarre Gersthof"},"content":{"rendered":"<h2>In und rund um Gersthof<\/h2>\n<ul>\n<li>Wien 18: <a href=\"https:\/\/www.erzdioezese-wien.at\/pages\/pfarren\/9161\" target=\"_blank\" rel=\"noopener\">Pfarre W\u00e4hring, Teilgemeinde P\u00f6tzleinsdorf<\/a><\/li>\n<li>Wien 18: <a href=\"http:\/\/www.sankt-gertrud.at\" target=\"_blank\" rel=\"noopener\">Pfarre W\u00e4hring, Teilgemeinde St. Gertrud<\/a><\/li>\n<li>Wien 18: <a href=\"http:\/\/www.erzdioezese-wien.at\/pages\/pfarren\/9162\" target=\"_blank\" rel=\"noopener\">Pfarre W\u00e4hring, Teilgemeinde St. Severin<\/a><\/li>\n<li>Wien 18:<a href=\"http:\/\/www.pfarre-weinhaus.at\/\" target=\"_blank\" rel=\"noopener\"> Pfarre W\u00e4hring, Teilgemeinde Weinhaus<\/a><\/li>\n<li>Wien 18: <a href=\"https:\/\/kirche18.at\/\" target=\"_blank\" rel=\"noopener\">Alle katholischen Gemeinden<\/a><\/li>\n<li><a href=\"http:\/\/www.wien.gv.at\/bezirke\/waehring\/\" target=\"_blank\" rel=\"noopener\">Bezirk W\u00e4hring<\/a><\/li>\n<\/ul>\n<h2>Wien und weltweit<\/h2>\n<ul>\n<li><a href=\"http:\/\/www.erzdioezese-wien.at\" target=\"_blank\" rel=\"noopener\">Erzdi\u00f6zese Wien<\/a><\/li>\n<li><a href=\"http:\/\/www.wien.gv.at\" target=\"_blank\" rel=\"noopener\">Stadt Wien<\/a><\/li>\n<li><a href=\"www.katholisch.at\" target=\"_blank\" rel=\"noopener\">Katholische Kirche in \u00d6sterreich<\/a><\/li>\n<li><a href=\"http:\/\/www.kathpress.at\" target=\"_blank\" rel=\"noopener\">KATHPRESS (Kath. Nachrichtenagentur)<\/a><\/li>\n<li><a href=\"http:\/\/www.vatican.va\" target=\"_blank\" rel=\"noopener\">Vatikan<\/a><\/li>\n<\/ul>\n<p>&nbsp;<\/p>\n","protected":false},"excerpt":{"rendered":"<p>In und rund um Gersthof Wien 18: Pfarre W\u00e4hring, Teilgemeinde P\u00f6tzleinsdorf Wien 18: Pfarre W\u00e4hring, Teilgemeinde St. Gertrud Wien 18: Pfarre W\u00e4hring, Teilgemeinde St. Severin Wien 18: Pfarre W\u00e4hring, Teilgemeinde Weinhaus Wien 18: Alle katholischen Gemeinden Bezirk W\u00e4hring Wien und weltweit Erzdi\u00f6zese Wien Stadt Wien Katholische Kirche in \u00d6sterreich KATHPRESS (Kath. Nachrichtenagentur) Vatikan &nbsp;<\/p>\n","protected":false},"author":2,"featured_media":0,"parent":512,"menu_order":0,"comment_status":"open","ping_status":"open","template":"","meta":{"ngg_post_thumbnail":0,"footnotes":""},"class_list":["post-881","page","type-page","status-publish"],"publishpress_future_action":{"enabled":false,"date":"2026-04-23 19:43:58","action":"change-status","newStatus":"draft","terms":[],"taxonomy":"category","extraData":[]},"publishpress_future_workflow_manual_trigger":{"enabledWorkflows":[]},"_links":{"self":[{"href":"https:\/\/www.pfarregersthof.at\/komm\/wp-json\/wp\/v2\/pages\/881","targetHints":{"allow":["GET"]}}],"collection":[{"href":"https:\/\/www.pfarregersthof.at\/komm\/wp-json\/wp\/v2\/pages"}],"about":[{"href":"https:\/\/www.pfarregersthof.at\/komm\/wp-json\/wp\/v2\/types\/page"}],"author":[{"embeddable":true,"href":"https:\/\/www.pfarregersthof.at\/komm\/wp-json\/wp\/v2\/users\/2"}],"replies":[{"embeddable":true,"href":"https:\/\/www.pfarregersthof.at\/komm\/wp-json\/wp\/v2\/comments?post=881"}],"version-history":[{"count":5,"href":"https:\/\/www.pfarregersthof.at\/komm\/wp-json\/wp\/v2\/pages\/881\/revisions"}],"predecessor-version":[{"id":11306,"href":"https:\/\/www.pfarregersthof.at\/komm\/wp-json\/wp\/v2\/pages\/881\/revisions\/11306"}],"up":[{"embeddable":true,"href":"https:\/\/www.pfarregersthof.at\/komm\/wp-json\/wp\/v2\/pages\/512"}],"wp:attachment":[{"href":"https:\/\/www.pfarregersthof.at\/komm\/wp-json\/wp\/v2\/media?parent=881"}],"curies":[{"name":"wp","href":"https:\/\/api.w.org\/{rel}","templated":true}]}}